{"id":852,"date":"2014-10-14T12:02:48","date_gmt":"2014-10-14T12:02:48","guid":{"rendered":"http:\/\/aesia.pt\/portal\/?page_id=852"},"modified":"2025-10-30T11:42:48","modified_gmt":"2025-10-30T11:42:48","slug":"regulamento-interno-2","status":"publish","type":"page","link":"https:\/\/aesia.pt\/portal\/regulamento-interno-2\/","title":{"rendered":"Regulamentos"},"content":{"rendered":"\n<figure class=\"wp-block-image size-full\"><a href=\"https:\/\/aesia.pt\/portal\/wp-content\/uploads\/2024\/01\/Regulamentos_1-1.jpg\"><img loading=\"lazy\" decoding=\"async\" width=\"539\" height=\"231\" src=\"https:\/\/aesia.pt\/portal\/wp-content\/uploads\/2024\/01\/Regulamentos_1-1.jpg\" alt=\"\" class=\"wp-image-10268\" srcset=\"https:\/\/aesia.pt\/portal\/wp-content\/uploads\/2024\/01\/Regulamentos_1-1.jpg 539w, https:\/\/aesia.pt\/portal\/wp-content\/uploads\/2024\/01\/Regulamentos_1-1-300x129.jpg 300w\" sizes=\"auto, (max-width: 539px) 100vw, 539px\" \/><\/a><\/figure>\n\n\n<p>I &#8211;\u00a0<a href=\"https:\/\/drive.google.com\/file\/d\/1C6b0shvbCgYDBRGFGJMWOMTGHow7T5nW\/view?usp=sharing\">Regulamento Interno<\/a> (aprovado em CG de 19.12.2023)<\/p>\n<p>II &#8211; <a href=\"https:\/\/drive.google.com\/file\/d\/1oBgCfNoV0yWKZoLRDXiCQFXzhesFCXtm\/view?usp=sharing\">Regulamento Eleitoral do Conselho Geral<\/a><\/p>\n<p>III &#8211; <a href=\"https:\/\/aesia.pt\/portal\/quadros-de-merito\/\" target=\"_blank\" rel=\"noopener noreferrer\">Regulamento de Quadros<\/a><\/p>\n<p>IV &#8211; <a href=\"https:\/\/drive.google.com\/file\/d\/1wEZYReEzU4JPPFFIuwfLD9l6PPImmnkX\/view?usp=sharing\">Regulamento do Pavilh\u00e3o Desportivo<\/a><\/p>\n<p>V &#8211;\u00a0 <a href=\"https:\/\/drive.google.com\/file\/d\/1zGh_GuTUVyBx-5dzga97UrQfIFhBFVmv\/view?usp=sharing\">Regulamento de Acesso a documentos Administrativos<\/a><\/p>\n<p>VI &#8211;<a href=\"https:\/\/drive.google.com\/file\/d\/1BpXUSJ2WSHR0ItfOm0Y3L4SRItF99ROg\/view?usp=drive_link\">Regulamento das AEC<\/a><\/p>\n<p>VII &#8211; <a href=\"https:\/\/drive.google.com\/file\/d\/13_AQZ8BJabRvzJPP1x99Ok0sxv0Lk-9M\/view?usp=sharing\">Regulamento das Visitas de Estudo<\/a><\/p>\n<p>VIII &#8211; <a href=\"https:\/\/drive.google.com\/file\/d\/17Vgg0yqD9YphpAJOIOSaf3zNG8Bee_Y2\/view?usp=sharing\">Regulamento do uso de Smartphones e de outros Dispositivos de Comunica\u00e7\u00e3o e de Capta\u00e7\u00e3o de som e Imagem<\/a><\/p>\n\n\n<p><\/p>\n\n\n\n<p><\/p>\n","protected":false},"excerpt":{"rendered":"<p>I &#8211;\u00a0Regulamento Interno (aprovado em CG de 19.12.2023) II &#8211; Regulamento Eleitoral do Conselho Geral III &#8211; Regulamento de Quadros&hellip; <a class=\"continue\" href=\"https:\/\/aesia.pt\/portal\/regulamento-interno-2\/\">Ler mais<span> Regulamentos<\/span><\/a><\/p>\n","protected":false},"author":8,"featured_media":0,"parent":0,"menu_order":0,"comment_status":"open","ping_status":"open","template":"p_base.php","meta":{"_acf_changed":false,"footnotes":""},"class_list":["post-852","page","type-page","status-publish","hentry"],"acf":[],"yoast_head":"<!-- This site is optimized with the Yoast SEO plugin v27.3 - https:\/\/yoast.com\/product\/yoast-seo-wordpress\/ -->\n<title>Regulamentos &#8211; AESIA<\/title>\n<meta name=\"robots\" content=\"index, follow, max-snippet:-1, max-image-preview:large, max-video-preview:-1\" \/>\n<link rel=\"canonical\" href=\"https:\/\/aesia.pt\/portal\/regulamento-interno-2\/\" \/>\n<meta property=\"og:locale\" content=\"pt_PT\" \/>\n<meta property=\"og:type\" content=\"article\" \/>\n<meta property=\"og:title\" content=\"Regulamentos &#8211; AESIA\" \/>\n<meta property=\"og:description\" content=\"I &#8211;\u00a0Regulamento Interno (aprovado em CG de 19.12.2023) II &#8211; Regulamento Eleitoral do Conselho Geral III &#8211; Regulamento de Quadros&hellip; Ler mais Regulamentos\" \/>\n<meta property=\"og:url\" content=\"https:\/\/aesia.pt\/portal\/regulamento-interno-2\/\" \/>\n<meta property=\"og:site_name\" content=\"AESIA\" \/>\n<meta property=\"article:publisher\" content=\"https:\/\/www.facebook.com\/aesia.pt\/\" \/>\n<meta property=\"article:modified_time\" content=\"2025-10-30T11:42:48+00:00\" \/>\n<meta property=\"og:image\" content=\"https:\/\/aesia.pt\/portal\/wp-content\/uploads\/2024\/01\/Regulamentos_1-1.jpg\" \/>\n\t<meta property=\"og:image:width\" content=\"539\" \/>\n\t<meta property=\"og:image:height\" content=\"231\" \/>\n\t<meta property=\"og:image:type\" content=\"image\/jpeg\" \/>\n<meta name=\"twitter:card\" content=\"summary_large_image\" \/>\n<meta name=\"twitter:label1\" content=\"Tempo estimado de leitura\" \/>\n\t<meta name=\"twitter:data1\" content=\"1 minuto\" \/>\n<script type=\"application\/ld+json\" class=\"yoast-schema-graph\">{\"@context\":\"https:\\\/\\\/schema.org\",\"@graph\":[{\"@type\":\"WebPage\",\"@id\":\"https:\\\/\\\/aesia.pt\\\/portal\\\/regulamento-interno-2\\\/\",\"url\":\"https:\\\/\\\/aesia.pt\\\/portal\\\/regulamento-interno-2\\\/\",\"name\":\"Regulamentos &#8211; AESIA\",\"isPartOf\":{\"@id\":\"https:\\\/\\\/aesia.pt\\\/portal\\\/#website\"},\"primaryImageOfPage\":{\"@id\":\"https:\\\/\\\/aesia.pt\\\/portal\\\/regulamento-interno-2\\\/#primaryimage\"},\"image\":{\"@id\":\"https:\\\/\\\/aesia.pt\\\/portal\\\/regulamento-interno-2\\\/#primaryimage\"},\"thumbnailUrl\":\"https:\\\/\\\/aesia.pt\\\/portal\\\/wp-content\\\/uploads\\\/2024\\\/01\\\/Regulamentos_1-1.jpg\",\"datePublished\":\"2014-10-14T12:02:48+00:00\",\"dateModified\":\"2025-10-30T11:42:48+00:00\",\"breadcrumb\":{\"@id\":\"https:\\\/\\\/aesia.pt\\\/portal\\\/regulamento-interno-2\\\/#breadcrumb\"},\"inLanguage\":\"pt-PT\",\"potentialAction\":[{\"@type\":\"ReadAction\",\"target\":[\"https:\\\/\\\/aesia.pt\\\/portal\\\/regulamento-interno-2\\\/\"]}]},{\"@type\":\"ImageObject\",\"inLanguage\":\"pt-PT\",\"@id\":\"https:\\\/\\\/aesia.pt\\\/portal\\\/regulamento-interno-2\\\/#primaryimage\",\"url\":\"https:\\\/\\\/aesia.pt\\\/portal\\\/wp-content\\\/uploads\\\/2024\\\/01\\\/Regulamentos_1-1.jpg\",\"contentUrl\":\"https:\\\/\\\/aesia.pt\\\/portal\\\/wp-content\\\/uploads\\\/2024\\\/01\\\/Regulamentos_1-1.jpg\",\"width\":539,\"height\":231},{\"@type\":\"BreadcrumbList\",\"@id\":\"https:\\\/\\\/aesia.pt\\\/portal\\\/regulamento-interno-2\\\/#breadcrumb\",\"itemListElement\":[{\"@type\":\"ListItem\",\"position\":1,\"name\":\"Home\",\"item\":\"https:\\\/\\\/aesia.pt\\\/portal\\\/\"},{\"@type\":\"ListItem\",\"position\":2,\"name\":\"Regulamentos\"}]},{\"@type\":\"WebSite\",\"@id\":\"https:\\\/\\\/aesia.pt\\\/portal\\\/#website\",\"url\":\"https:\\\/\\\/aesia.pt\\\/portal\\\/\",\"name\":\"AESIA\",\"description\":\"Agrupamento de Escolas de Santa Iria de Az\u00f3ia\",\"publisher\":{\"@id\":\"https:\\\/\\\/aesia.pt\\\/portal\\\/#organization\"},\"alternateName\":\"Agrupamento de Escolas de Santa Iria de Az\u00f3ia\",\"potentialAction\":[{\"@type\":\"SearchAction\",\"target\":{\"@type\":\"EntryPoint\",\"urlTemplate\":\"https:\\\/\\\/aesia.pt\\\/portal\\\/?s={search_term_string}\"},\"query-input\":{\"@type\":\"PropertyValueSpecification\",\"valueRequired\":true,\"valueName\":\"search_term_string\"}}],\"inLanguage\":\"pt-PT\"},{\"@type\":\"Organization\",\"@id\":\"https:\\\/\\\/aesia.pt\\\/portal\\\/#organization\",\"name\":\"Agrupamento de Escolas de Santa Iria de Az\u00f3ia\",\"alternateName\":\"AESIA\",\"url\":\"https:\\\/\\\/aesia.pt\\\/portal\\\/\",\"logo\":{\"@type\":\"ImageObject\",\"inLanguage\":\"pt-PT\",\"@id\":\"https:\\\/\\\/aesia.pt\\\/portal\\\/#\\\/schema\\\/logo\\\/image\\\/\",\"url\":\"https:\\\/\\\/aesia.pt\\\/portal\\\/wp-content\\\/uploads\\\/2023\\\/04\\\/logo4.png\",\"contentUrl\":\"https:\\\/\\\/aesia.pt\\\/portal\\\/wp-content\\\/uploads\\\/2023\\\/04\\\/logo4.png\",\"width\":162,\"height\":162,\"caption\":\"Agrupamento de Escolas de Santa Iria de Az\u00f3ia\"},\"image\":{\"@id\":\"https:\\\/\\\/aesia.pt\\\/portal\\\/#\\\/schema\\\/logo\\\/image\\\/\"},\"sameAs\":[\"https:\\\/\\\/www.facebook.com\\\/aesia.pt\\\/\"]}]}<\/script>\n<!-- \/ Yoast SEO plugin. -->","yoast_head_json":{"title":"Regulamentos &#8211; AESIA","robots":{"index":"index","follow":"follow","max-snippet":"max-snippet:-1","max-image-preview":"max-image-preview:large","max-video-preview":"max-video-preview:-1"},"canonical":"https:\/\/aesia.pt\/portal\/regulamento-interno-2\/","og_locale":"pt_PT","og_type":"article","og_title":"Regulamentos &#8211; AESIA","og_description":"I &#8211;\u00a0Regulamento Interno (aprovado em CG de 19.12.2023) II &#8211; Regulamento Eleitoral do Conselho Geral III &#8211; Regulamento de Quadros&hellip; Ler mais Regulamentos","og_url":"https:\/\/aesia.pt\/portal\/regulamento-interno-2\/","og_site_name":"AESIA","article_publisher":"https:\/\/www.facebook.com\/aesia.pt\/","article_modified_time":"2025-10-30T11:42:48+00:00","og_image":[{"width":539,"height":231,"url":"https:\/\/aesia.pt\/portal\/wp-content\/uploads\/2024\/01\/Regulamentos_1-1.jpg","type":"image\/jpeg"}],"twitter_card":"summary_large_image","twitter_misc":{"Tempo estimado de leitura":"1 minuto"},"schema":{"@context":"https:\/\/schema.org","@graph":[{"@type":"WebPage","@id":"https:\/\/aesia.pt\/portal\/regulamento-interno-2\/","url":"https:\/\/aesia.pt\/portal\/regulamento-interno-2\/","name":"Regulamentos &#8211; AESIA","isPartOf":{"@id":"https:\/\/aesia.pt\/portal\/#website"},"primaryImageOfPage":{"@id":"https:\/\/aesia.pt\/portal\/regulamento-interno-2\/#primaryimage"},"image":{"@id":"https:\/\/aesia.pt\/portal\/regulamento-interno-2\/#primaryimage"},"thumbnailUrl":"https:\/\/aesia.pt\/portal\/wp-content\/uploads\/2024\/01\/Regulamentos_1-1.jpg","datePublished":"2014-10-14T12:02:48+00:00","dateModified":"2025-10-30T11:42:48+00:00","breadcrumb":{"@id":"https:\/\/aesia.pt\/portal\/regulamento-interno-2\/#breadcrumb"},"inLanguage":"pt-PT","potentialAction":[{"@type":"ReadAction","target":["https:\/\/aesia.pt\/portal\/regulamento-interno-2\/"]}]},{"@type":"ImageObject","inLanguage":"pt-PT","@id":"https:\/\/aesia.pt\/portal\/regulamento-interno-2\/#primaryimage","url":"https:\/\/aesia.pt\/portal\/wp-content\/uploads\/2024\/01\/Regulamentos_1-1.jpg","contentUrl":"https:\/\/aesia.pt\/portal\/wp-content\/uploads\/2024\/01\/Regulamentos_1-1.jpg","width":539,"height":231},{"@type":"BreadcrumbList","@id":"https:\/\/aesia.pt\/portal\/regulamento-interno-2\/#breadcrumb","itemListElement":[{"@type":"ListItem","position":1,"name":"Home","item":"https:\/\/aesia.pt\/portal\/"},{"@type":"ListItem","position":2,"name":"Regulamentos"}]},{"@type":"WebSite","@id":"https:\/\/aesia.pt\/portal\/#website","url":"https:\/\/aesia.pt\/portal\/","name":"AESIA","description":"Agrupamento de Escolas de Santa Iria de Az\u00f3ia","publisher":{"@id":"https:\/\/aesia.pt\/portal\/#organization"},"alternateName":"Agrupamento de Escolas de Santa Iria de Az\u00f3ia","potentialAction":[{"@type":"SearchAction","target":{"@type":"EntryPoint","urlTemplate":"https:\/\/aesia.pt\/portal\/?s={search_term_string}"},"query-input":{"@type":"PropertyValueSpecification","valueRequired":true,"valueName":"search_term_string"}}],"inLanguage":"pt-PT"},{"@type":"Organization","@id":"https:\/\/aesia.pt\/portal\/#organization","name":"Agrupamento de Escolas de Santa Iria de Az\u00f3ia","alternateName":"AESIA","url":"https:\/\/aesia.pt\/portal\/","logo":{"@type":"ImageObject","inLanguage":"pt-PT","@id":"https:\/\/aesia.pt\/portal\/#\/schema\/logo\/image\/","url":"https:\/\/aesia.pt\/portal\/wp-content\/uploads\/2023\/04\/logo4.png","contentUrl":"https:\/\/aesia.pt\/portal\/wp-content\/uploads\/2023\/04\/logo4.png","width":162,"height":162,"caption":"Agrupamento de Escolas de Santa Iria de Az\u00f3ia"},"image":{"@id":"https:\/\/aesia.pt\/portal\/#\/schema\/logo\/image\/"},"sameAs":["https:\/\/www.facebook.com\/aesia.pt\/"]}]}},"_links":{"self":[{"href":"https:\/\/aesia.pt\/portal\/wp-json\/wp\/v2\/pages\/852","targetHints":{"allow":["GET"]}}],"collection":[{"href":"https:\/\/aesia.pt\/portal\/wp-json\/wp\/v2\/pages"}],"about":[{"href":"https:\/\/aesia.pt\/portal\/wp-json\/wp\/v2\/types\/page"}],"author":[{"embeddable":true,"href":"https:\/\/aesia.pt\/portal\/wp-json\/wp\/v2\/users\/8"}],"replies":[{"embeddable":true,"href":"https:\/\/aesia.pt\/portal\/wp-json\/wp\/v2\/comments?post=852"}],"version-history":[{"count":61,"href":"https:\/\/aesia.pt\/portal\/wp-json\/wp\/v2\/pages\/852\/revisions"}],"predecessor-version":[{"id":16269,"href":"https:\/\/aesia.pt\/portal\/wp-json\/wp\/v2\/pages\/852\/revisions\/16269"}],"wp:attachment":[{"href":"https:\/\/aesia.pt\/portal\/wp-json\/wp\/v2\/media?parent=852"}],"curies":[{"name":"wp","href":"https:\/\/api.w.org\/{rel}","templated":true}]}}