{"id":63,"date":"2014-03-06T15:40:10","date_gmt":"2014-03-06T15:40:10","guid":{"rendered":"http:\/\/aesia.pt\/site\/?page_id=63"},"modified":"2024-12-16T14:28:21","modified_gmt":"2024-12-16T14:28:21","slug":"e-b-1ji-via-rara","status":"publish","type":"page","link":"https:\/\/aesia.pt\/portal\/a-aesia-agrupamento-de-escolas-de-santa-iria-de-azoia\/e-b-1ji-via-rara\/","title":{"rendered":"E.B. de Via Rara"},"content":{"rendered":"<p>A Escola B\u00e1sica da Via Rara est\u00e1 inserida no Parque Urbano de Via Rara, e integra um jardim envolvente, em que se plantam \u201cnovas flores\u201d, que \u201cganham\u201d ra\u00edzes com o p\u00e9 na terra, regadas pelo conhecimento de gera\u00e7\u00f5es e pela heran\u00e7a de princ\u00edpios educativos, que respeitam os ciclos do verbo Ser e Estar na sua dimens\u00e3o educacional!<\/p>\n<p>Fica situada bem perto do complexo desportivo que inclui as piscinas, campos de t\u00e9nis e campo de jogos desportivos, integrados no Parque Urbano de Via Rara. \u00c9 neste excelente enquadramento paisag\u00edstico que surge do lado do sol nascente a Escola B\u00e1sica da Via Rara. Este centro educativo apresenta uma tra\u00e7a arquitet\u00f3nica moderna, perfeitamente integrada na paisagem urbana circundante, com todos os requisitos necess\u00e1rios para a obten\u00e7\u00e3o do sucesso educativo esperado, facilitando a inclus\u00e3o da \u201cdiferen\u00e7a\u201d e aceita\u00e7\u00e3o do \u201coutro\u201d, uma vez que apresenta rampas de acesso, elevador, espa\u00e7os amplos e uma adequada luminosidade natural, com vista para espa\u00e7os verdes, quer fora, quer dentro do recinto escolar. Este edif\u00edcio, de car\u00e1ter educativo, apresenta-se em dois pisos. No primeiro andar oito airosas salas de aulas para o 1\u00ba CEB equipadas com moderna tecnologia educativa, servidas por quatro pequenas salas interm\u00e9dias que permitem funcionalidades de \u00e2mbito pedag\u00f3gico e um centro de recursos\/biblioteca. No piso inferior, servido por um \u00e1trio que convida \u00e0 entrada, s\u00e3o apresentadas tr\u00eas salas para a Educa\u00e7\u00e3o Pr\u00e9-Escolar, uma Sala Snoezelen e um amplo e bem apetrechado espa\u00e7o onde funciona a Sala de Apoio Especializado \u00e0 Aprendizagem e \u00e0 Inclus\u00e3o. Ainda neste piso existe um excelente gin\u00e1sio, moderno e bem equipado, e um agrad\u00e1vel refeit\u00f3rio servido por uma cozinha bem apetrechada e com condi\u00e7\u00f5es adequadas ao servi\u00e7o di\u00e1rio de refei\u00e7\u00f5es.<\/p>\n<p>O logradouro revela-nos o cuidado que \u00e9 poss\u00edvel existir no aproveitamento das caracter\u00edsticas paisag\u00edsticas para proporcionar aos elementos da comunidade educativa excelentes condi\u00e7\u00f5es de conv\u00edvio ou pr\u00e1ticas de jogos e atividades de car\u00e1cter l\u00fadico-pedag\u00f3gicas.<\/p>\n<p>As crian\u00e7as e os alunos s\u00e3o, maioritariamente, oriundos das localidades de Santa Iria de Azoia, Via Rara e tamb\u00e9m do concelho de Vila Franca de Xira, quer para a Educa\u00e7\u00e3o Pr\u00e9-escolar, quer para o 1\u00ba Ciclo do Ensino B\u00e1sico.<\/p>\n<p>O corpo docente \u00e9 constitu\u00eddo por oito Professores Titulares de Turma, tr\u00eas Educadoras Titulares de Grupo e nove Assistentes Operacionais.<\/p>\n<p>Numa escola que se pretende din\u00e2mica e que proporcione as melhores condi\u00e7\u00f5es para a pr\u00e1tica pedag\u00f3gica, \u00e9 de salientar as parcerias e sinergias existentes entre Pessoal Docente, Pessoal N\u00e3o Docente, Associa\u00e7\u00e3o de Pais e restante comunidade educativa, atrav\u00e9s de um di\u00e1logo e colabora\u00e7\u00e3o constante, atrav\u00e9s de um leque variado de atividades proporcionadas aos discentes, docentes e Encarregados de Educa\u00e7\u00e3o. De referir, que estas atividades s\u00e3o de car\u00e1ter f\u00edsico, l\u00fadico e cultural, centradas na forma\u00e7\u00e3o human\u00edstica que ser pretende para o desenvolvimento pleno de qualquer cidad\u00e3o integrado numa sociedade moderna e em permanente mudan\u00e7a.<\/p>\n<p>Pretendemos ser uma Escola que cultiva saberes e conhecimentos, ensinando a Saber Estar e Ser\u2026 para que o perfume das nossas \u201cFlores\u201d possa chegar mais longe e a todos os jardins da sociedade!!!<\/p>\n<p>Venham conhecer-nos!<\/p>\n","protected":false},"excerpt":{"rendered":"<p>A Escola B\u00e1sica da Via Rara est\u00e1 inserida no Parque Urbano de Via Rara, e integra um jardim envolvente, em&hellip; <a class=\"continue\" href=\"https:\/\/aesia.pt\/portal\/a-aesia-agrupamento-de-escolas-de-santa-iria-de-azoia\/e-b-1ji-via-rara\/\">Ler mais<span> E.B. de Via Rara<\/span><\/a><\/p>\n","protected":false},"author":8,"featured_media":0,"parent":4,"menu_order":0,"comment_status":"open","ping_status":"open","template":"p_base_viarara.php","meta":{"_acf_changed":false,"footnotes":""},"class_list":["post-63","page","type-page","status-publish","hentry"],"acf":[],"yoast_head":"<!-- This site is optimized with the Yoast SEO plugin v27.3 - https:\/\/yoast.com\/product\/yoast-seo-wordpress\/ -->\n<title>E.B. de Via Rara &#8211; AESIA<\/title>\n<meta name=\"robots\" content=\"index, follow, max-snippet:-1, max-image-preview:large, max-video-preview:-1\" \/>\n<link rel=\"canonical\" href=\"https:\/\/aesia.pt\/portal\/a-aesia-agrupamento-de-escolas-de-santa-iria-de-azoia\/e-b-1ji-via-rara\/\" \/>\n<meta property=\"og:locale\" content=\"pt_PT\" \/>\n<meta property=\"og:type\" content=\"article\" \/>\n<meta property=\"og:title\" content=\"E.B. de Via Rara &#8211; AESIA\" \/>\n<meta property=\"og:description\" content=\"A Escola B\u00e1sica da Via Rara est\u00e1 inserida no Parque Urbano de Via Rara, e integra um jardim envolvente, em&hellip; Ler mais E.B. de Via Rara\" \/>\n<meta property=\"og:url\" content=\"https:\/\/aesia.pt\/portal\/a-aesia-agrupamento-de-escolas-de-santa-iria-de-azoia\/e-b-1ji-via-rara\/\" \/>\n<meta property=\"og:site_name\" content=\"AESIA\" \/>\n<meta property=\"article:publisher\" content=\"https:\/\/www.facebook.com\/aesia.pt\/\" \/>\n<meta property=\"article:modified_time\" content=\"2024-12-16T14:28:21+00:00\" \/>\n<meta name=\"twitter:card\" content=\"summary_large_image\" \/>\n<meta name=\"twitter:label1\" content=\"Tempo estimado de leitura\" \/>\n\t<meta name=\"twitter:data1\" content=\"4 minutos\" \/>\n<script type=\"application\/ld+json\" class=\"yoast-schema-graph\">{\"@context\":\"https:\\\/\\\/schema.org\",\"@graph\":[{\"@type\":\"WebPage\",\"@id\":\"https:\\\/\\\/aesia.pt\\\/portal\\\/a-aesia-agrupamento-de-escolas-de-santa-iria-de-azoia\\\/e-b-1ji-via-rara\\\/\",\"url\":\"https:\\\/\\\/aesia.pt\\\/portal\\\/a-aesia-agrupamento-de-escolas-de-santa-iria-de-azoia\\\/e-b-1ji-via-rara\\\/\",\"name\":\"E.B. de Via Rara &#8211; AESIA\",\"isPartOf\":{\"@id\":\"https:\\\/\\\/aesia.pt\\\/portal\\\/#website\"},\"datePublished\":\"2014-03-06T15:40:10+00:00\",\"dateModified\":\"2024-12-16T14:28:21+00:00\",\"breadcrumb\":{\"@id\":\"https:\\\/\\\/aesia.pt\\\/portal\\\/a-aesia-agrupamento-de-escolas-de-santa-iria-de-azoia\\\/e-b-1ji-via-rara\\\/#breadcrumb\"},\"inLanguage\":\"pt-PT\",\"potentialAction\":[{\"@type\":\"ReadAction\",\"target\":[\"https:\\\/\\\/aesia.pt\\\/portal\\\/a-aesia-agrupamento-de-escolas-de-santa-iria-de-azoia\\\/e-b-1ji-via-rara\\\/\"]}]},{\"@type\":\"BreadcrumbList\",\"@id\":\"https:\\\/\\\/aesia.pt\\\/portal\\\/a-aesia-agrupamento-de-escolas-de-santa-iria-de-azoia\\\/e-b-1ji-via-rara\\\/#breadcrumb\",\"itemListElement\":[{\"@type\":\"ListItem\",\"position\":1,\"name\":\"Home\",\"item\":\"https:\\\/\\\/aesia.pt\\\/portal\\\/\"},{\"@type\":\"ListItem\",\"position\":2,\"name\":\"AESIA &#8211; Agrupamento de Escolas de Santa Iria de Azoia\",\"item\":\"https:\\\/\\\/aesia.pt\\\/portal\\\/a-aesia-agrupamento-de-escolas-de-santa-iria-de-azoia\\\/\"},{\"@type\":\"ListItem\",\"position\":3,\"name\":\"E.B. de Via Rara\"}]},{\"@type\":\"WebSite\",\"@id\":\"https:\\\/\\\/aesia.pt\\\/portal\\\/#website\",\"url\":\"https:\\\/\\\/aesia.pt\\\/portal\\\/\",\"name\":\"AESIA\",\"description\":\"Agrupamento de Escolas de Santa Iria de Az\u00f3ia\",\"publisher\":{\"@id\":\"https:\\\/\\\/aesia.pt\\\/portal\\\/#organization\"},\"alternateName\":\"Agrupamento de Escolas de Santa Iria de Az\u00f3ia\",\"potentialAction\":[{\"@type\":\"SearchAction\",\"target\":{\"@type\":\"EntryPoint\",\"urlTemplate\":\"https:\\\/\\\/aesia.pt\\\/portal\\\/?s={search_term_string}\"},\"query-input\":{\"@type\":\"PropertyValueSpecification\",\"valueRequired\":true,\"valueName\":\"search_term_string\"}}],\"inLanguage\":\"pt-PT\"},{\"@type\":\"Organization\",\"@id\":\"https:\\\/\\\/aesia.pt\\\/portal\\\/#organization\",\"name\":\"Agrupamento de Escolas de Santa Iria de Az\u00f3ia\",\"alternateName\":\"AESIA\",\"url\":\"https:\\\/\\\/aesia.pt\\\/portal\\\/\",\"logo\":{\"@type\":\"ImageObject\",\"inLanguage\":\"pt-PT\",\"@id\":\"https:\\\/\\\/aesia.pt\\\/portal\\\/#\\\/schema\\\/logo\\\/image\\\/\",\"url\":\"https:\\\/\\\/aesia.pt\\\/portal\\\/wp-content\\\/uploads\\\/2023\\\/04\\\/logo4.png\",\"contentUrl\":\"https:\\\/\\\/aesia.pt\\\/portal\\\/wp-content\\\/uploads\\\/2023\\\/04\\\/logo4.png\",\"width\":162,\"height\":162,\"caption\":\"Agrupamento de Escolas de Santa Iria de Az\u00f3ia\"},\"image\":{\"@id\":\"https:\\\/\\\/aesia.pt\\\/portal\\\/#\\\/schema\\\/logo\\\/image\\\/\"},\"sameAs\":[\"https:\\\/\\\/www.facebook.com\\\/aesia.pt\\\/\"]}]}<\/script>\n<!-- \/ Yoast SEO plugin. -->","yoast_head_json":{"title":"E.B. de Via Rara &#8211; AESIA","robots":{"index":"index","follow":"follow","max-snippet":"max-snippet:-1","max-image-preview":"max-image-preview:large","max-video-preview":"max-video-preview:-1"},"canonical":"https:\/\/aesia.pt\/portal\/a-aesia-agrupamento-de-escolas-de-santa-iria-de-azoia\/e-b-1ji-via-rara\/","og_locale":"pt_PT","og_type":"article","og_title":"E.B. de Via Rara &#8211; AESIA","og_description":"A Escola B\u00e1sica da Via Rara est\u00e1 inserida no Parque Urbano de Via Rara, e integra um jardim envolvente, em&hellip; Ler mais E.B. de Via Rara","og_url":"https:\/\/aesia.pt\/portal\/a-aesia-agrupamento-de-escolas-de-santa-iria-de-azoia\/e-b-1ji-via-rara\/","og_site_name":"AESIA","article_publisher":"https:\/\/www.facebook.com\/aesia.pt\/","article_modified_time":"2024-12-16T14:28:21+00:00","twitter_card":"summary_large_image","twitter_misc":{"Tempo estimado de leitura":"4 minutos"},"schema":{"@context":"https:\/\/schema.org","@graph":[{"@type":"WebPage","@id":"https:\/\/aesia.pt\/portal\/a-aesia-agrupamento-de-escolas-de-santa-iria-de-azoia\/e-b-1ji-via-rara\/","url":"https:\/\/aesia.pt\/portal\/a-aesia-agrupamento-de-escolas-de-santa-iria-de-azoia\/e-b-1ji-via-rara\/","name":"E.B. de Via Rara &#8211; AESIA","isPartOf":{"@id":"https:\/\/aesia.pt\/portal\/#website"},"datePublished":"2014-03-06T15:40:10+00:00","dateModified":"2024-12-16T14:28:21+00:00","breadcrumb":{"@id":"https:\/\/aesia.pt\/portal\/a-aesia-agrupamento-de-escolas-de-santa-iria-de-azoia\/e-b-1ji-via-rara\/#breadcrumb"},"inLanguage":"pt-PT","potentialAction":[{"@type":"ReadAction","target":["https:\/\/aesia.pt\/portal\/a-aesia-agrupamento-de-escolas-de-santa-iria-de-azoia\/e-b-1ji-via-rara\/"]}]},{"@type":"BreadcrumbList","@id":"https:\/\/aesia.pt\/portal\/a-aesia-agrupamento-de-escolas-de-santa-iria-de-azoia\/e-b-1ji-via-rara\/#breadcrumb","itemListElement":[{"@type":"ListItem","position":1,"name":"Home","item":"https:\/\/aesia.pt\/portal\/"},{"@type":"ListItem","position":2,"name":"AESIA &#8211; Agrupamento de Escolas de Santa Iria de Azoia","item":"https:\/\/aesia.pt\/portal\/a-aesia-agrupamento-de-escolas-de-santa-iria-de-azoia\/"},{"@type":"ListItem","position":3,"name":"E.B. de Via Rara"}]},{"@type":"WebSite","@id":"https:\/\/aesia.pt\/portal\/#website","url":"https:\/\/aesia.pt\/portal\/","name":"AESIA","description":"Agrupamento de Escolas de Santa Iria de Az\u00f3ia","publisher":{"@id":"https:\/\/aesia.pt\/portal\/#organization"},"alternateName":"Agrupamento de Escolas de Santa Iria de Az\u00f3ia","potentialAction":[{"@type":"SearchAction","target":{"@type":"EntryPoint","urlTemplate":"https:\/\/aesia.pt\/portal\/?s={search_term_string}"},"query-input":{"@type":"PropertyValueSpecification","valueRequired":true,"valueName":"search_term_string"}}],"inLanguage":"pt-PT"},{"@type":"Organization","@id":"https:\/\/aesia.pt\/portal\/#organization","name":"Agrupamento de Escolas de Santa Iria de Az\u00f3ia","alternateName":"AESIA","url":"https:\/\/aesia.pt\/portal\/","logo":{"@type":"ImageObject","inLanguage":"pt-PT","@id":"https:\/\/aesia.pt\/portal\/#\/schema\/logo\/image\/","url":"https:\/\/aesia.pt\/portal\/wp-content\/uploads\/2023\/04\/logo4.png","contentUrl":"https:\/\/aesia.pt\/portal\/wp-content\/uploads\/2023\/04\/logo4.png","width":162,"height":162,"caption":"Agrupamento de Escolas de Santa Iria de Az\u00f3ia"},"image":{"@id":"https:\/\/aesia.pt\/portal\/#\/schema\/logo\/image\/"},"sameAs":["https:\/\/www.facebook.com\/aesia.pt\/"]}]}},"_links":{"self":[{"href":"https:\/\/aesia.pt\/portal\/wp-json\/wp\/v2\/pages\/63","targetHints":{"allow":["GET"]}}],"collection":[{"href":"https:\/\/aesia.pt\/portal\/wp-json\/wp\/v2\/pages"}],"about":[{"href":"https:\/\/aesia.pt\/portal\/wp-json\/wp\/v2\/types\/page"}],"author":[{"embeddable":true,"href":"https:\/\/aesia.pt\/portal\/wp-json\/wp\/v2\/users\/8"}],"replies":[{"embeddable":true,"href":"https:\/\/aesia.pt\/portal\/wp-json\/wp\/v2\/comments?post=63"}],"version-history":[{"count":16,"href":"https:\/\/aesia.pt\/portal\/wp-json\/wp\/v2\/pages\/63\/revisions"}],"predecessor-version":[{"id":13675,"href":"https:\/\/aesia.pt\/portal\/wp-json\/wp\/v2\/pages\/63\/revisions\/13675"}],"up":[{"embeddable":true,"href":"https:\/\/aesia.pt\/portal\/wp-json\/wp\/v2\/pages\/4"}],"wp:attachment":[{"href":"https:\/\/aesia.pt\/portal\/wp-json\/wp\/v2\/media?parent=63"}],"curies":[{"name":"wp","href":"https:\/\/api.w.org\/{rel}","templated":true}]}}