{"id":621,"date":"2014-09-12T17:33:58","date_gmt":"2014-09-12T17:33:58","guid":{"rendered":"http:\/\/aesia.pt\/portal\/?page_id=621"},"modified":"2025-08-04T19:32:14","modified_gmt":"2025-08-04T19:32:14","slug":"horarios","status":"publish","type":"page","link":"https:\/\/aesia.pt\/portal\/a-aesia-agrupamento-de-escolas-de-santa-iria-de-azoia\/o-agrupamento\/escola-periscoxe-sede-de-agrupamento\/horarios\/","title":{"rendered":"Hor\u00e1rio de Funcionamento                                   EB 2\/3 de Santa Iria de Az\u00f3ia"},"content":{"rendered":"\n<p>No ano letivo 2024-2025, a Escola Sede funciona de segunda a sexta-feira no seguinte hor\u00e1rio:<\/p>\n\n\n\n<div class=\"wp-block-group is-vertical is-layout-flex wp-container-core-group-is-layout-8cf370e7 wp-block-group-is-layout-flex\">\n<p class=\"has-text-align-left\">&nbsp; &nbsp; &nbsp; &nbsp; &nbsp; &nbsp; &nbsp; &nbsp; &nbsp; &nbsp; &nbsp; &nbsp; &nbsp; &nbsp; &nbsp; &nbsp; <strong>Abertura<\/strong>: 7:50 horas<\/p>\n\n\n\n<p>&nbsp; &nbsp; &nbsp; &nbsp; &nbsp; &nbsp; &nbsp; &nbsp; &nbsp; &nbsp; &nbsp; &nbsp; &nbsp; &nbsp; &nbsp; &nbsp; <strong>Encerramento:<\/strong> &#8211; Componente letiva &#8211; 17:20 horas<\/p>\n\n\n\n<p>\u00a0 \u00a0 \u00a0 \u00a0 \u00a0 \u00a0 \u00a0 \u00a0 \u00a0 \u00a0 \u00a0 \u00a0 \u00a0 \u00a0 \u00a0 \u00a0 \u00a0 \u00a0 \u00a0 \u00a0 \u00a0 \u00a0 \u00a0 \u00a0 \u00a0 \u00a0 \u00a0  \u00a0  &#8211; Componente n\u00e3o letiva &#8211; 18:20 horas<\/p>\n<\/div>\n\n\n\n<p>Poder\u00e1 permanecer aberta at\u00e9 mais tarde ou nos restantes dias, pontualmente para a realiza\u00e7\u00e3o de outras atividades. &nbsp; &nbsp; &nbsp; &nbsp; &nbsp; &nbsp; &nbsp; &nbsp; &nbsp; &nbsp; &nbsp; &nbsp; &nbsp; &nbsp; &nbsp; &nbsp; &nbsp; &nbsp; &nbsp; &nbsp; &nbsp; &nbsp; &nbsp; &nbsp; &nbsp; &nbsp; &nbsp;<\/p>\n\n\n\n<p><strong>Tempos di\u00e1rios:<\/strong><\/p>\n\n\n\n<figure class=\"wp-block-image size-full is-resized\"><a href=\"https:\/\/aesia.pt\/portal\/wp-content\/uploads\/2024\/02\/image.png\"><img loading=\"lazy\" decoding=\"async\" width=\"125\" height=\"360\" src=\"https:\/\/aesia.pt\/portal\/wp-content\/uploads\/2024\/02\/image.png\" alt=\"\" class=\"wp-image-10422\" style=\"width:145px;height:auto\" srcset=\"https:\/\/aesia.pt\/portal\/wp-content\/uploads\/2024\/02\/image.png 125w, https:\/\/aesia.pt\/portal\/wp-content\/uploads\/2024\/02\/image-104x300.png 104w\" sizes=\"auto, (max-width: 125px) 100vw, 125px\" \/><\/a><\/figure>\n","protected":false},"excerpt":{"rendered":"<p>No ano letivo 2024-2025, a Escola Sede funciona de segunda a sexta-feira no seguinte hor\u00e1rio: &nbsp; &nbsp; &nbsp; &nbsp; &nbsp;&hellip; <a class=\"continue\" href=\"https:\/\/aesia.pt\/portal\/a-aesia-agrupamento-de-escolas-de-santa-iria-de-azoia\/o-agrupamento\/escola-periscoxe-sede-de-agrupamento\/horarios\/\">Ler mais<span> Hor\u00e1rio de Funcionamento                                   EB 2\/3 de Santa Iria de Az\u00f3ia<\/span><\/a><\/p>\n","protected":false},"author":8,"featured_media":0,"parent":613,"menu_order":0,"comment_status":"open","ping_status":"closed","template":"p_base_escola_periscoxe.php","meta":{"_acf_changed":false,"footnotes":""},"class_list":["post-621","page","type-page","status-publish","hentry"],"acf":[],"yoast_head":"<!-- This site is optimized with the Yoast SEO plugin v27.4 - https:\/\/yoast.com\/product\/yoast-seo-wordpress\/ -->\n<title>Hor\u00e1rio de Funcionamento                  EB 2\/3 de Santa Iria de Az\u00f3ia &#8211; AESIA<\/title>\n<meta name=\"robots\" content=\"index, follow, max-snippet:-1, max-image-preview:large, max-video-preview:-1\" \/>\n<link rel=\"canonical\" href=\"https:\/\/aesia.pt\/portal\/a-aesia-agrupamento-de-escolas-de-santa-iria-de-azoia\/o-agrupamento\/escola-periscoxe-sede-de-agrupamento\/horarios\/\" \/>\n<meta property=\"og:locale\" content=\"pt_PT\" \/>\n<meta property=\"og:type\" content=\"article\" \/>\n<meta property=\"og:title\" content=\"Hor\u00e1rio de Funcionamento                  EB 2\/3 de Santa Iria de Az\u00f3ia &#8211; AESIA\" \/>\n<meta property=\"og:description\" content=\"No ano letivo 2024-2025, a Escola Sede funciona de segunda a sexta-feira no seguinte hor\u00e1rio: &nbsp; &nbsp; &nbsp; &nbsp; &nbsp;&hellip; Ler mais Hor\u00e1rio de Funcionamento                  EB 2\/3 de Santa Iria de Az\u00f3ia\" \/>\n<meta property=\"og:url\" content=\"https:\/\/aesia.pt\/portal\/a-aesia-agrupamento-de-escolas-de-santa-iria-de-azoia\/o-agrupamento\/escola-periscoxe-sede-de-agrupamento\/horarios\/\" \/>\n<meta property=\"og:site_name\" content=\"AESIA\" \/>\n<meta property=\"article:publisher\" content=\"https:\/\/www.facebook.com\/aesia.pt\/\" \/>\n<meta property=\"article:modified_time\" content=\"2025-08-04T19:32:14+00:00\" \/>\n<meta property=\"og:image\" content=\"https:\/\/aesia.pt\/portal\/wp-content\/uploads\/2024\/02\/image.png\" \/>\n\t<meta property=\"og:image:width\" content=\"125\" \/>\n\t<meta property=\"og:image:height\" content=\"360\" \/>\n\t<meta property=\"og:image:type\" content=\"image\/png\" \/>\n<meta name=\"twitter:card\" content=\"summary_large_image\" \/>\n<meta name=\"twitter:label1\" content=\"Tempo estimado de leitura\" \/>\n\t<meta name=\"twitter:data1\" content=\"1 minuto\" \/>\n<script type=\"application\/ld+json\" class=\"yoast-schema-graph\">{\"@context\":\"https:\\\/\\\/schema.org\",\"@graph\":[{\"@type\":\"WebPage\",\"@id\":\"https:\\\/\\\/aesia.pt\\\/portal\\\/a-aesia-agrupamento-de-escolas-de-santa-iria-de-azoia\\\/o-agrupamento\\\/escola-periscoxe-sede-de-agrupamento\\\/horarios\\\/\",\"url\":\"https:\\\/\\\/aesia.pt\\\/portal\\\/a-aesia-agrupamento-de-escolas-de-santa-iria-de-azoia\\\/o-agrupamento\\\/escola-periscoxe-sede-de-agrupamento\\\/horarios\\\/\",\"name\":\"Hor\u00e1rio de Funcionamento EB 2\\\/3 de Santa Iria de Az\u00f3ia &#8211; AESIA\",\"isPartOf\":{\"@id\":\"https:\\\/\\\/aesia.pt\\\/portal\\\/#website\"},\"primaryImageOfPage\":{\"@id\":\"https:\\\/\\\/aesia.pt\\\/portal\\\/a-aesia-agrupamento-de-escolas-de-santa-iria-de-azoia\\\/o-agrupamento\\\/escola-periscoxe-sede-de-agrupamento\\\/horarios\\\/#primaryimage\"},\"image\":{\"@id\":\"https:\\\/\\\/aesia.pt\\\/portal\\\/a-aesia-agrupamento-de-escolas-de-santa-iria-de-azoia\\\/o-agrupamento\\\/escola-periscoxe-sede-de-agrupamento\\\/horarios\\\/#primaryimage\"},\"thumbnailUrl\":\"https:\\\/\\\/aesia.pt\\\/portal\\\/wp-content\\\/uploads\\\/2024\\\/02\\\/image.png\",\"datePublished\":\"2014-09-12T17:33:58+00:00\",\"dateModified\":\"2025-08-04T19:32:14+00:00\",\"breadcrumb\":{\"@id\":\"https:\\\/\\\/aesia.pt\\\/portal\\\/a-aesia-agrupamento-de-escolas-de-santa-iria-de-azoia\\\/o-agrupamento\\\/escola-periscoxe-sede-de-agrupamento\\\/horarios\\\/#breadcrumb\"},\"inLanguage\":\"pt-PT\",\"potentialAction\":[{\"@type\":\"ReadAction\",\"target\":[\"https:\\\/\\\/aesia.pt\\\/portal\\\/a-aesia-agrupamento-de-escolas-de-santa-iria-de-azoia\\\/o-agrupamento\\\/escola-periscoxe-sede-de-agrupamento\\\/horarios\\\/\"]}]},{\"@type\":\"ImageObject\",\"inLanguage\":\"pt-PT\",\"@id\":\"https:\\\/\\\/aesia.pt\\\/portal\\\/a-aesia-agrupamento-de-escolas-de-santa-iria-de-azoia\\\/o-agrupamento\\\/escola-periscoxe-sede-de-agrupamento\\\/horarios\\\/#primaryimage\",\"url\":\"https:\\\/\\\/aesia.pt\\\/portal\\\/wp-content\\\/uploads\\\/2024\\\/02\\\/image.png\",\"contentUrl\":\"https:\\\/\\\/aesia.pt\\\/portal\\\/wp-content\\\/uploads\\\/2024\\\/02\\\/image.png\",\"width\":125,\"height\":360},{\"@type\":\"BreadcrumbList\",\"@id\":\"https:\\\/\\\/aesia.pt\\\/portal\\\/a-aesia-agrupamento-de-escolas-de-santa-iria-de-azoia\\\/o-agrupamento\\\/escola-periscoxe-sede-de-agrupamento\\\/horarios\\\/#breadcrumb\",\"itemListElement\":[{\"@type\":\"ListItem\",\"position\":1,\"name\":\"Home\",\"item\":\"https:\\\/\\\/aesia.pt\\\/portal\\\/\"},{\"@type\":\"ListItem\",\"position\":2,\"name\":\"AESIA &#8211; Agrupamento de Escolas de Santa Iria de Azoia\",\"item\":\"https:\\\/\\\/aesia.pt\\\/portal\\\/a-aesia-agrupamento-de-escolas-de-santa-iria-de-azoia\\\/\"},{\"@type\":\"ListItem\",\"position\":3,\"name\":\"O Agrupamento\",\"item\":\"https:\\\/\\\/aesia.pt\\\/portal\\\/a-aesia-agrupamento-de-escolas-de-santa-iria-de-azoia\\\/o-agrupamento\\\/\"},{\"@type\":\"ListItem\",\"position\":4,\"name\":\"EB 2\\\/3 Santa Iria de Az\u00f3ia\",\"item\":\"https:\\\/\\\/aesia.pt\\\/portal\\\/a-aesia-agrupamento-de-escolas-de-santa-iria-de-azoia\\\/o-agrupamento\\\/escola-periscoxe-sede-de-agrupamento\\\/\"},{\"@type\":\"ListItem\",\"position\":5,\"name\":\"Hor\u00e1rio de Funcionamento EB 2\\\/3 de Santa Iria de Az\u00f3ia\"}]},{\"@type\":\"WebSite\",\"@id\":\"https:\\\/\\\/aesia.pt\\\/portal\\\/#website\",\"url\":\"https:\\\/\\\/aesia.pt\\\/portal\\\/\",\"name\":\"AESIA\",\"description\":\"Agrupamento de Escolas de Santa Iria de Az\u00f3ia\",\"publisher\":{\"@id\":\"https:\\\/\\\/aesia.pt\\\/portal\\\/#organization\"},\"alternateName\":\"Agrupamento de Escolas de Santa Iria de Az\u00f3ia\",\"potentialAction\":[{\"@type\":\"SearchAction\",\"target\":{\"@type\":\"EntryPoint\",\"urlTemplate\":\"https:\\\/\\\/aesia.pt\\\/portal\\\/?s={search_term_string}\"},\"query-input\":{\"@type\":\"PropertyValueSpecification\",\"valueRequired\":true,\"valueName\":\"search_term_string\"}}],\"inLanguage\":\"pt-PT\"},{\"@type\":\"Organization\",\"@id\":\"https:\\\/\\\/aesia.pt\\\/portal\\\/#organization\",\"name\":\"Agrupamento de Escolas de Santa Iria de Az\u00f3ia\",\"alternateName\":\"AESIA\",\"url\":\"https:\\\/\\\/aesia.pt\\\/portal\\\/\",\"logo\":{\"@type\":\"ImageObject\",\"inLanguage\":\"pt-PT\",\"@id\":\"https:\\\/\\\/aesia.pt\\\/portal\\\/#\\\/schema\\\/logo\\\/image\\\/\",\"url\":\"https:\\\/\\\/aesia.pt\\\/portal\\\/wp-content\\\/uploads\\\/2023\\\/04\\\/logo4.png\",\"contentUrl\":\"https:\\\/\\\/aesia.pt\\\/portal\\\/wp-content\\\/uploads\\\/2023\\\/04\\\/logo4.png\",\"width\":162,\"height\":162,\"caption\":\"Agrupamento de Escolas de Santa Iria de Az\u00f3ia\"},\"image\":{\"@id\":\"https:\\\/\\\/aesia.pt\\\/portal\\\/#\\\/schema\\\/logo\\\/image\\\/\"},\"sameAs\":[\"https:\\\/\\\/www.facebook.com\\\/aesia.pt\\\/\"]}]}<\/script>\n<!-- \/ Yoast SEO plugin. -->","yoast_head_json":{"title":"Hor\u00e1rio de Funcionamento                  EB 2\/3 de Santa Iria de Az\u00f3ia &#8211; AESIA","robots":{"index":"index","follow":"follow","max-snippet":"max-snippet:-1","max-image-preview":"max-image-preview:large","max-video-preview":"max-video-preview:-1"},"canonical":"https:\/\/aesia.pt\/portal\/a-aesia-agrupamento-de-escolas-de-santa-iria-de-azoia\/o-agrupamento\/escola-periscoxe-sede-de-agrupamento\/horarios\/","og_locale":"pt_PT","og_type":"article","og_title":"Hor\u00e1rio de Funcionamento                  EB 2\/3 de Santa Iria de Az\u00f3ia &#8211; AESIA","og_description":"No ano letivo 2024-2025, a Escola Sede funciona de segunda a sexta-feira no seguinte hor\u00e1rio: &nbsp; &nbsp; &nbsp; &nbsp; &nbsp;&hellip; Ler mais Hor\u00e1rio de Funcionamento                  EB 2\/3 de Santa Iria de Az\u00f3ia","og_url":"https:\/\/aesia.pt\/portal\/a-aesia-agrupamento-de-escolas-de-santa-iria-de-azoia\/o-agrupamento\/escola-periscoxe-sede-de-agrupamento\/horarios\/","og_site_name":"AESIA","article_publisher":"https:\/\/www.facebook.com\/aesia.pt\/","article_modified_time":"2025-08-04T19:32:14+00:00","og_image":[{"width":125,"height":360,"url":"https:\/\/aesia.pt\/portal\/wp-content\/uploads\/2024\/02\/image.png","type":"image\/png"}],"twitter_card":"summary_large_image","twitter_misc":{"Tempo estimado de leitura":"1 minuto"},"schema":{"@context":"https:\/\/schema.org","@graph":[{"@type":"WebPage","@id":"https:\/\/aesia.pt\/portal\/a-aesia-agrupamento-de-escolas-de-santa-iria-de-azoia\/o-agrupamento\/escola-periscoxe-sede-de-agrupamento\/horarios\/","url":"https:\/\/aesia.pt\/portal\/a-aesia-agrupamento-de-escolas-de-santa-iria-de-azoia\/o-agrupamento\/escola-periscoxe-sede-de-agrupamento\/horarios\/","name":"Hor\u00e1rio de Funcionamento EB 2\/3 de Santa Iria de Az\u00f3ia &#8211; AESIA","isPartOf":{"@id":"https:\/\/aesia.pt\/portal\/#website"},"primaryImageOfPage":{"@id":"https:\/\/aesia.pt\/portal\/a-aesia-agrupamento-de-escolas-de-santa-iria-de-azoia\/o-agrupamento\/escola-periscoxe-sede-de-agrupamento\/horarios\/#primaryimage"},"image":{"@id":"https:\/\/aesia.pt\/portal\/a-aesia-agrupamento-de-escolas-de-santa-iria-de-azoia\/o-agrupamento\/escola-periscoxe-sede-de-agrupamento\/horarios\/#primaryimage"},"thumbnailUrl":"https:\/\/aesia.pt\/portal\/wp-content\/uploads\/2024\/02\/image.png","datePublished":"2014-09-12T17:33:58+00:00","dateModified":"2025-08-04T19:32:14+00:00","breadcrumb":{"@id":"https:\/\/aesia.pt\/portal\/a-aesia-agrupamento-de-escolas-de-santa-iria-de-azoia\/o-agrupamento\/escola-periscoxe-sede-de-agrupamento\/horarios\/#breadcrumb"},"inLanguage":"pt-PT","potentialAction":[{"@type":"ReadAction","target":["https:\/\/aesia.pt\/portal\/a-aesia-agrupamento-de-escolas-de-santa-iria-de-azoia\/o-agrupamento\/escola-periscoxe-sede-de-agrupamento\/horarios\/"]}]},{"@type":"ImageObject","inLanguage":"pt-PT","@id":"https:\/\/aesia.pt\/portal\/a-aesia-agrupamento-de-escolas-de-santa-iria-de-azoia\/o-agrupamento\/escola-periscoxe-sede-de-agrupamento\/horarios\/#primaryimage","url":"https:\/\/aesia.pt\/portal\/wp-content\/uploads\/2024\/02\/image.png","contentUrl":"https:\/\/aesia.pt\/portal\/wp-content\/uploads\/2024\/02\/image.png","width":125,"height":360},{"@type":"BreadcrumbList","@id":"https:\/\/aesia.pt\/portal\/a-aesia-agrupamento-de-escolas-de-santa-iria-de-azoia\/o-agrupamento\/escola-periscoxe-sede-de-agrupamento\/horarios\/#breadcrumb","itemListElement":[{"@type":"ListItem","position":1,"name":"Home","item":"https:\/\/aesia.pt\/portal\/"},{"@type":"ListItem","position":2,"name":"AESIA &#8211; Agrupamento de Escolas de Santa Iria de Azoia","item":"https:\/\/aesia.pt\/portal\/a-aesia-agrupamento-de-escolas-de-santa-iria-de-azoia\/"},{"@type":"ListItem","position":3,"name":"O Agrupamento","item":"https:\/\/aesia.pt\/portal\/a-aesia-agrupamento-de-escolas-de-santa-iria-de-azoia\/o-agrupamento\/"},{"@type":"ListItem","position":4,"name":"EB 2\/3 Santa Iria de Az\u00f3ia","item":"https:\/\/aesia.pt\/portal\/a-aesia-agrupamento-de-escolas-de-santa-iria-de-azoia\/o-agrupamento\/escola-periscoxe-sede-de-agrupamento\/"},{"@type":"ListItem","position":5,"name":"Hor\u00e1rio de Funcionamento EB 2\/3 de Santa Iria de Az\u00f3ia"}]},{"@type":"WebSite","@id":"https:\/\/aesia.pt\/portal\/#website","url":"https:\/\/aesia.pt\/portal\/","name":"AESIA","description":"Agrupamento de Escolas de Santa Iria de Az\u00f3ia","publisher":{"@id":"https:\/\/aesia.pt\/portal\/#organization"},"alternateName":"Agrupamento de Escolas de Santa Iria de Az\u00f3ia","potentialAction":[{"@type":"SearchAction","target":{"@type":"EntryPoint","urlTemplate":"https:\/\/aesia.pt\/portal\/?s={search_term_string}"},"query-input":{"@type":"PropertyValueSpecification","valueRequired":true,"valueName":"search_term_string"}}],"inLanguage":"pt-PT"},{"@type":"Organization","@id":"https:\/\/aesia.pt\/portal\/#organization","name":"Agrupamento de Escolas de Santa Iria de Az\u00f3ia","alternateName":"AESIA","url":"https:\/\/aesia.pt\/portal\/","logo":{"@type":"ImageObject","inLanguage":"pt-PT","@id":"https:\/\/aesia.pt\/portal\/#\/schema\/logo\/image\/","url":"https:\/\/aesia.pt\/portal\/wp-content\/uploads\/2023\/04\/logo4.png","contentUrl":"https:\/\/aesia.pt\/portal\/wp-content\/uploads\/2023\/04\/logo4.png","width":162,"height":162,"caption":"Agrupamento de Escolas de Santa Iria de Az\u00f3ia"},"image":{"@id":"https:\/\/aesia.pt\/portal\/#\/schema\/logo\/image\/"},"sameAs":["https:\/\/www.facebook.com\/aesia.pt\/"]}]}},"_links":{"self":[{"href":"https:\/\/aesia.pt\/portal\/wp-json\/wp\/v2\/pages\/621","targetHints":{"allow":["GET"]}}],"collection":[{"href":"https:\/\/aesia.pt\/portal\/wp-json\/wp\/v2\/pages"}],"about":[{"href":"https:\/\/aesia.pt\/portal\/wp-json\/wp\/v2\/types\/page"}],"author":[{"embeddable":true,"href":"https:\/\/aesia.pt\/portal\/wp-json\/wp\/v2\/users\/8"}],"replies":[{"embeddable":true,"href":"https:\/\/aesia.pt\/portal\/wp-json\/wp\/v2\/comments?post=621"}],"version-history":[{"count":15,"href":"https:\/\/aesia.pt\/portal\/wp-json\/wp\/v2\/pages\/621\/revisions"}],"predecessor-version":[{"id":15896,"href":"https:\/\/aesia.pt\/portal\/wp-json\/wp\/v2\/pages\/621\/revisions\/15896"}],"up":[{"embeddable":true,"href":"https:\/\/aesia.pt\/portal\/wp-json\/wp\/v2\/pages\/613"}],"wp:attachment":[{"href":"https:\/\/aesia.pt\/portal\/wp-json\/wp\/v2\/media?parent=621"}],"curies":[{"name":"wp","href":"https:\/\/api.w.org\/{rel}","templated":true}]}}