{"id":314,"date":"2014-07-25T11:34:59","date_gmt":"2014-07-25T11:34:59","guid":{"rendered":"http:\/\/localhost:82\/aesia\/?page_id=314"},"modified":"2025-01-15T21:53:04","modified_gmt":"2025-01-15T21:53:04","slug":"conselho-de-coordenador-de-estabelecimento","status":"publish","type":"page","link":"https:\/\/aesia.pt\/portal\/orgaos-e-competencias\/conselho-de-coordenador-de-estabelecimento\/","title":{"rendered":"Coordenador de Estabelecimento"},"content":{"rendered":"<p>O coordenador de cada estabelecimento de educa\u00e7\u00e3o pr\u00e9-escolar ou de escola do agrupamento \u00e9 um docente, em exerc\u00edcio efetivo de fun\u00e7\u00f5es na escola ou no estabelecimento, sendo designado pelo diretor, por quatro anos e cessa com o mandato do diretor.<\/p>\n<table style=\"height: 152px;\" width=\"676\">\n<tbody>\n<tr>\n<td>EB do Alto da Eira<\/td>\n<td>Educadora Lurdes Bento<\/td>\n<\/tr>\n<tr>\n<td>EB Bairro da Covina<\/td>\n<td>Prof. Fernanda Martins<\/td>\n<\/tr>\n<tr>\n<td>EB de Via Rara<\/td>\n<td>Prof. Ricardo Farinha<\/td>\n<\/tr>\n<tr>\n<td>EB J\u00falio Dinis<\/td>\n<td>Educadora C\u00e9lia Dias<\/td>\n<\/tr>\n<tr>\n<td>EB Fernando Pessoa<\/td>\n<td>Prof. Ana Cl\u00e1udia Reis<\/td>\n<\/tr>\n<tr>\n<td>EB da Bela Vista<\/td>\n<td>Educadora Paula Zambujo<\/td>\n<\/tr>\n<\/tbody>\n<\/table>\n<p><b>Compet\u00eancias<\/b><\/p>\n<p>Compete ao coordenador, al\u00e9m das compet\u00eancias que lhe s\u00e3o delegadas pelo diretor:<\/p>\n<ul>\n<li>Coordenar as atividades educativas, em articula\u00e7\u00e3o com o diretor, e monitorizar o cumprimento do Plano Anual de Atividades;<\/li>\n<li>Cumprir e fazer cumprir as decis\u00f5es do diretor e exercer as compet\u00eancias que por esta lhe forem delegadas;<\/li>\n<li>Transmitir as informa\u00e7\u00f5es relativas a pessoal docente e n\u00e3o docente e aos alunos;<\/li>\n<li>Promover e incentivar a participa\u00e7\u00e3o dos pais e encarregados de educa\u00e7\u00e3o, dos interesses locais e da autarquia nas atividades educativas.<\/li>\n<li>Presidir \u00e0s reuni\u00f5es e servir de moderador entre os seus pares;<\/li>\n<li>Avaliar, quando solicitado, o pessoal n\u00e3o docente em exerc\u00edcio de fun\u00e7\u00f5es no estabelecimento;<\/li>\n<li>Encaminhar para o Diretor todas as situa\u00e7\u00f5es consideradas an\u00f3malas e pertinentes.<\/li>\n<\/ul>\n<p>O coordenador de estabelecimento, de acordo com o Diretor, pode delegar fun\u00e7\u00f5es num dos professores\/educadores da escola;<\/p>\n<p><b>Outras compet\u00eancias<\/b><\/p>\n<p>Nos termos do n\u00ba 7 do art\u00ba 20\u00ba, do Decreto Lei n.\u00ba 75\/2008 de 22 de abril, com as altera\u00e7\u00f5es introduzidas pelo <a href=\"https:\/\/drive.google.com\/file\/d\/1WKE_yKZ490nsRS8KqRjqHLx6VFiyKxZB\/view?usp=sharing\">Decreto-Lei n\u00ba 137, de 2 de julho<\/a> al\u00e9m das compet\u00eancias inscritas na lei e no Regulamento Interno, o Diretor delegou ainda nos Coordenadores de Estabelecimento, as seguintes compet\u00eancias e responsabilidades:<\/p>\n<ul>\n<li>Monitorizar e ajustar a distribui\u00e7\u00e3o do servi\u00e7o docente e n\u00e3o docente;<\/li>\n<li>Gest\u00e3o do expediente e correspond\u00eancia;<\/li>\n<li>Executar as atividades no dom\u00ednio da a\u00e7\u00e3o social escolar, em conformidade com as linhas orientadoras definidas;<\/li>\n<li>Gerir as instala\u00e7\u00f5es, espa\u00e7os e equipamentos, bem como os outros recursos educativos de cada um dos estabelecimentos de educa\u00e7\u00e3o e ensino;<\/li>\n<li>Exercer o poder disciplinar em rela\u00e7\u00e3o aos alunos de cada um dos estabelecimentos de ensino e educa\u00e7\u00e3o nos termos da legisla\u00e7\u00e3o aplic\u00e1vel;<\/li>\n<li>Representar o Diretor, junto das Associa\u00e7\u00f5es de Pais e Encarregados de Educa\u00e7\u00e3o e da comunidade;<\/li>\n<li>Desenvolver os procedimentos em situa\u00e7\u00e3o de acidente escolar, em conformidade com os normativos e orienta\u00e7\u00f5es em vigor;<\/li>\n<li>Desenvolver os mecanismos necess\u00e1rios para garantir a seguran\u00e7a de pessoas e bens;<\/li>\n<\/ul>\n","protected":false},"excerpt":{"rendered":"<p>O coordenador de cada estabelecimento de educa\u00e7\u00e3o pr\u00e9-escolar ou de escola do agrupamento \u00e9 um docente, em exerc\u00edcio efetivo de&hellip; <a class=\"continue\" href=\"https:\/\/aesia.pt\/portal\/orgaos-e-competencias\/conselho-de-coordenador-de-estabelecimento\/\">Ler mais<span> Coordenador de Estabelecimento<\/span><\/a><\/p>\n","protected":false},"author":8,"featured_media":0,"parent":225,"menu_order":0,"comment_status":"open","ping_status":"open","template":"p_orgaos_competencias.php","meta":{"_acf_changed":false,"footnotes":""},"class_list":["post-314","page","type-page","status-publish","hentry"],"acf":[],"yoast_head":"<!-- This site is optimized with the Yoast SEO plugin v27.4 - https:\/\/yoast.com\/product\/yoast-seo-wordpress\/ -->\n<title>Coordenador de Estabelecimento &#8211; AESIA<\/title>\n<meta name=\"robots\" content=\"index, follow, max-snippet:-1, max-image-preview:large, max-video-preview:-1\" \/>\n<link rel=\"canonical\" href=\"https:\/\/aesia.pt\/portal\/orgaos-e-competencias\/conselho-de-coordenador-de-estabelecimento\/\" \/>\n<meta property=\"og:locale\" content=\"pt_PT\" \/>\n<meta property=\"og:type\" content=\"article\" \/>\n<meta property=\"og:title\" content=\"Coordenador de Estabelecimento &#8211; AESIA\" \/>\n<meta property=\"og:description\" content=\"O coordenador de cada estabelecimento de educa\u00e7\u00e3o pr\u00e9-escolar ou de escola do agrupamento \u00e9 um docente, em exerc\u00edcio efetivo de&hellip; Ler mais Coordenador de Estabelecimento\" \/>\n<meta property=\"og:url\" content=\"https:\/\/aesia.pt\/portal\/orgaos-e-competencias\/conselho-de-coordenador-de-estabelecimento\/\" \/>\n<meta property=\"og:site_name\" content=\"AESIA\" \/>\n<meta property=\"article:publisher\" content=\"https:\/\/www.facebook.com\/aesia.pt\/\" \/>\n<meta property=\"article:modified_time\" content=\"2025-01-15T21:53:04+00:00\" \/>\n<meta name=\"twitter:card\" content=\"summary_large_image\" \/>\n<meta name=\"twitter:label1\" content=\"Tempo estimado de leitura\" \/>\n\t<meta name=\"twitter:data1\" content=\"2 minutos\" \/>\n<script type=\"application\/ld+json\" class=\"yoast-schema-graph\">{\"@context\":\"https:\\\/\\\/schema.org\",\"@graph\":[{\"@type\":\"WebPage\",\"@id\":\"https:\\\/\\\/aesia.pt\\\/portal\\\/orgaos-e-competencias\\\/conselho-de-coordenador-de-estabelecimento\\\/\",\"url\":\"https:\\\/\\\/aesia.pt\\\/portal\\\/orgaos-e-competencias\\\/conselho-de-coordenador-de-estabelecimento\\\/\",\"name\":\"Coordenador de Estabelecimento &#8211; AESIA\",\"isPartOf\":{\"@id\":\"https:\\\/\\\/aesia.pt\\\/portal\\\/#website\"},\"datePublished\":\"2014-07-25T11:34:59+00:00\",\"dateModified\":\"2025-01-15T21:53:04+00:00\",\"breadcrumb\":{\"@id\":\"https:\\\/\\\/aesia.pt\\\/portal\\\/orgaos-e-competencias\\\/conselho-de-coordenador-de-estabelecimento\\\/#breadcrumb\"},\"inLanguage\":\"pt-PT\",\"potentialAction\":[{\"@type\":\"ReadAction\",\"target\":[\"https:\\\/\\\/aesia.pt\\\/portal\\\/orgaos-e-competencias\\\/conselho-de-coordenador-de-estabelecimento\\\/\"]}]},{\"@type\":\"BreadcrumbList\",\"@id\":\"https:\\\/\\\/aesia.pt\\\/portal\\\/orgaos-e-competencias\\\/conselho-de-coordenador-de-estabelecimento\\\/#breadcrumb\",\"itemListElement\":[{\"@type\":\"ListItem\",\"position\":1,\"name\":\"Home\",\"item\":\"https:\\\/\\\/aesia.pt\\\/portal\\\/\"},{\"@type\":\"ListItem\",\"position\":2,\"name\":\"\u00d3rg\u00e3os e Estruturas\",\"item\":\"https:\\\/\\\/aesia.pt\\\/portal\\\/orgaos-e-competencias\\\/\"},{\"@type\":\"ListItem\",\"position\":3,\"name\":\"Coordenador de Estabelecimento\"}]},{\"@type\":\"WebSite\",\"@id\":\"https:\\\/\\\/aesia.pt\\\/portal\\\/#website\",\"url\":\"https:\\\/\\\/aesia.pt\\\/portal\\\/\",\"name\":\"AESIA\",\"description\":\"Agrupamento de Escolas de Santa Iria de Az\u00f3ia\",\"publisher\":{\"@id\":\"https:\\\/\\\/aesia.pt\\\/portal\\\/#organization\"},\"alternateName\":\"Agrupamento de Escolas de Santa Iria de Az\u00f3ia\",\"potentialAction\":[{\"@type\":\"SearchAction\",\"target\":{\"@type\":\"EntryPoint\",\"urlTemplate\":\"https:\\\/\\\/aesia.pt\\\/portal\\\/?s={search_term_string}\"},\"query-input\":{\"@type\":\"PropertyValueSpecification\",\"valueRequired\":true,\"valueName\":\"search_term_string\"}}],\"inLanguage\":\"pt-PT\"},{\"@type\":\"Organization\",\"@id\":\"https:\\\/\\\/aesia.pt\\\/portal\\\/#organization\",\"name\":\"Agrupamento de Escolas de Santa Iria de Az\u00f3ia\",\"alternateName\":\"AESIA\",\"url\":\"https:\\\/\\\/aesia.pt\\\/portal\\\/\",\"logo\":{\"@type\":\"ImageObject\",\"inLanguage\":\"pt-PT\",\"@id\":\"https:\\\/\\\/aesia.pt\\\/portal\\\/#\\\/schema\\\/logo\\\/image\\\/\",\"url\":\"https:\\\/\\\/aesia.pt\\\/portal\\\/wp-content\\\/uploads\\\/2023\\\/04\\\/logo4.png\",\"contentUrl\":\"https:\\\/\\\/aesia.pt\\\/portal\\\/wp-content\\\/uploads\\\/2023\\\/04\\\/logo4.png\",\"width\":162,\"height\":162,\"caption\":\"Agrupamento de Escolas de Santa Iria de Az\u00f3ia\"},\"image\":{\"@id\":\"https:\\\/\\\/aesia.pt\\\/portal\\\/#\\\/schema\\\/logo\\\/image\\\/\"},\"sameAs\":[\"https:\\\/\\\/www.facebook.com\\\/aesia.pt\\\/\"]}]}<\/script>\n<!-- \/ Yoast SEO plugin. -->","yoast_head_json":{"title":"Coordenador de Estabelecimento &#8211; AESIA","robots":{"index":"index","follow":"follow","max-snippet":"max-snippet:-1","max-image-preview":"max-image-preview:large","max-video-preview":"max-video-preview:-1"},"canonical":"https:\/\/aesia.pt\/portal\/orgaos-e-competencias\/conselho-de-coordenador-de-estabelecimento\/","og_locale":"pt_PT","og_type":"article","og_title":"Coordenador de Estabelecimento &#8211; AESIA","og_description":"O coordenador de cada estabelecimento de educa\u00e7\u00e3o pr\u00e9-escolar ou de escola do agrupamento \u00e9 um docente, em exerc\u00edcio efetivo de&hellip; Ler mais Coordenador de Estabelecimento","og_url":"https:\/\/aesia.pt\/portal\/orgaos-e-competencias\/conselho-de-coordenador-de-estabelecimento\/","og_site_name":"AESIA","article_publisher":"https:\/\/www.facebook.com\/aesia.pt\/","article_modified_time":"2025-01-15T21:53:04+00:00","twitter_card":"summary_large_image","twitter_misc":{"Tempo estimado de leitura":"2 minutos"},"schema":{"@context":"https:\/\/schema.org","@graph":[{"@type":"WebPage","@id":"https:\/\/aesia.pt\/portal\/orgaos-e-competencias\/conselho-de-coordenador-de-estabelecimento\/","url":"https:\/\/aesia.pt\/portal\/orgaos-e-competencias\/conselho-de-coordenador-de-estabelecimento\/","name":"Coordenador de Estabelecimento &#8211; AESIA","isPartOf":{"@id":"https:\/\/aesia.pt\/portal\/#website"},"datePublished":"2014-07-25T11:34:59+00:00","dateModified":"2025-01-15T21:53:04+00:00","breadcrumb":{"@id":"https:\/\/aesia.pt\/portal\/orgaos-e-competencias\/conselho-de-coordenador-de-estabelecimento\/#breadcrumb"},"inLanguage":"pt-PT","potentialAction":[{"@type":"ReadAction","target":["https:\/\/aesia.pt\/portal\/orgaos-e-competencias\/conselho-de-coordenador-de-estabelecimento\/"]}]},{"@type":"BreadcrumbList","@id":"https:\/\/aesia.pt\/portal\/orgaos-e-competencias\/conselho-de-coordenador-de-estabelecimento\/#breadcrumb","itemListElement":[{"@type":"ListItem","position":1,"name":"Home","item":"https:\/\/aesia.pt\/portal\/"},{"@type":"ListItem","position":2,"name":"\u00d3rg\u00e3os e Estruturas","item":"https:\/\/aesia.pt\/portal\/orgaos-e-competencias\/"},{"@type":"ListItem","position":3,"name":"Coordenador de Estabelecimento"}]},{"@type":"WebSite","@id":"https:\/\/aesia.pt\/portal\/#website","url":"https:\/\/aesia.pt\/portal\/","name":"AESIA","description":"Agrupamento de Escolas de Santa Iria de Az\u00f3ia","publisher":{"@id":"https:\/\/aesia.pt\/portal\/#organization"},"alternateName":"Agrupamento de Escolas de Santa Iria de Az\u00f3ia","potentialAction":[{"@type":"SearchAction","target":{"@type":"EntryPoint","urlTemplate":"https:\/\/aesia.pt\/portal\/?s={search_term_string}"},"query-input":{"@type":"PropertyValueSpecification","valueRequired":true,"valueName":"search_term_string"}}],"inLanguage":"pt-PT"},{"@type":"Organization","@id":"https:\/\/aesia.pt\/portal\/#organization","name":"Agrupamento de Escolas de Santa Iria de Az\u00f3ia","alternateName":"AESIA","url":"https:\/\/aesia.pt\/portal\/","logo":{"@type":"ImageObject","inLanguage":"pt-PT","@id":"https:\/\/aesia.pt\/portal\/#\/schema\/logo\/image\/","url":"https:\/\/aesia.pt\/portal\/wp-content\/uploads\/2023\/04\/logo4.png","contentUrl":"https:\/\/aesia.pt\/portal\/wp-content\/uploads\/2023\/04\/logo4.png","width":162,"height":162,"caption":"Agrupamento de Escolas de Santa Iria de Az\u00f3ia"},"image":{"@id":"https:\/\/aesia.pt\/portal\/#\/schema\/logo\/image\/"},"sameAs":["https:\/\/www.facebook.com\/aesia.pt\/"]}]}},"_links":{"self":[{"href":"https:\/\/aesia.pt\/portal\/wp-json\/wp\/v2\/pages\/314","targetHints":{"allow":["GET"]}}],"collection":[{"href":"https:\/\/aesia.pt\/portal\/wp-json\/wp\/v2\/pages"}],"about":[{"href":"https:\/\/aesia.pt\/portal\/wp-json\/wp\/v2\/types\/page"}],"author":[{"embeddable":true,"href":"https:\/\/aesia.pt\/portal\/wp-json\/wp\/v2\/users\/8"}],"replies":[{"embeddable":true,"href":"https:\/\/aesia.pt\/portal\/wp-json\/wp\/v2\/comments?post=314"}],"version-history":[{"count":21,"href":"https:\/\/aesia.pt\/portal\/wp-json\/wp\/v2\/pages\/314\/revisions"}],"predecessor-version":[{"id":14608,"href":"https:\/\/aesia.pt\/portal\/wp-json\/wp\/v2\/pages\/314\/revisions\/14608"}],"up":[{"embeddable":true,"href":"https:\/\/aesia.pt\/portal\/wp-json\/wp\/v2\/pages\/225"}],"wp:attachment":[{"href":"https:\/\/aesia.pt\/portal\/wp-json\/wp\/v2\/media?parent=314"}],"curies":[{"name":"wp","href":"https:\/\/api.w.org\/{rel}","templated":true}]}}