{"id":312,"date":"2014-07-25T11:34:04","date_gmt":"2014-07-25T11:34:04","guid":{"rendered":"http:\/\/localhost:82\/aesia\/?page_id=312"},"modified":"2024-12-16T10:57:55","modified_gmt":"2024-12-16T10:57:55","slug":"conselho-administrativo","status":"publish","type":"page","link":"https:\/\/aesia.pt\/portal\/orgaos-e-competencias\/conselho-administrativo\/","title":{"rendered":"Conselho Administrativo"},"content":{"rendered":"<p><strong>Conselho Administrativo<\/strong><\/p>\n<p>O Conselho Administrativo \u00e9 o \u00f3rg\u00e3o deliberativo em mat\u00e9ria administrativo-financeira do agrupamento, nos termos da legisla\u00e7\u00e3o em vigor. Nos termos da legisla\u00e7\u00e3o em vigor o Conselho Administrativo \u00e9 constitu\u00eddo por 3 elementos: o Diretor, que preside, a adjunta do Diretor e o Chefe dos Servi\u00e7os de Administra\u00e7\u00e3o Escolar ou quem o substitua. O conselho administrativo re\u00fane ordinariamente duas vezes por m\u00eas, de acordo com o disposto no seu Regimento.<\/p>\n<p><strong>Composi\u00e7\u00e3o<\/strong><\/p>\n<p>1- Nos termos da legisla\u00e7\u00e3o em vigor o Conselho Administrativo \u00e9 constitu\u00eddo por 3 elementos:<\/p>\n<ol style=\"list-style-type: lower-alpha;\">\n<li>Ivo Cardoso &#8211; \u00a0Diretor (que preside)<\/li>\n<li>F\u00e1tima Pinto &#8211;\u00a0 Subdiretora<\/li>\n<li>Sandra Val\u00e9rio &#8211; Chefe dos Servi\u00e7os de Administra\u00e7\u00e3o Escolar<\/li>\n<\/ol>\n<p><strong>Compet\u00eancias<\/strong><\/p>\n<p>Ao Conselho Administrativo compete:<\/p>\n<ol style=\"list-style-type: lower-alpha;\">\n<li>Aprovar o projeto de or\u00e7amento anual do AESIA, em conformidade com as linhas orientadoras\u00a0definidas pelo Conselho Geral;<\/li>\n<li>Elaborar o relat\u00f3rio de contas de ger\u00eancia;<\/li>\n<li>Autorizar a realiza\u00e7\u00e3o de despesas e o respetivo pagamento, fiscalizar cobran\u00e7a de receitas e\u00a0verificar a legalidade da gest\u00e3o financeira do agrupamento;<\/li>\n<li>Zelar pela atualiza\u00e7\u00e3o do cadastro patrimonial do agrupamento;<\/li>\n<li>Exercer as demais compet\u00eancias que lhe est\u00e3o legalmente cometidas.<\/li>\n<li>Elaborar e aprovar um sistema de controlo que defina as pol\u00edticas, m\u00e9todos e procedimentos\u00a0de controlo interno, a serem aplicados pelos diferentes setores dos servi\u00e7os administrativos do\u00a0AESIA.<\/li>\n<\/ol>\n\n\n<p><\/p>\n","protected":false},"excerpt":{"rendered":"<p>Conselho Administrativo O Conselho Administrativo \u00e9 o \u00f3rg\u00e3o deliberativo em mat\u00e9ria administrativo-financeira do agrupamento, nos termos da legisla\u00e7\u00e3o em vigor.&hellip; <a class=\"continue\" href=\"https:\/\/aesia.pt\/portal\/orgaos-e-competencias\/conselho-administrativo\/\">Ler mais<span> Conselho Administrativo<\/span><\/a><\/p>\n","protected":false},"author":8,"featured_media":0,"parent":225,"menu_order":0,"comment_status":"open","ping_status":"open","template":"p_orgaos_competencias.php","meta":{"_acf_changed":false,"footnotes":""},"class_list":["post-312","page","type-page","status-publish","hentry"],"acf":[],"yoast_head":"<!-- This site is optimized with the Yoast SEO plugin v27.4 - https:\/\/yoast.com\/product\/yoast-seo-wordpress\/ -->\n<title>Conselho Administrativo &#8211; AESIA<\/title>\n<meta name=\"robots\" content=\"index, follow, max-snippet:-1, max-image-preview:large, max-video-preview:-1\" \/>\n<link rel=\"canonical\" href=\"https:\/\/aesia.pt\/portal\/orgaos-e-competencias\/conselho-administrativo\/\" \/>\n<meta property=\"og:locale\" content=\"pt_PT\" \/>\n<meta property=\"og:type\" content=\"article\" \/>\n<meta property=\"og:title\" content=\"Conselho Administrativo &#8211; AESIA\" \/>\n<meta property=\"og:description\" content=\"Conselho Administrativo O Conselho Administrativo \u00e9 o \u00f3rg\u00e3o deliberativo em mat\u00e9ria administrativo-financeira do agrupamento, nos termos da legisla\u00e7\u00e3o em vigor.&hellip; Ler mais Conselho Administrativo\" \/>\n<meta property=\"og:url\" content=\"https:\/\/aesia.pt\/portal\/orgaos-e-competencias\/conselho-administrativo\/\" \/>\n<meta property=\"og:site_name\" content=\"AESIA\" \/>\n<meta property=\"article:publisher\" content=\"https:\/\/www.facebook.com\/aesia.pt\/\" \/>\n<meta property=\"article:modified_time\" content=\"2024-12-16T10:57:55+00:00\" \/>\n<meta name=\"twitter:card\" content=\"summary_large_image\" \/>\n<meta name=\"twitter:label1\" content=\"Tempo estimado de leitura\" \/>\n\t<meta name=\"twitter:data1\" content=\"1 minuto\" \/>\n<script type=\"application\/ld+json\" class=\"yoast-schema-graph\">{\"@context\":\"https:\\\/\\\/schema.org\",\"@graph\":[{\"@type\":\"WebPage\",\"@id\":\"https:\\\/\\\/aesia.pt\\\/portal\\\/orgaos-e-competencias\\\/conselho-administrativo\\\/\",\"url\":\"https:\\\/\\\/aesia.pt\\\/portal\\\/orgaos-e-competencias\\\/conselho-administrativo\\\/\",\"name\":\"Conselho Administrativo &#8211; AESIA\",\"isPartOf\":{\"@id\":\"https:\\\/\\\/aesia.pt\\\/portal\\\/#website\"},\"datePublished\":\"2014-07-25T11:34:04+00:00\",\"dateModified\":\"2024-12-16T10:57:55+00:00\",\"breadcrumb\":{\"@id\":\"https:\\\/\\\/aesia.pt\\\/portal\\\/orgaos-e-competencias\\\/conselho-administrativo\\\/#breadcrumb\"},\"inLanguage\":\"pt-PT\",\"potentialAction\":[{\"@type\":\"ReadAction\",\"target\":[\"https:\\\/\\\/aesia.pt\\\/portal\\\/orgaos-e-competencias\\\/conselho-administrativo\\\/\"]}]},{\"@type\":\"BreadcrumbList\",\"@id\":\"https:\\\/\\\/aesia.pt\\\/portal\\\/orgaos-e-competencias\\\/conselho-administrativo\\\/#breadcrumb\",\"itemListElement\":[{\"@type\":\"ListItem\",\"position\":1,\"name\":\"Home\",\"item\":\"https:\\\/\\\/aesia.pt\\\/portal\\\/\"},{\"@type\":\"ListItem\",\"position\":2,\"name\":\"\u00d3rg\u00e3os e Estruturas\",\"item\":\"https:\\\/\\\/aesia.pt\\\/portal\\\/orgaos-e-competencias\\\/\"},{\"@type\":\"ListItem\",\"position\":3,\"name\":\"Conselho Administrativo\"}]},{\"@type\":\"WebSite\",\"@id\":\"https:\\\/\\\/aesia.pt\\\/portal\\\/#website\",\"url\":\"https:\\\/\\\/aesia.pt\\\/portal\\\/\",\"name\":\"AESIA\",\"description\":\"Agrupamento de Escolas de Santa Iria de Az\u00f3ia\",\"publisher\":{\"@id\":\"https:\\\/\\\/aesia.pt\\\/portal\\\/#organization\"},\"alternateName\":\"Agrupamento de Escolas de Santa Iria de Az\u00f3ia\",\"potentialAction\":[{\"@type\":\"SearchAction\",\"target\":{\"@type\":\"EntryPoint\",\"urlTemplate\":\"https:\\\/\\\/aesia.pt\\\/portal\\\/?s={search_term_string}\"},\"query-input\":{\"@type\":\"PropertyValueSpecification\",\"valueRequired\":true,\"valueName\":\"search_term_string\"}}],\"inLanguage\":\"pt-PT\"},{\"@type\":\"Organization\",\"@id\":\"https:\\\/\\\/aesia.pt\\\/portal\\\/#organization\",\"name\":\"Agrupamento de Escolas de Santa Iria de Az\u00f3ia\",\"alternateName\":\"AESIA\",\"url\":\"https:\\\/\\\/aesia.pt\\\/portal\\\/\",\"logo\":{\"@type\":\"ImageObject\",\"inLanguage\":\"pt-PT\",\"@id\":\"https:\\\/\\\/aesia.pt\\\/portal\\\/#\\\/schema\\\/logo\\\/image\\\/\",\"url\":\"https:\\\/\\\/aesia.pt\\\/portal\\\/wp-content\\\/uploads\\\/2023\\\/04\\\/logo4.png\",\"contentUrl\":\"https:\\\/\\\/aesia.pt\\\/portal\\\/wp-content\\\/uploads\\\/2023\\\/04\\\/logo4.png\",\"width\":162,\"height\":162,\"caption\":\"Agrupamento de Escolas de Santa Iria de Az\u00f3ia\"},\"image\":{\"@id\":\"https:\\\/\\\/aesia.pt\\\/portal\\\/#\\\/schema\\\/logo\\\/image\\\/\"},\"sameAs\":[\"https:\\\/\\\/www.facebook.com\\\/aesia.pt\\\/\"]}]}<\/script>\n<!-- \/ Yoast SEO plugin. -->","yoast_head_json":{"title":"Conselho Administrativo &#8211; AESIA","robots":{"index":"index","follow":"follow","max-snippet":"max-snippet:-1","max-image-preview":"max-image-preview:large","max-video-preview":"max-video-preview:-1"},"canonical":"https:\/\/aesia.pt\/portal\/orgaos-e-competencias\/conselho-administrativo\/","og_locale":"pt_PT","og_type":"article","og_title":"Conselho Administrativo &#8211; AESIA","og_description":"Conselho Administrativo O Conselho Administrativo \u00e9 o \u00f3rg\u00e3o deliberativo em mat\u00e9ria administrativo-financeira do agrupamento, nos termos da legisla\u00e7\u00e3o em vigor.&hellip; Ler mais Conselho Administrativo","og_url":"https:\/\/aesia.pt\/portal\/orgaos-e-competencias\/conselho-administrativo\/","og_site_name":"AESIA","article_publisher":"https:\/\/www.facebook.com\/aesia.pt\/","article_modified_time":"2024-12-16T10:57:55+00:00","twitter_card":"summary_large_image","twitter_misc":{"Tempo estimado de leitura":"1 minuto"},"schema":{"@context":"https:\/\/schema.org","@graph":[{"@type":"WebPage","@id":"https:\/\/aesia.pt\/portal\/orgaos-e-competencias\/conselho-administrativo\/","url":"https:\/\/aesia.pt\/portal\/orgaos-e-competencias\/conselho-administrativo\/","name":"Conselho Administrativo &#8211; AESIA","isPartOf":{"@id":"https:\/\/aesia.pt\/portal\/#website"},"datePublished":"2014-07-25T11:34:04+00:00","dateModified":"2024-12-16T10:57:55+00:00","breadcrumb":{"@id":"https:\/\/aesia.pt\/portal\/orgaos-e-competencias\/conselho-administrativo\/#breadcrumb"},"inLanguage":"pt-PT","potentialAction":[{"@type":"ReadAction","target":["https:\/\/aesia.pt\/portal\/orgaos-e-competencias\/conselho-administrativo\/"]}]},{"@type":"BreadcrumbList","@id":"https:\/\/aesia.pt\/portal\/orgaos-e-competencias\/conselho-administrativo\/#breadcrumb","itemListElement":[{"@type":"ListItem","position":1,"name":"Home","item":"https:\/\/aesia.pt\/portal\/"},{"@type":"ListItem","position":2,"name":"\u00d3rg\u00e3os e Estruturas","item":"https:\/\/aesia.pt\/portal\/orgaos-e-competencias\/"},{"@type":"ListItem","position":3,"name":"Conselho Administrativo"}]},{"@type":"WebSite","@id":"https:\/\/aesia.pt\/portal\/#website","url":"https:\/\/aesia.pt\/portal\/","name":"AESIA","description":"Agrupamento de Escolas de Santa Iria de Az\u00f3ia","publisher":{"@id":"https:\/\/aesia.pt\/portal\/#organization"},"alternateName":"Agrupamento de Escolas de Santa Iria de Az\u00f3ia","potentialAction":[{"@type":"SearchAction","target":{"@type":"EntryPoint","urlTemplate":"https:\/\/aesia.pt\/portal\/?s={search_term_string}"},"query-input":{"@type":"PropertyValueSpecification","valueRequired":true,"valueName":"search_term_string"}}],"inLanguage":"pt-PT"},{"@type":"Organization","@id":"https:\/\/aesia.pt\/portal\/#organization","name":"Agrupamento de Escolas de Santa Iria de Az\u00f3ia","alternateName":"AESIA","url":"https:\/\/aesia.pt\/portal\/","logo":{"@type":"ImageObject","inLanguage":"pt-PT","@id":"https:\/\/aesia.pt\/portal\/#\/schema\/logo\/image\/","url":"https:\/\/aesia.pt\/portal\/wp-content\/uploads\/2023\/04\/logo4.png","contentUrl":"https:\/\/aesia.pt\/portal\/wp-content\/uploads\/2023\/04\/logo4.png","width":162,"height":162,"caption":"Agrupamento de Escolas de Santa Iria de Az\u00f3ia"},"image":{"@id":"https:\/\/aesia.pt\/portal\/#\/schema\/logo\/image\/"},"sameAs":["https:\/\/www.facebook.com\/aesia.pt\/"]}]}},"_links":{"self":[{"href":"https:\/\/aesia.pt\/portal\/wp-json\/wp\/v2\/pages\/312","targetHints":{"allow":["GET"]}}],"collection":[{"href":"https:\/\/aesia.pt\/portal\/wp-json\/wp\/v2\/pages"}],"about":[{"href":"https:\/\/aesia.pt\/portal\/wp-json\/wp\/v2\/types\/page"}],"author":[{"embeddable":true,"href":"https:\/\/aesia.pt\/portal\/wp-json\/wp\/v2\/users\/8"}],"replies":[{"embeddable":true,"href":"https:\/\/aesia.pt\/portal\/wp-json\/wp\/v2\/comments?post=312"}],"version-history":[{"count":8,"href":"https:\/\/aesia.pt\/portal\/wp-json\/wp\/v2\/pages\/312\/revisions"}],"predecessor-version":[{"id":13642,"href":"https:\/\/aesia.pt\/portal\/wp-json\/wp\/v2\/pages\/312\/revisions\/13642"}],"up":[{"embeddable":true,"href":"https:\/\/aesia.pt\/portal\/wp-json\/wp\/v2\/pages\/225"}],"wp:attachment":[{"href":"https:\/\/aesia.pt\/portal\/wp-json\/wp\/v2\/media?parent=312"}],"curies":[{"name":"wp","href":"https:\/\/api.w.org\/{rel}","templated":true}]}}