{"id":2037,"date":"2015-09-14T22:19:38","date_gmt":"2015-09-14T22:19:38","guid":{"rendered":"http:\/\/aesia.pt\/portal\/?page_id=2037"},"modified":"2015-09-15T13:42:26","modified_gmt":"2015-09-15T13:42:26","slug":"merito-de-excelencias-2015","status":"publish","type":"page","link":"https:\/\/aesia.pt\/portal\/merito-de-excelencias-2015\/","title":{"rendered":"M\u00e9rito de Excel\u00eancia 2015"},"content":{"rendered":"<p style=\"text-align: center;\"><strong>ALUNOS DE QUADRO DE M\u00c9RITO DE EXCEL\u00caNCIA 2014\/2015<\/strong><\/p>\n<p style=\"text-align: center;\"><strong>1\u00ba Ano<\/strong><\/p>\n<p style=\"text-align: center;\">1\u00ba BV1A Dorotea Miclaus<\/p>\n<p style=\"text-align: center;\">1\u00ba BV1A Leonardo Alexandre Sousa dos Santos<\/p>\n<p style=\"text-align: center;\">1\u00ba BV1A Jo\u00e3o Barral Godinho Lopes<\/p>\n<p style=\"text-align: center;\">1\u00ba BV1A Margarida Barral Godinho Lopes<\/p>\n<p style=\"text-align: center;\">1\u00ba BV1A Mariana Ver\u00edssimo Afonso<\/p>\n<p style=\"text-align: center;\">1\u00ba BV1A Pen\u00e9lope Francisca Leite Martins<\/p>\n<p style=\"text-align: center;\">1\u00ba BV1B Laura Pinto Duarte<\/p>\n<p style=\"text-align: center;\">1\u00ba BC1A Afonso Marques Godinho<\/p>\n<p style=\"text-align: center;\">1\u00ba BC1A Anast\u00e1cia Ilashchuk<\/p>\n<p style=\"text-align: center;\">1\u00ba BC1A Daniela Costa Sim\u00f5es<\/p>\n<p style=\"text-align: center;\">1\u00ba BC1A Francisco Jos\u00e9 A. Silva Macedo Ferreira<\/p>\n<p style=\"text-align: center;\">1\u00ba AE1A Diana Duanmu<\/p>\n<p style=\"text-align: center;\">1\u00ba AE1A Gon\u00e7alo Silva Neves<\/p>\n<p style=\"text-align: center;\">1\u00ba FP1A B\u00e1rbara Sofia Nascimento Fernandes<\/p>\n<p style=\"text-align: center;\">1\u00ba FP1A Bela Almeida Ferreira<\/p>\n<p style=\"text-align: center;\">1\u00ba VR1A In\u00eas Laja Mateus<\/p>\n<p style=\"text-align: center;\">1\u00ba VR1A Rita Sofia Pombeiro Caba\u00e7o<\/p>\n<p style=\"text-align: center;\"><strong>2\u00ba Ano<\/strong><\/p>\n<p style=\"text-align: center;\">2\u00ba BV2B Jo\u00e3o Rafael Ferreira Freire dos Santos<\/p>\n<p style=\"text-align: center;\">2\u00ba BV2B Luana Correia Tavares<\/p>\n<p style=\"text-align: center;\">2\u00ba BV2B Mariana de Jesus Neto de Carvalho<\/p>\n<p style=\"text-align: center;\">2\u00ba BV2B Rafaela dos Reis Teixeira<\/p>\n<p style=\"text-align: center;\">2\u00ba BC2A Ana Sofia Ventura Silvestre<\/p>\n<p style=\"text-align: center;\">2\u00ba BC2A Manuel Paulino Weber<\/p>\n<p style=\"text-align: center;\">2\u00ba BC2A Marta Gon\u00e7alves Carvalho<\/p>\n<p style=\"text-align: center;\">2\u00ba BC2A Miguel Afonso dos Santos Dantas<\/p>\n<p style=\"text-align: center;\">2\u00ba BC2A Pedro Miguel Fernandes Castelo Branco<\/p>\n<p style=\"text-align: center;\">2\u00ba BC2A Rafael Oliveira Passaporte<\/p>\n<p style=\"text-align: center;\">2\u00ba BC2A Raquel Sofia Martins Gon\u00e7alves<\/p>\n<p style=\"text-align: center;\">2\u00ba AE2A Mariana Rodrigues Teixeira<\/p>\n<p style=\"text-align: center;\">2\u00ba FP2A Laura Fonseca Brand\u00e3o<\/p>\n<p style=\"text-align: center;\">2\u00ba FP2A Raquel Serra Campos Silva<\/p>\n<p style=\"text-align: center;\">2\u00ba VR2A Beatriz Machado Febre<\/p>\n<p style=\"text-align: center;\">2\u00ba VR2A Rita Valente Lopes<\/p>\n<p style=\"text-align: center;\">2\u00ba VR2A Rodrigo Bernardo Boleto<\/p>\n<p style=\"text-align: center;\">2\u00ba VR2A Tom\u00e1s Bil\u00e9 Lopes<\/p>\n<p style=\"text-align: center;\">2\u00ba VR2B Leonor da Silva Carapinha<\/p>\n<p style=\"text-align: center;\">2\u00ba VR2B Matilde Gualdrapa Corricas<\/p>\n<p style=\"text-align: center;\"><strong>3\u00ba Ano<\/strong><\/p>\n<p style=\"text-align: center;\">3\u00ba BV3A Gabriel Costa Cunha<\/p>\n<p style=\"text-align: center;\">3\u00ba BV3A Margarida Oliveira Febre<\/p>\n<p style=\"text-align: center;\">3\u00ba BC3A Mafalda Lopes Salgado Moreno<\/p>\n<p style=\"text-align: center;\">3\u00ba AE3A David Godinho Camacho<\/p>\n<p style=\"text-align: center;\">3\u00ba AE3A Madalena Pintor Dias Gon\u00e7alves<\/p>\n<p style=\"text-align: center;\">3\u00ba AE3A Mara Martins da Silva<\/p>\n<p style=\"text-align: center;\">3\u00ba AE3A Matilde Figueiredo Marinho<\/p>\n<p style=\"text-align: center;\">3\u00ba AE3B Carolina Filipa Greg\u00f3rio Rodrigues<\/p>\n<p style=\"text-align: center;\">3\u00ba FP3A Beatriz Guilherme da Silva<\/p>\n<p style=\"text-align: center;\">3\u00ba FP3A In\u00eas Tom\u00e9 Batista<\/p>\n<p style=\"text-align: center;\">3\u00ba VR2B Beatriz Badalo de Almeida<\/p>\n<p style=\"text-align: center;\">3\u00ba VR2B Catarina Fernandes Martinho<\/p>\n<p style=\"text-align: center;\">3\u00ba VR2B Guilherme Fernandes Dias<\/p>\n<p style=\"text-align: center;\">3\u00ba VR3A Bianca Filipa Ara\u00fajo Rom\u00e3o<\/p>\n<p style=\"text-align: center;\">3\u00ba VR3A Maria Leonor da Costa Capela de Ferro Bar\u00e3o<\/p>\n<p style=\"text-align: center;\">3\u00ba VR3A Rafael Silvestre Lopes<\/p>\n<p style=\"text-align: center;\"><strong>4\u00ba Ano<\/strong><\/p>\n<p style=\"text-align: center;\">4\u00ba BV4A Ricardo Barral Godinho Lopes<\/p>\n<p style=\"text-align: center;\">4\u00ba BC4A Ernesto Miguel de Matos Sena<\/p>\n<p style=\"text-align: center;\">4\u00ba BC4A Patr\u00edcia Marcos Calejo<\/p>\n<p style=\"text-align: center;\">4\u00ba AE4A Renato Mota Manuel<\/p>\n<p style=\"text-align: center;\">4\u00ba AE4A Sara Gaud\u00eancio Soeiro<\/p>\n<p style=\"text-align: center;\">4\u00ba AE4B Duarte Caldeira Fernandes<\/p>\n<p style=\"text-align: center;\">4\u00ba AE4B Matilde Mendon\u00e7a Consolado<\/p>\n<p style=\"text-align: center;\">4\u00ba FP4A Ana Margarida Mota Cunha<\/p>\n<p style=\"text-align: center;\">4\u00ba FP4A Maria In\u00eas Silva Lopes Pinheiro<\/p>\n<p style=\"text-align: center;\">4\u00ba VR4A J\u00e9ssica Vieira Beley<\/p>\n<p style=\"text-align: center;\">4\u00ba VR4A Maria Beatriz M. Gon\u00e7alves V. Albuquerque<\/p>\n<p style=\"text-align: center;\">4\u00ba VR4A Tom\u00e1s Mendes Gon\u00e7alves<\/p>\n<p style=\"text-align: center;\"><strong>5\u00ba Ano<\/strong><\/p>\n<p style=\"text-align: center;\">5\u00ba A Lara Silva<\/p>\n<p style=\"text-align: center;\">5\u00ba B Carolina Paulico<\/p>\n<p style=\"text-align: center;\">5\u00ba B Leonor Heitor<\/p>\n<p style=\"text-align: center;\">5\u00ba B Raquel Espadinha<\/p>\n<p style=\"text-align: center;\">5\u00ba D Beatriz Gomes<\/p>\n<p style=\"text-align: center;\">5\u00ba D Marta Mesquita<\/p>\n<p style=\"text-align: center;\">5\u00ba E Maria Ribeiro<\/p>\n<p style=\"text-align: center;\">5\u00ba E Patr\u00edcia Antunes<\/p>\n<p style=\"text-align: center;\">5\u00ba F Filipa Pereira<\/p>\n<p style=\"text-align: center;\">5\u00ba G Joana Ferreira<\/p>\n<p style=\"text-align: center;\">5\u00ba G Jo\u00e3o Cardoso<\/p>\n<p style=\"text-align: center;\"><strong>6\u00ba Ano<\/strong><\/p>\n<p style=\"text-align: center;\">6\u00ba A Pedro Can\u00e1rio<\/p>\n<p style=\"text-align: center;\">6\u00ba A Matilde Barros<\/p>\n<p style=\"text-align: center;\">6\u00ba A Manuel Dias<\/p>\n<p style=\"text-align: center;\">6\u00ba B Marta Silva<\/p>\n<p style=\"text-align: center;\">6\u00ba C Mariana Zambujo<\/p>\n<p style=\"text-align: center;\">6\u00ba C Rafael Marques<\/p>\n<p style=\"text-align: center;\">6\u00ba D Bernardo Moura<\/p>\n<p style=\"text-align: center;\">6\u00ba D Pedro Martinho<\/p>\n<p style=\"text-align: center;\">6\u00ba D Tiago Pardal<\/p>\n<p style=\"text-align: center;\">6\u00ba E Ana Dias<\/p>\n<p style=\"text-align: center;\">6\u00ba F Diana Lopes<\/p>\n<p style=\"text-align: center;\">6\u00ba F Joana Rodrigues<\/p>\n<p style=\"text-align: center;\">6\u00ba F Tiago Alexandre<\/p>\n<p style=\"text-align: center;\">6\u00ba G Miguel Silva<\/p>\n<p style=\"text-align: center;\"><strong>7\u00ba Ano<\/strong><\/p>\n<p style=\"text-align: center;\">7\u00ba A Raquel Do Vale<\/p>\n<p style=\"text-align: center;\">7\u00ba D Beatriz Lopes<\/p>\n<p style=\"text-align: center;\">7\u00ba D Madalena Costa<\/p>\n<p style=\"text-align: center;\">7\u00ba D Miguel Carvalho<\/p>\n<p style=\"text-align: center;\">7\u00ba E Beatriz Silva<\/p>\n<p style=\"text-align: center;\">7\u00ba E Diana Costa<\/p>\n<p style=\"text-align: center;\">7\u00ba E Mariana Pereira<\/p>\n<p style=\"text-align: center;\">7\u00ba F Jo\u00e3o Silva<\/p>\n<p style=\"text-align: center;\">7\u00ba G Mariana Sai\u00e3o<\/p>\n<p style=\"text-align: center;\"><strong>8o Ano<\/strong><\/p>\n<p style=\"text-align: center;\">8\u00ba A In\u00eas Pardal<\/p>\n<p style=\"text-align: center;\">8\u00ba A Mihaela Vinocurov<\/p>\n<p style=\"text-align: center;\">8\u00ba A Sandra Pinto<\/p>\n<p style=\"text-align: center;\">8\u00ba B Ana Rocha<\/p>\n<p style=\"text-align: center;\">8\u00ba B Guilherme Costa<\/p>\n<p style=\"text-align: center;\">8\u00ba D Beatriz Machado<\/p>\n<p style=\"text-align: center;\">8\u00ba E Ricardo Carvalho<\/p>\n<p style=\"text-align: center;\"><strong>9\u00ba Ano<\/strong><\/p>\n<p style=\"text-align: center;\">9\u00ba A Andr\u00e9 Guerreiro<\/p>\n<p style=\"text-align: center;\">9\u00ba A Beatriz Boavida<\/p>\n<p style=\"text-align: center;\">9\u00ba A Gon\u00e7alo Silva<\/p>\n<p style=\"text-align: center;\">9\u00ba A Ricardo Matos<\/p>\n<p style=\"text-align: center;\">9\u00ba A Rita Louren\u00e7o<\/p>\n<p style=\"text-align: center;\">9\u00ba A Sofia Louren\u00e7o<\/p>\n<p style=\"text-align: center;\">9\u00ba D Rita Pinheiro<\/p>\n","protected":false},"excerpt":{"rendered":"<p>ALUNOS DE QUADRO DE M\u00c9RITO DE EXCEL\u00caNCIA 2014\/2015 1\u00ba Ano 1\u00ba BV1A Dorotea Miclaus 1\u00ba BV1A Leonardo Alexandre Sousa dos&hellip; <a class=\"continue\" href=\"https:\/\/aesia.pt\/portal\/merito-de-excelencias-2015\/\">Ler mais<span> M\u00e9rito de Excel\u00eancia 2015<\/span><\/a><\/p>\n","protected":false},"author":8,"featured_media":0,"parent":0,"menu_order":0,"comment_status":"closed","ping_status":"closed","template":"","meta":{"_acf_changed":false,"footnotes":""},"class_list":["post-2037","page","type-page","status-publish","hentry"],"acf":[],"yoast_head":"<!-- This site is optimized with the Yoast SEO plugin v27.3 - https:\/\/yoast.com\/product\/yoast-seo-wordpress\/ -->\n<title>M\u00e9rito de Excel\u00eancia 2015 &#8211; AESIA<\/title>\n<meta name=\"robots\" content=\"index, follow, max-snippet:-1, max-image-preview:large, max-video-preview:-1\" \/>\n<link rel=\"canonical\" href=\"https:\/\/aesia.pt\/portal\/merito-de-excelencias-2015\/\" \/>\n<meta property=\"og:locale\" content=\"pt_PT\" \/>\n<meta property=\"og:type\" content=\"article\" \/>\n<meta property=\"og:title\" content=\"M\u00e9rito de Excel\u00eancia 2015 &#8211; AESIA\" \/>\n<meta property=\"og:description\" content=\"ALUNOS DE QUADRO DE M\u00c9RITO DE EXCEL\u00caNCIA 2014\/2015 1\u00ba Ano 1\u00ba BV1A Dorotea Miclaus 1\u00ba BV1A Leonardo Alexandre Sousa dos&hellip; Ler mais M\u00e9rito de Excel\u00eancia 2015\" \/>\n<meta property=\"og:url\" content=\"https:\/\/aesia.pt\/portal\/merito-de-excelencias-2015\/\" \/>\n<meta property=\"og:site_name\" content=\"AESIA\" \/>\n<meta property=\"article:publisher\" content=\"https:\/\/www.facebook.com\/aesia.pt\/\" \/>\n<meta property=\"article:modified_time\" content=\"2015-09-15T13:42:26+00:00\" \/>\n<meta name=\"twitter:card\" content=\"summary_large_image\" \/>\n<meta name=\"twitter:label1\" content=\"Tempo estimado de leitura\" \/>\n\t<meta name=\"twitter:data1\" content=\"3 minutos\" \/>\n<script type=\"application\/ld+json\" class=\"yoast-schema-graph\">{\"@context\":\"https:\\\/\\\/schema.org\",\"@graph\":[{\"@type\":\"WebPage\",\"@id\":\"https:\\\/\\\/aesia.pt\\\/portal\\\/merito-de-excelencias-2015\\\/\",\"url\":\"https:\\\/\\\/aesia.pt\\\/portal\\\/merito-de-excelencias-2015\\\/\",\"name\":\"M\u00e9rito de Excel\u00eancia 2015 &#8211; AESIA\",\"isPartOf\":{\"@id\":\"https:\\\/\\\/aesia.pt\\\/portal\\\/#website\"},\"datePublished\":\"2015-09-14T22:19:38+00:00\",\"dateModified\":\"2015-09-15T13:42:26+00:00\",\"breadcrumb\":{\"@id\":\"https:\\\/\\\/aesia.pt\\\/portal\\\/merito-de-excelencias-2015\\\/#breadcrumb\"},\"inLanguage\":\"pt-PT\",\"potentialAction\":[{\"@type\":\"ReadAction\",\"target\":[\"https:\\\/\\\/aesia.pt\\\/portal\\\/merito-de-excelencias-2015\\\/\"]}]},{\"@type\":\"BreadcrumbList\",\"@id\":\"https:\\\/\\\/aesia.pt\\\/portal\\\/merito-de-excelencias-2015\\\/#breadcrumb\",\"itemListElement\":[{\"@type\":\"ListItem\",\"position\":1,\"name\":\"Home\",\"item\":\"https:\\\/\\\/aesia.pt\\\/portal\\\/\"},{\"@type\":\"ListItem\",\"position\":2,\"name\":\"M\u00e9rito de Excel\u00eancia 2015\"}]},{\"@type\":\"WebSite\",\"@id\":\"https:\\\/\\\/aesia.pt\\\/portal\\\/#website\",\"url\":\"https:\\\/\\\/aesia.pt\\\/portal\\\/\",\"name\":\"AESIA\",\"description\":\"Agrupamento de Escolas de Santa Iria de Az\u00f3ia\",\"publisher\":{\"@id\":\"https:\\\/\\\/aesia.pt\\\/portal\\\/#organization\"},\"alternateName\":\"Agrupamento de Escolas de Santa Iria de Az\u00f3ia\",\"potentialAction\":[{\"@type\":\"SearchAction\",\"target\":{\"@type\":\"EntryPoint\",\"urlTemplate\":\"https:\\\/\\\/aesia.pt\\\/portal\\\/?s={search_term_string}\"},\"query-input\":{\"@type\":\"PropertyValueSpecification\",\"valueRequired\":true,\"valueName\":\"search_term_string\"}}],\"inLanguage\":\"pt-PT\"},{\"@type\":\"Organization\",\"@id\":\"https:\\\/\\\/aesia.pt\\\/portal\\\/#organization\",\"name\":\"Agrupamento de Escolas de Santa Iria de Az\u00f3ia\",\"alternateName\":\"AESIA\",\"url\":\"https:\\\/\\\/aesia.pt\\\/portal\\\/\",\"logo\":{\"@type\":\"ImageObject\",\"inLanguage\":\"pt-PT\",\"@id\":\"https:\\\/\\\/aesia.pt\\\/portal\\\/#\\\/schema\\\/logo\\\/image\\\/\",\"url\":\"https:\\\/\\\/aesia.pt\\\/portal\\\/wp-content\\\/uploads\\\/2023\\\/04\\\/logo4.png\",\"contentUrl\":\"https:\\\/\\\/aesia.pt\\\/portal\\\/wp-content\\\/uploads\\\/2023\\\/04\\\/logo4.png\",\"width\":162,\"height\":162,\"caption\":\"Agrupamento de Escolas de Santa Iria de Az\u00f3ia\"},\"image\":{\"@id\":\"https:\\\/\\\/aesia.pt\\\/portal\\\/#\\\/schema\\\/logo\\\/image\\\/\"},\"sameAs\":[\"https:\\\/\\\/www.facebook.com\\\/aesia.pt\\\/\"]}]}<\/script>\n<!-- \/ Yoast SEO plugin. -->","yoast_head_json":{"title":"M\u00e9rito de Excel\u00eancia 2015 &#8211; AESIA","robots":{"index":"index","follow":"follow","max-snippet":"max-snippet:-1","max-image-preview":"max-image-preview:large","max-video-preview":"max-video-preview:-1"},"canonical":"https:\/\/aesia.pt\/portal\/merito-de-excelencias-2015\/","og_locale":"pt_PT","og_type":"article","og_title":"M\u00e9rito de Excel\u00eancia 2015 &#8211; AESIA","og_description":"ALUNOS DE QUADRO DE M\u00c9RITO DE EXCEL\u00caNCIA 2014\/2015 1\u00ba Ano 1\u00ba BV1A Dorotea Miclaus 1\u00ba BV1A Leonardo Alexandre Sousa dos&hellip; Ler mais M\u00e9rito de Excel\u00eancia 2015","og_url":"https:\/\/aesia.pt\/portal\/merito-de-excelencias-2015\/","og_site_name":"AESIA","article_publisher":"https:\/\/www.facebook.com\/aesia.pt\/","article_modified_time":"2015-09-15T13:42:26+00:00","twitter_card":"summary_large_image","twitter_misc":{"Tempo estimado de leitura":"3 minutos"},"schema":{"@context":"https:\/\/schema.org","@graph":[{"@type":"WebPage","@id":"https:\/\/aesia.pt\/portal\/merito-de-excelencias-2015\/","url":"https:\/\/aesia.pt\/portal\/merito-de-excelencias-2015\/","name":"M\u00e9rito de Excel\u00eancia 2015 &#8211; AESIA","isPartOf":{"@id":"https:\/\/aesia.pt\/portal\/#website"},"datePublished":"2015-09-14T22:19:38+00:00","dateModified":"2015-09-15T13:42:26+00:00","breadcrumb":{"@id":"https:\/\/aesia.pt\/portal\/merito-de-excelencias-2015\/#breadcrumb"},"inLanguage":"pt-PT","potentialAction":[{"@type":"ReadAction","target":["https:\/\/aesia.pt\/portal\/merito-de-excelencias-2015\/"]}]},{"@type":"BreadcrumbList","@id":"https:\/\/aesia.pt\/portal\/merito-de-excelencias-2015\/#breadcrumb","itemListElement":[{"@type":"ListItem","position":1,"name":"Home","item":"https:\/\/aesia.pt\/portal\/"},{"@type":"ListItem","position":2,"name":"M\u00e9rito de Excel\u00eancia 2015"}]},{"@type":"WebSite","@id":"https:\/\/aesia.pt\/portal\/#website","url":"https:\/\/aesia.pt\/portal\/","name":"AESIA","description":"Agrupamento de Escolas de Santa Iria de Az\u00f3ia","publisher":{"@id":"https:\/\/aesia.pt\/portal\/#organization"},"alternateName":"Agrupamento de Escolas de Santa Iria de Az\u00f3ia","potentialAction":[{"@type":"SearchAction","target":{"@type":"EntryPoint","urlTemplate":"https:\/\/aesia.pt\/portal\/?s={search_term_string}"},"query-input":{"@type":"PropertyValueSpecification","valueRequired":true,"valueName":"search_term_string"}}],"inLanguage":"pt-PT"},{"@type":"Organization","@id":"https:\/\/aesia.pt\/portal\/#organization","name":"Agrupamento de Escolas de Santa Iria de Az\u00f3ia","alternateName":"AESIA","url":"https:\/\/aesia.pt\/portal\/","logo":{"@type":"ImageObject","inLanguage":"pt-PT","@id":"https:\/\/aesia.pt\/portal\/#\/schema\/logo\/image\/","url":"https:\/\/aesia.pt\/portal\/wp-content\/uploads\/2023\/04\/logo4.png","contentUrl":"https:\/\/aesia.pt\/portal\/wp-content\/uploads\/2023\/04\/logo4.png","width":162,"height":162,"caption":"Agrupamento de Escolas de Santa Iria de Az\u00f3ia"},"image":{"@id":"https:\/\/aesia.pt\/portal\/#\/schema\/logo\/image\/"},"sameAs":["https:\/\/www.facebook.com\/aesia.pt\/"]}]}},"_links":{"self":[{"href":"https:\/\/aesia.pt\/portal\/wp-json\/wp\/v2\/pages\/2037","targetHints":{"allow":["GET"]}}],"collection":[{"href":"https:\/\/aesia.pt\/portal\/wp-json\/wp\/v2\/pages"}],"about":[{"href":"https:\/\/aesia.pt\/portal\/wp-json\/wp\/v2\/types\/page"}],"author":[{"embeddable":true,"href":"https:\/\/aesia.pt\/portal\/wp-json\/wp\/v2\/users\/8"}],"replies":[{"embeddable":true,"href":"https:\/\/aesia.pt\/portal\/wp-json\/wp\/v2\/comments?post=2037"}],"version-history":[{"count":6,"href":"https:\/\/aesia.pt\/portal\/wp-json\/wp\/v2\/pages\/2037\/revisions"}],"predecessor-version":[{"id":2065,"href":"https:\/\/aesia.pt\/portal\/wp-json\/wp\/v2\/pages\/2037\/revisions\/2065"}],"wp:attachment":[{"href":"https:\/\/aesia.pt\/portal\/wp-json\/wp\/v2\/media?parent=2037"}],"curies":[{"name":"wp","href":"https:\/\/api.w.org\/{rel}","templated":true}]}}