{"id":14815,"date":"2025-02-06T11:59:07","date_gmt":"2025-02-06T11:59:07","guid":{"rendered":"https:\/\/aesia.pt\/portal\/?page_id=14815"},"modified":"2025-03-12T22:40:00","modified_gmt":"2025-03-12T22:40:00","slug":"provas-ensaio-2025-provas-moda","status":"publish","type":"page","link":"https:\/\/aesia.pt\/portal\/provas-finais\/provas-ensaio-2025-provas-moda\/","title":{"rendered":"PROVAS-ENSAIO 2025 \/ PROVAS ModA"},"content":{"rendered":"<div class=\"wp-block-image\">\n<figure class=\"aligncenter size-large\"><a href=\"https:\/\/aesia.pt\/portal\/wp-content\/uploads\/2025\/02\/provas_ensaio_2025-1.png\"><img loading=\"lazy\" decoding=\"async\" width=\"1024\" height=\"298\" src=\"https:\/\/aesia.pt\/portal\/wp-content\/uploads\/2025\/02\/provas_ensaio_2025-1-1024x298.png\" alt=\"\" class=\"wp-image-14821\" srcset=\"https:\/\/aesia.pt\/portal\/wp-content\/uploads\/2025\/02\/provas_ensaio_2025-1-1024x298.png 1024w, https:\/\/aesia.pt\/portal\/wp-content\/uploads\/2025\/02\/provas_ensaio_2025-1-300x87.png 300w, https:\/\/aesia.pt\/portal\/wp-content\/uploads\/2025\/02\/provas_ensaio_2025-1-768x223.png 768w, https:\/\/aesia.pt\/portal\/wp-content\/uploads\/2025\/02\/provas_ensaio_2025-1.png 1107w\" sizes=\"auto, (max-width: 1024px) 100vw, 1024px\" \/><\/a><\/figure>\n<\/div>\n\n\n<p>Este ano, as provas ModA (Monitoriza\u00e7\u00e3o da Aprendizagem), para os alunos de&nbsp;<strong>4\u00ba e 6\u00ba ano<\/strong>, e as provas finais do ensino b\u00e1sico, para o&nbsp;<strong>9\u00ba ano<\/strong>, decorrem em suporte digital.<\/p>\n\n\n\n<p>Durante o m\u00eas de fevereiro ir\u00e3o realizar-se provas-ensaio para estas provas, de modo a que&nbsp;os&nbsp;alunos se possam familiarizar com o suporte digital em contexto de avalia\u00e7\u00e3o.<\/p>\n\n\n\n<p><strong>Aplica\u00e7\u00e3o (APP) para a realiza\u00e7\u00e3o das Provas<\/strong><\/p>\n\n\n\n<p>Informamos assim que,&nbsp;de acordo com&nbsp;orienta\u00e7\u00f5es&nbsp;do J\u00fari Nacional de Exames,&nbsp;<strong>a realiza\u00e7\u00e3o das&nbsp;Provas-Ensaio implica&nbsp;a instala\u00e7\u00e3o&nbsp;da aplica\u00e7\u00e3o<\/strong>&nbsp;&nbsp;<strong>Provas IAVE&nbsp;<\/strong>&nbsp;nos computadores dos alunos que ir\u00e3o realizar&nbsp;estas provas (4\u00ba, 6\u00ba e 9\u00ba anos).<\/p>\n\n\n\n<p><strong>Destacamos a import\u00e2ncia da instala\u00e7\u00e3o desta aplica\u00e7\u00e3o nos computadores dos alunos antes do dia da realiza\u00e7\u00e3o da primeira prova escrita:<\/strong><\/p>\n\n\n\n<ul class=\"wp-block-list\">\n<li>4\u00ba ano &#8211; instalar at\u00e9 dia&nbsp;10 de fevereiro<\/li>\n\n\n\n<li>6\u00ba ano &#8211; instalar at\u00e9 ao dia&nbsp;11 de fevereiro<\/li>\n\n\n\n<li>9\u00ba ano &#8211; instalar at\u00e9 ao dia 11 de fevereiro<\/li>\n<\/ul>\n\n\n\n<p>Os alunos e EE que frequentam estes anos de escolaridade podem ver aqui todas as informa\u00e7\u00f5es necess\u00e1rias para a realiza\u00e7\u00e3o das provas.<\/p>\n\n\n\n<p><strong><mark style=\"background-color:rgba(0, 0, 0, 0)\" class=\"has-inline-color has-vivid-cyan-blue-color\">INFORMA\u00c7\u00d5ES GERAIS <\/mark><\/strong><\/p>\n\n\n\n<ul class=\"wp-block-list\">\n<li><a href=\"https:\/\/drive.google.com\/file\/d\/1kMpWThVxM_X0grQGVFEYEGTc9FVl3xxK\/view?usp=drive_link\">Informa\u00e7\u00e3o &#8211; Prova Geral (IAVE)<\/a>;<\/li>\n\n\n\n<li><a href=\"https:\/\/drive.google.com\/file\/d\/107jZ0TrhD_yX72suXbFVd_I9uy7BRzKo\/view?usp=drive_link\">Preparar o Digit@l &#8211; provas-ensaio 2025 (IAVE)<\/a>;<\/li>\n\n\n\n<li><a href=\"https:\/\/drive.google.com\/file\/d\/1q6Bq2_uuK3Nb33ezK9QzAUrtewNlM97_\/view?usp=drive_link\">Despacho n.\u00ba 14526\/2024<\/a> (Aprova\u00e7\u00e3o do calend\u00e1rio 24-25 para as provas e exames);<\/li>\n\n\n\n<li><a href=\"https:\/\/drive.google.com\/file\/d\/1UdEeC4RdP2HvOjQJlsutNLmGR4pU7QGe\/view?usp=sharing\">Despacho Normativo n\u00ba 2-A\/2025<\/a> (Aprova\u00e7\u00e3o do Regulamento das Provas de Avalia\u00e7\u00e3o Externa e das Provas de Equival\u00eancia \u00e0 Frequ\u00eancia);<\/li>\n\n\n\n<li><a href=\"https:\/\/drive.google.com\/file\/d\/1d7PmEij60q_FWrQWVUVqFZMr8ciG4zB6\/view?usp=drive_link\">Provas-Ensaio (J\u00fari Nacional de Exames)<\/a>.<\/li>\n<\/ul>\n\n\n\n<p><mark style=\"background-color:rgba(0, 0, 0, 0)\" class=\"has-inline-color has-vivid-cyan-blue-color\"><strong>DATAS E MATERIAIS PARA AS PROVAS-ENSAIO<\/strong> &#8211; Informa\u00e7\u00f5es espec\u00edficas <\/mark><\/p>\n\n\n\n<ul class=\"wp-block-list\">\n<li><a href=\"https:\/\/drive.google.com\/file\/d\/1zR8P_s7Zz5Lj_zpUATmfRUcbezKQCejc\/view?usp=drive_link\">4.\u00ba ano &#8211; Provas-Ensaio 2025 AESIA<\/a>; <\/li>\n\n\n\n<li><a href=\"https:\/\/drive.google.com\/file\/d\/1twzEGcWxAtMuVIRECz0RjMVf_nUUkkYi\/view?usp=drive_link\">6.\u00ba ano &#8211; Provas-Ensaio 2025 AESIA;<\/a><\/li>\n\n\n\n<li><a href=\"https:\/\/drive.google.com\/file\/d\/10DdCl-vSy-UWJSVStAKUMOSGHPRTgalx\/view?usp=drive_link\">9.\u00ba ano &#8211; Provas-Ensaio 2025 AESIA<\/a>. <\/li>\n<\/ul>\n\n\n\n<p><strong><mark style=\"background-color:rgba(0, 0, 0, 0)\" class=\"has-inline-color has-vivid-cyan-blue-color\">INSTALA\u00c7\u00c3O DA APP PROVAS IAVE<\/mark><\/strong><\/p>\n\n\n\n<p>A realiza\u00e7\u00e3o de provas em formato eletr\u00f3nico, a realizar em fevereiro de 2025, implica, por raz\u00f5es de seguran\u00e7a e equidade, a necessidade de instala\u00e7\u00e3o de uma aplica\u00e7\u00e3o em todos os equipamentos que v\u00e3o ser utilizados pelos alunos, seja na modalidade online ou na modalidade offline. <\/p>\n\n\n\n<p>Solicita-se aos Encarregados de Educa\u00e7\u00e3o\/alunos que instalem a referida aplica\u00e7\u00e3o nos equipamentos a utilizar, de acordo com as indica\u00e7\u00f5es a seguir apresentadas.<br>Pr\u00e9-Requisitos\/ Requisitos m\u00ednimos:<br>\u2013 Liga\u00e7\u00e3o \u00e0 Internet (para instala\u00e7\u00e3o e atualiza\u00e7\u00e3o da aplica\u00e7\u00e3o ou realiza\u00e7\u00e3o das<br>provas na modalidade online);<br>\u2013 Fazer a transfer\u00eancia da aplica\u00e7\u00e3o Provas IAVE (de acordo com o sistema operativo), em:&nbsp;<br><a href=\"https:\/\/assets.iave.pt\/production\/apps\/intuitivo-app\/v0.0.11\/Provas+IAVE-0.0.11.exe\">Windows<\/a> &nbsp;(tamanho: 176 MB) \/ executar o ficheiro&nbsp;<strong>Provas+IAVE-0.0.9.exe<\/strong>.<br><a href=\"https:\/\/assets.iave.pt\/production\/apps\/intuitivo-app\/v0.0.11\/Provas+IAVE-0.0.11.AppImage\">Linux<\/a>&nbsp; (tamanho: 185 MB)<br><a href=\"https:\/\/assets.iave.pt\/production\/apps\/intuitivo-app\/v0.0.11\/Provas+IAVE-0.0.11.dmg\">macOS<\/a>&nbsp; (tamanho: 192 MB)<br><a href=\"https:\/\/apps.apple.com\/pt\/app\/intuitivo\/id6449191657\">iOS<\/a><br><a href=\"https:\/\/play.google.com\/store\/apps\/details?id=pt.intuititvo.mobileApp&amp;hl=pt_PT&amp;gl=US\">Android<\/a><br><br>Disponibiliza-se&nbsp; <a href=\"https:\/\/drive.google.com\/file\/d\/17TY-bAYpbJB1j7MRFHQTqBn1lGk_sFA-\/view?usp=drive_link\">aqui<\/a>&nbsp; o manual de instala\u00e7\u00e3o\/instru\u00e7\u00f5es.<\/p>\n\n\n\n<p><\/p>\n","protected":false},"excerpt":{"rendered":"<p>Este ano, as provas ModA (Monitoriza\u00e7\u00e3o da Aprendizagem), para os alunos de&nbsp;4\u00ba e 6\u00ba ano, e as provas finais do&hellip; <a class=\"continue\" href=\"https:\/\/aesia.pt\/portal\/provas-finais\/provas-ensaio-2025-provas-moda\/\">Ler mais<span> PROVAS-ENSAIO 2025 \/ PROVAS ModA<\/span><\/a><\/p>\n","protected":false},"author":13,"featured_media":0,"parent":7363,"menu_order":0,"comment_status":"closed","ping_status":"closed","template":"p_base.php","meta":{"_acf_changed":false,"footnotes":""},"class_list":["post-14815","page","type-page","status-publish","hentry"],"acf":[],"yoast_head":"<!-- This site is optimized with the Yoast SEO plugin v27.4 - https:\/\/yoast.com\/product\/yoast-seo-wordpress\/ -->\n<title>PROVAS-ENSAIO 2025 \/ PROVAS ModA &#8211; AESIA<\/title>\n<meta name=\"robots\" content=\"index, follow, max-snippet:-1, max-image-preview:large, max-video-preview:-1\" \/>\n<link rel=\"canonical\" href=\"https:\/\/aesia.pt\/portal\/provas-finais\/provas-ensaio-2025-provas-moda\/\" \/>\n<meta property=\"og:locale\" content=\"pt_PT\" \/>\n<meta property=\"og:type\" content=\"article\" \/>\n<meta property=\"og:title\" content=\"PROVAS-ENSAIO 2025 \/ PROVAS ModA &#8211; AESIA\" \/>\n<meta property=\"og:description\" content=\"Este ano, as provas ModA (Monitoriza\u00e7\u00e3o da Aprendizagem), para os alunos de&nbsp;4\u00ba e 6\u00ba ano, e as provas finais do&hellip; Ler mais PROVAS-ENSAIO 2025 \/ PROVAS ModA\" \/>\n<meta property=\"og:url\" content=\"https:\/\/aesia.pt\/portal\/provas-finais\/provas-ensaio-2025-provas-moda\/\" \/>\n<meta property=\"og:site_name\" content=\"AESIA\" \/>\n<meta property=\"article:publisher\" content=\"https:\/\/www.facebook.com\/aesia.pt\/\" \/>\n<meta property=\"article:modified_time\" content=\"2025-03-12T22:40:00+00:00\" \/>\n<meta property=\"og:image\" content=\"https:\/\/aesia.pt\/portal\/wp-content\/uploads\/2025\/02\/provas_ensaio_2025-1.png\" \/>\n\t<meta property=\"og:image:width\" content=\"1107\" \/>\n\t<meta property=\"og:image:height\" content=\"322\" \/>\n\t<meta property=\"og:image:type\" content=\"image\/png\" \/>\n<meta name=\"twitter:card\" content=\"summary_large_image\" \/>\n<meta name=\"twitter:label1\" content=\"Tempo estimado de leitura\" \/>\n\t<meta name=\"twitter:data1\" content=\"2 minutos\" \/>\n<script type=\"application\/ld+json\" class=\"yoast-schema-graph\">{\"@context\":\"https:\\\/\\\/schema.org\",\"@graph\":[{\"@type\":\"WebPage\",\"@id\":\"https:\\\/\\\/aesia.pt\\\/portal\\\/provas-finais\\\/provas-ensaio-2025-provas-moda\\\/\",\"url\":\"https:\\\/\\\/aesia.pt\\\/portal\\\/provas-finais\\\/provas-ensaio-2025-provas-moda\\\/\",\"name\":\"PROVAS-ENSAIO 2025 \\\/ PROVAS ModA &#8211; AESIA\",\"isPartOf\":{\"@id\":\"https:\\\/\\\/aesia.pt\\\/portal\\\/#website\"},\"primaryImageOfPage\":{\"@id\":\"https:\\\/\\\/aesia.pt\\\/portal\\\/provas-finais\\\/provas-ensaio-2025-provas-moda\\\/#primaryimage\"},\"image\":{\"@id\":\"https:\\\/\\\/aesia.pt\\\/portal\\\/provas-finais\\\/provas-ensaio-2025-provas-moda\\\/#primaryimage\"},\"thumbnailUrl\":\"https:\\\/\\\/aesia.pt\\\/portal\\\/wp-content\\\/uploads\\\/2025\\\/02\\\/provas_ensaio_2025-1-1024x298.png\",\"datePublished\":\"2025-02-06T11:59:07+00:00\",\"dateModified\":\"2025-03-12T22:40:00+00:00\",\"breadcrumb\":{\"@id\":\"https:\\\/\\\/aesia.pt\\\/portal\\\/provas-finais\\\/provas-ensaio-2025-provas-moda\\\/#breadcrumb\"},\"inLanguage\":\"pt-PT\",\"potentialAction\":[{\"@type\":\"ReadAction\",\"target\":[\"https:\\\/\\\/aesia.pt\\\/portal\\\/provas-finais\\\/provas-ensaio-2025-provas-moda\\\/\"]}]},{\"@type\":\"ImageObject\",\"inLanguage\":\"pt-PT\",\"@id\":\"https:\\\/\\\/aesia.pt\\\/portal\\\/provas-finais\\\/provas-ensaio-2025-provas-moda\\\/#primaryimage\",\"url\":\"https:\\\/\\\/aesia.pt\\\/portal\\\/wp-content\\\/uploads\\\/2025\\\/02\\\/provas_ensaio_2025-1.png\",\"contentUrl\":\"https:\\\/\\\/aesia.pt\\\/portal\\\/wp-content\\\/uploads\\\/2025\\\/02\\\/provas_ensaio_2025-1.png\",\"width\":1107,\"height\":322},{\"@type\":\"BreadcrumbList\",\"@id\":\"https:\\\/\\\/aesia.pt\\\/portal\\\/provas-finais\\\/provas-ensaio-2025-provas-moda\\\/#breadcrumb\",\"itemListElement\":[{\"@type\":\"ListItem\",\"position\":1,\"name\":\"Home\",\"item\":\"https:\\\/\\\/aesia.pt\\\/portal\\\/\"},{\"@type\":\"ListItem\",\"position\":2,\"name\":\"PROVAS &#8211; 2024\\\/2025\",\"item\":\"https:\\\/\\\/aesia.pt\\\/portal\\\/provas-finais\\\/\"},{\"@type\":\"ListItem\",\"position\":3,\"name\":\"PROVAS-ENSAIO 2025 \\\/ PROVAS ModA\"}]},{\"@type\":\"WebSite\",\"@id\":\"https:\\\/\\\/aesia.pt\\\/portal\\\/#website\",\"url\":\"https:\\\/\\\/aesia.pt\\\/portal\\\/\",\"name\":\"AESIA\",\"description\":\"Agrupamento de Escolas de Santa Iria de Az\u00f3ia\",\"publisher\":{\"@id\":\"https:\\\/\\\/aesia.pt\\\/portal\\\/#organization\"},\"alternateName\":\"Agrupamento de Escolas de Santa Iria de Az\u00f3ia\",\"potentialAction\":[{\"@type\":\"SearchAction\",\"target\":{\"@type\":\"EntryPoint\",\"urlTemplate\":\"https:\\\/\\\/aesia.pt\\\/portal\\\/?s={search_term_string}\"},\"query-input\":{\"@type\":\"PropertyValueSpecification\",\"valueRequired\":true,\"valueName\":\"search_term_string\"}}],\"inLanguage\":\"pt-PT\"},{\"@type\":\"Organization\",\"@id\":\"https:\\\/\\\/aesia.pt\\\/portal\\\/#organization\",\"name\":\"Agrupamento de Escolas de Santa Iria de Az\u00f3ia\",\"alternateName\":\"AESIA\",\"url\":\"https:\\\/\\\/aesia.pt\\\/portal\\\/\",\"logo\":{\"@type\":\"ImageObject\",\"inLanguage\":\"pt-PT\",\"@id\":\"https:\\\/\\\/aesia.pt\\\/portal\\\/#\\\/schema\\\/logo\\\/image\\\/\",\"url\":\"https:\\\/\\\/aesia.pt\\\/portal\\\/wp-content\\\/uploads\\\/2023\\\/04\\\/logo4.png\",\"contentUrl\":\"https:\\\/\\\/aesia.pt\\\/portal\\\/wp-content\\\/uploads\\\/2023\\\/04\\\/logo4.png\",\"width\":162,\"height\":162,\"caption\":\"Agrupamento de Escolas de Santa Iria de Az\u00f3ia\"},\"image\":{\"@id\":\"https:\\\/\\\/aesia.pt\\\/portal\\\/#\\\/schema\\\/logo\\\/image\\\/\"},\"sameAs\":[\"https:\\\/\\\/www.facebook.com\\\/aesia.pt\\\/\"]}]}<\/script>\n<!-- \/ Yoast SEO plugin. -->","yoast_head_json":{"title":"PROVAS-ENSAIO 2025 \/ PROVAS ModA &#8211; AESIA","robots":{"index":"index","follow":"follow","max-snippet":"max-snippet:-1","max-image-preview":"max-image-preview:large","max-video-preview":"max-video-preview:-1"},"canonical":"https:\/\/aesia.pt\/portal\/provas-finais\/provas-ensaio-2025-provas-moda\/","og_locale":"pt_PT","og_type":"article","og_title":"PROVAS-ENSAIO 2025 \/ PROVAS ModA &#8211; AESIA","og_description":"Este ano, as provas ModA (Monitoriza\u00e7\u00e3o da Aprendizagem), para os alunos de&nbsp;4\u00ba e 6\u00ba ano, e as provas finais do&hellip; Ler mais PROVAS-ENSAIO 2025 \/ PROVAS ModA","og_url":"https:\/\/aesia.pt\/portal\/provas-finais\/provas-ensaio-2025-provas-moda\/","og_site_name":"AESIA","article_publisher":"https:\/\/www.facebook.com\/aesia.pt\/","article_modified_time":"2025-03-12T22:40:00+00:00","og_image":[{"width":1107,"height":322,"url":"https:\/\/aesia.pt\/portal\/wp-content\/uploads\/2025\/02\/provas_ensaio_2025-1.png","type":"image\/png"}],"twitter_card":"summary_large_image","twitter_misc":{"Tempo estimado de leitura":"2 minutos"},"schema":{"@context":"https:\/\/schema.org","@graph":[{"@type":"WebPage","@id":"https:\/\/aesia.pt\/portal\/provas-finais\/provas-ensaio-2025-provas-moda\/","url":"https:\/\/aesia.pt\/portal\/provas-finais\/provas-ensaio-2025-provas-moda\/","name":"PROVAS-ENSAIO 2025 \/ PROVAS ModA &#8211; AESIA","isPartOf":{"@id":"https:\/\/aesia.pt\/portal\/#website"},"primaryImageOfPage":{"@id":"https:\/\/aesia.pt\/portal\/provas-finais\/provas-ensaio-2025-provas-moda\/#primaryimage"},"image":{"@id":"https:\/\/aesia.pt\/portal\/provas-finais\/provas-ensaio-2025-provas-moda\/#primaryimage"},"thumbnailUrl":"https:\/\/aesia.pt\/portal\/wp-content\/uploads\/2025\/02\/provas_ensaio_2025-1-1024x298.png","datePublished":"2025-02-06T11:59:07+00:00","dateModified":"2025-03-12T22:40:00+00:00","breadcrumb":{"@id":"https:\/\/aesia.pt\/portal\/provas-finais\/provas-ensaio-2025-provas-moda\/#breadcrumb"},"inLanguage":"pt-PT","potentialAction":[{"@type":"ReadAction","target":["https:\/\/aesia.pt\/portal\/provas-finais\/provas-ensaio-2025-provas-moda\/"]}]},{"@type":"ImageObject","inLanguage":"pt-PT","@id":"https:\/\/aesia.pt\/portal\/provas-finais\/provas-ensaio-2025-provas-moda\/#primaryimage","url":"https:\/\/aesia.pt\/portal\/wp-content\/uploads\/2025\/02\/provas_ensaio_2025-1.png","contentUrl":"https:\/\/aesia.pt\/portal\/wp-content\/uploads\/2025\/02\/provas_ensaio_2025-1.png","width":1107,"height":322},{"@type":"BreadcrumbList","@id":"https:\/\/aesia.pt\/portal\/provas-finais\/provas-ensaio-2025-provas-moda\/#breadcrumb","itemListElement":[{"@type":"ListItem","position":1,"name":"Home","item":"https:\/\/aesia.pt\/portal\/"},{"@type":"ListItem","position":2,"name":"PROVAS &#8211; 2024\/2025","item":"https:\/\/aesia.pt\/portal\/provas-finais\/"},{"@type":"ListItem","position":3,"name":"PROVAS-ENSAIO 2025 \/ PROVAS ModA"}]},{"@type":"WebSite","@id":"https:\/\/aesia.pt\/portal\/#website","url":"https:\/\/aesia.pt\/portal\/","name":"AESIA","description":"Agrupamento de Escolas de Santa Iria de Az\u00f3ia","publisher":{"@id":"https:\/\/aesia.pt\/portal\/#organization"},"alternateName":"Agrupamento de Escolas de Santa Iria de Az\u00f3ia","potentialAction":[{"@type":"SearchAction","target":{"@type":"EntryPoint","urlTemplate":"https:\/\/aesia.pt\/portal\/?s={search_term_string}"},"query-input":{"@type":"PropertyValueSpecification","valueRequired":true,"valueName":"search_term_string"}}],"inLanguage":"pt-PT"},{"@type":"Organization","@id":"https:\/\/aesia.pt\/portal\/#organization","name":"Agrupamento de Escolas de Santa Iria de Az\u00f3ia","alternateName":"AESIA","url":"https:\/\/aesia.pt\/portal\/","logo":{"@type":"ImageObject","inLanguage":"pt-PT","@id":"https:\/\/aesia.pt\/portal\/#\/schema\/logo\/image\/","url":"https:\/\/aesia.pt\/portal\/wp-content\/uploads\/2023\/04\/logo4.png","contentUrl":"https:\/\/aesia.pt\/portal\/wp-content\/uploads\/2023\/04\/logo4.png","width":162,"height":162,"caption":"Agrupamento de Escolas de Santa Iria de Az\u00f3ia"},"image":{"@id":"https:\/\/aesia.pt\/portal\/#\/schema\/logo\/image\/"},"sameAs":["https:\/\/www.facebook.com\/aesia.pt\/"]}]}},"_links":{"self":[{"href":"https:\/\/aesia.pt\/portal\/wp-json\/wp\/v2\/pages\/14815","targetHints":{"allow":["GET"]}}],"collection":[{"href":"https:\/\/aesia.pt\/portal\/wp-json\/wp\/v2\/pages"}],"about":[{"href":"https:\/\/aesia.pt\/portal\/wp-json\/wp\/v2\/types\/page"}],"author":[{"embeddable":true,"href":"https:\/\/aesia.pt\/portal\/wp-json\/wp\/v2\/users\/13"}],"replies":[{"embeddable":true,"href":"https:\/\/aesia.pt\/portal\/wp-json\/wp\/v2\/comments?post=14815"}],"version-history":[{"count":4,"href":"https:\/\/aesia.pt\/portal\/wp-json\/wp\/v2\/pages\/14815\/revisions"}],"predecessor-version":[{"id":15135,"href":"https:\/\/aesia.pt\/portal\/wp-json\/wp\/v2\/pages\/14815\/revisions\/15135"}],"up":[{"embeddable":true,"href":"https:\/\/aesia.pt\/portal\/wp-json\/wp\/v2\/pages\/7363"}],"wp:attachment":[{"href":"https:\/\/aesia.pt\/portal\/wp-json\/wp\/v2\/media?parent=14815"}],"curies":[{"name":"wp","href":"https:\/\/api.w.org\/{rel}","templated":true}]}}