{"id":13949,"date":"2024-12-20T15:43:38","date_gmt":"2024-12-20T15:43:38","guid":{"rendered":"https:\/\/aesia.pt\/portal\/?page_id=13949"},"modified":"2025-01-15T16:22:29","modified_gmt":"2025-01-15T16:22:29","slug":"gam","status":"publish","type":"page","link":"https:\/\/aesia.pt\/portal\/gam\/","title":{"rendered":"GAM"},"content":{"rendered":"\n<figure class=\"wp-block-image is-resized\"><img decoding=\"async\" src=\"https:\/\/lh7-rt.googleusercontent.com\/docsz\/AD_4nXdQqarT6or6wUp0G34g5Zlvv6FG5OJDchlSc-Mk6Tf6q0QyrpbfvYdYiFaEez8fJbBxOKeKvEu7HnjT7kRJ8L57Wv_ezu9wKc1yxUT8-k7r2GkqzUV23UpfBZes4JGrId6AEBeBkZgxctAO9PQL-cs?key=cxysKysjv_-m-KJx9Lh9VRqB\" alt=\"\" style=\"width:183px;height:auto\"\/><\/figure>\n\n\n\n<p><\/p>\n\n\n\n<p><strong>Gabinete <\/strong><strong>de Apoio e Media\u00e7\u00e3o (GAM)<\/strong><strong>&nbsp;<\/strong><\/p>\n\n\n\n<p>&nbsp;O Gabinete de Apoio e Media\u00e7\u00e3o resulta da necessidade de criar um espa\u00e7o para acompanhamento dos alunos com problemas atitudinais, visando o acompanhamento, a remedia\u00e7\u00e3o e a preven\u00e7\u00e3o das situa\u00e7\u00f5es de indisciplina, constituindo-se como uma das medidas pedag\u00f3gicas promovidas pela escola, procurando contribuir para o bem-estar social e emocional dos alunos, a capacidade de se relacionarem com os outros, a plena integra\u00e7\u00e3o na comunidade educativa, o sentido de responsabilidade e a aprendizagem.&nbsp;<\/p>\n\n\n\n<p>&nbsp;Na sequ\u00eancia da aplica\u00e7\u00e3o da medida disciplinar corretiva de sa\u00edda da sala de aula e de comportamentos desviantes ocorridos no espa\u00e7o escolar, o GAM articula com outras estruturas de apoio, nomeadamente os diretores de turma, o Servi\u00e7o de Psicologia, os professores tutores, os professores de Educa\u00e7\u00e3o Especial e alunos mentores.<\/p>\n\n\n\n<div class=\"wp-block-group is-vertical is-layout-flex wp-container-core-group-is-layout-8cf370e7 wp-block-group-is-layout-flex\">\n<div class=\"wp-block-group is-vertical is-layout-flex wp-container-core-group-is-layout-8cf370e7 wp-block-group-is-layout-flex\">\n<div class=\"wp-block-group is-vertical is-layout-flex wp-container-core-group-is-layout-8cf370e7 wp-block-group-is-layout-flex\">\n<p><strong>Objetivos<\/strong><\/p>\n\n\n\n<p>a) Promover um bom clima de escola;<\/p>\n\n\n\n<p>b) Contribuir para uma melhor inser\u00e7\u00e3o dos alunos na escola;<\/p>\n\n\n\n<p>c) Promover a educa\u00e7\u00e3o para a cidadania;<\/p>\n\n\n\n<p>d) Desenvolver atitudes respons\u00e1veis;<\/p>\n\n\n\n<p>e) Prevenir comportamentos de risco e\/ou a sua reincid\u00eancia;<\/p>\n\n\n\n<p>f) Mediar conflitos entre alunos, entre alunos e professores e entre alunos e assistentes operacionais.<\/p>\n<\/div>\n<\/div>\n<\/div>\n\n\n\n<p><\/p>\n\n\n\n<p><strong>Procedimentos gerais<\/strong><\/p>\n\n\n\n<div class=\"wp-block-group is-vertical is-layout-flex wp-container-core-group-is-layout-8cf370e7 wp-block-group-is-layout-flex\">\n<p><strong>Compete ao docente do GAM<\/strong><\/p>\n\n\n\n<p><strong>a)<\/strong> Acolher o aluno sobre quem recaiu a ordem de sa\u00edda da sala de aula, bem como o aluno que est\u00e1 a faltar \u00e0s aulas, ou que revela comportamentos incorretos e desobedi\u00eancia nos p\u00e1tios;&nbsp;<\/p>\n\n\n\n<p><strong>b)<\/strong> Dialogar com o aluno a fim de o ajudar a tomar consci\u00eancia do seu comportamento e as implica\u00e7\u00f5es na sua vida pessoal e na vida da comunidade escolar;<\/p>\n\n\n\n<p><strong>c)<\/strong> Promover a reflex\u00e3o sobre o comportamento que motivou o encaminhamento para o GAM.<\/p>\n<\/div>\n\n\n\n<p><\/p>\n","protected":false},"excerpt":{"rendered":"<p>Gabinete de Apoio e Media\u00e7\u00e3o (GAM)&nbsp; &nbsp;O Gabinete de Apoio e Media\u00e7\u00e3o resulta da necessidade de criar um espa\u00e7o para&hellip; <a class=\"continue\" href=\"https:\/\/aesia.pt\/portal\/gam\/\">Ler mais<span> GAM<\/span><\/a><\/p>\n","protected":false},"author":8,"featured_media":0,"parent":0,"menu_order":0,"comment_status":"closed","ping_status":"closed","template":"p_base.php","meta":{"_acf_changed":false,"footnotes":""},"class_list":["post-13949","page","type-page","status-publish","hentry"],"acf":[],"yoast_head":"<!-- This site is optimized with the Yoast SEO plugin v27.3 - https:\/\/yoast.com\/product\/yoast-seo-wordpress\/ -->\n<title>GAM &#8211; AESIA<\/title>\n<meta name=\"robots\" content=\"index, follow, max-snippet:-1, max-image-preview:large, max-video-preview:-1\" \/>\n<link rel=\"canonical\" href=\"https:\/\/aesia.pt\/portal\/gam\/\" \/>\n<meta property=\"og:locale\" content=\"pt_PT\" \/>\n<meta property=\"og:type\" content=\"article\" \/>\n<meta property=\"og:title\" content=\"GAM &#8211; AESIA\" \/>\n<meta property=\"og:description\" content=\"Gabinete de Apoio e Media\u00e7\u00e3o (GAM)&nbsp; &nbsp;O Gabinete de Apoio e Media\u00e7\u00e3o resulta da necessidade de criar um espa\u00e7o para&hellip; Ler mais GAM\" \/>\n<meta property=\"og:url\" content=\"https:\/\/aesia.pt\/portal\/gam\/\" \/>\n<meta property=\"og:site_name\" content=\"AESIA\" \/>\n<meta property=\"article:publisher\" content=\"https:\/\/www.facebook.com\/aesia.pt\/\" \/>\n<meta property=\"article:modified_time\" content=\"2025-01-15T16:22:29+00:00\" \/>\n<meta property=\"og:image\" content=\"https:\/\/lh7-rt.googleusercontent.com\/docsz\/AD_4nXdQqarT6or6wUp0G34g5Zlvv6FG5OJDchlSc-Mk6Tf6q0QyrpbfvYdYiFaEez8fJbBxOKeKvEu7HnjT7kRJ8L57Wv_ezu9wKc1yxUT8-k7r2GkqzUV23UpfBZes4JGrId6AEBeBkZgxctAO9PQL-cs?key=cxysKysjv_-m-KJx9Lh9VRqB\" \/>\n<meta name=\"twitter:card\" content=\"summary_large_image\" \/>\n<meta name=\"twitter:label1\" content=\"Tempo estimado de leitura\" \/>\n\t<meta name=\"twitter:data1\" content=\"1 minuto\" \/>\n<script type=\"application\/ld+json\" class=\"yoast-schema-graph\">{\"@context\":\"https:\\\/\\\/schema.org\",\"@graph\":[{\"@type\":\"WebPage\",\"@id\":\"https:\\\/\\\/aesia.pt\\\/portal\\\/gam\\\/\",\"url\":\"https:\\\/\\\/aesia.pt\\\/portal\\\/gam\\\/\",\"name\":\"GAM &#8211; AESIA\",\"isPartOf\":{\"@id\":\"https:\\\/\\\/aesia.pt\\\/portal\\\/#website\"},\"primaryImageOfPage\":{\"@id\":\"https:\\\/\\\/aesia.pt\\\/portal\\\/gam\\\/#primaryimage\"},\"image\":{\"@id\":\"https:\\\/\\\/aesia.pt\\\/portal\\\/gam\\\/#primaryimage\"},\"thumbnailUrl\":\"https:\\\/\\\/lh7-rt.googleusercontent.com\\\/docsz\\\/AD_4nXdQqarT6or6wUp0G34g5Zlvv6FG5OJDchlSc-Mk6Tf6q0QyrpbfvYdYiFaEez8fJbBxOKeKvEu7HnjT7kRJ8L57Wv_ezu9wKc1yxUT8-k7r2GkqzUV23UpfBZes4JGrId6AEBeBkZgxctAO9PQL-cs?key=cxysKysjv_-m-KJx9Lh9VRqB\",\"datePublished\":\"2024-12-20T15:43:38+00:00\",\"dateModified\":\"2025-01-15T16:22:29+00:00\",\"breadcrumb\":{\"@id\":\"https:\\\/\\\/aesia.pt\\\/portal\\\/gam\\\/#breadcrumb\"},\"inLanguage\":\"pt-PT\",\"potentialAction\":[{\"@type\":\"ReadAction\",\"target\":[\"https:\\\/\\\/aesia.pt\\\/portal\\\/gam\\\/\"]}]},{\"@type\":\"ImageObject\",\"inLanguage\":\"pt-PT\",\"@id\":\"https:\\\/\\\/aesia.pt\\\/portal\\\/gam\\\/#primaryimage\",\"url\":\"https:\\\/\\\/lh7-rt.googleusercontent.com\\\/docsz\\\/AD_4nXdQqarT6or6wUp0G34g5Zlvv6FG5OJDchlSc-Mk6Tf6q0QyrpbfvYdYiFaEez8fJbBxOKeKvEu7HnjT7kRJ8L57Wv_ezu9wKc1yxUT8-k7r2GkqzUV23UpfBZes4JGrId6AEBeBkZgxctAO9PQL-cs?key=cxysKysjv_-m-KJx9Lh9VRqB\",\"contentUrl\":\"https:\\\/\\\/lh7-rt.googleusercontent.com\\\/docsz\\\/AD_4nXdQqarT6or6wUp0G34g5Zlvv6FG5OJDchlSc-Mk6Tf6q0QyrpbfvYdYiFaEez8fJbBxOKeKvEu7HnjT7kRJ8L57Wv_ezu9wKc1yxUT8-k7r2GkqzUV23UpfBZes4JGrId6AEBeBkZgxctAO9PQL-cs?key=cxysKysjv_-m-KJx9Lh9VRqB\"},{\"@type\":\"BreadcrumbList\",\"@id\":\"https:\\\/\\\/aesia.pt\\\/portal\\\/gam\\\/#breadcrumb\",\"itemListElement\":[{\"@type\":\"ListItem\",\"position\":1,\"name\":\"Home\",\"item\":\"https:\\\/\\\/aesia.pt\\\/portal\\\/\"},{\"@type\":\"ListItem\",\"position\":2,\"name\":\"GAM\"}]},{\"@type\":\"WebSite\",\"@id\":\"https:\\\/\\\/aesia.pt\\\/portal\\\/#website\",\"url\":\"https:\\\/\\\/aesia.pt\\\/portal\\\/\",\"name\":\"AESIA\",\"description\":\"Agrupamento de Escolas de Santa Iria de Az\u00f3ia\",\"publisher\":{\"@id\":\"https:\\\/\\\/aesia.pt\\\/portal\\\/#organization\"},\"alternateName\":\"Agrupamento de Escolas de Santa Iria de Az\u00f3ia\",\"potentialAction\":[{\"@type\":\"SearchAction\",\"target\":{\"@type\":\"EntryPoint\",\"urlTemplate\":\"https:\\\/\\\/aesia.pt\\\/portal\\\/?s={search_term_string}\"},\"query-input\":{\"@type\":\"PropertyValueSpecification\",\"valueRequired\":true,\"valueName\":\"search_term_string\"}}],\"inLanguage\":\"pt-PT\"},{\"@type\":\"Organization\",\"@id\":\"https:\\\/\\\/aesia.pt\\\/portal\\\/#organization\",\"name\":\"Agrupamento de Escolas de Santa Iria de Az\u00f3ia\",\"alternateName\":\"AESIA\",\"url\":\"https:\\\/\\\/aesia.pt\\\/portal\\\/\",\"logo\":{\"@type\":\"ImageObject\",\"inLanguage\":\"pt-PT\",\"@id\":\"https:\\\/\\\/aesia.pt\\\/portal\\\/#\\\/schema\\\/logo\\\/image\\\/\",\"url\":\"https:\\\/\\\/aesia.pt\\\/portal\\\/wp-content\\\/uploads\\\/2023\\\/04\\\/logo4.png\",\"contentUrl\":\"https:\\\/\\\/aesia.pt\\\/portal\\\/wp-content\\\/uploads\\\/2023\\\/04\\\/logo4.png\",\"width\":162,\"height\":162,\"caption\":\"Agrupamento de Escolas de Santa Iria de Az\u00f3ia\"},\"image\":{\"@id\":\"https:\\\/\\\/aesia.pt\\\/portal\\\/#\\\/schema\\\/logo\\\/image\\\/\"},\"sameAs\":[\"https:\\\/\\\/www.facebook.com\\\/aesia.pt\\\/\"]}]}<\/script>\n<!-- \/ Yoast SEO plugin. -->","yoast_head_json":{"title":"GAM &#8211; AESIA","robots":{"index":"index","follow":"follow","max-snippet":"max-snippet:-1","max-image-preview":"max-image-preview:large","max-video-preview":"max-video-preview:-1"},"canonical":"https:\/\/aesia.pt\/portal\/gam\/","og_locale":"pt_PT","og_type":"article","og_title":"GAM &#8211; AESIA","og_description":"Gabinete de Apoio e Media\u00e7\u00e3o (GAM)&nbsp; &nbsp;O Gabinete de Apoio e Media\u00e7\u00e3o resulta da necessidade de criar um espa\u00e7o para&hellip; Ler mais GAM","og_url":"https:\/\/aesia.pt\/portal\/gam\/","og_site_name":"AESIA","article_publisher":"https:\/\/www.facebook.com\/aesia.pt\/","article_modified_time":"2025-01-15T16:22:29+00:00","og_image":[{"url":"https:\/\/lh7-rt.googleusercontent.com\/docsz\/AD_4nXdQqarT6or6wUp0G34g5Zlvv6FG5OJDchlSc-Mk6Tf6q0QyrpbfvYdYiFaEez8fJbBxOKeKvEu7HnjT7kRJ8L57Wv_ezu9wKc1yxUT8-k7r2GkqzUV23UpfBZes4JGrId6AEBeBkZgxctAO9PQL-cs?key=cxysKysjv_-m-KJx9Lh9VRqB","type":"","width":"","height":""}],"twitter_card":"summary_large_image","twitter_misc":{"Tempo estimado de leitura":"1 minuto"},"schema":{"@context":"https:\/\/schema.org","@graph":[{"@type":"WebPage","@id":"https:\/\/aesia.pt\/portal\/gam\/","url":"https:\/\/aesia.pt\/portal\/gam\/","name":"GAM &#8211; AESIA","isPartOf":{"@id":"https:\/\/aesia.pt\/portal\/#website"},"primaryImageOfPage":{"@id":"https:\/\/aesia.pt\/portal\/gam\/#primaryimage"},"image":{"@id":"https:\/\/aesia.pt\/portal\/gam\/#primaryimage"},"thumbnailUrl":"https:\/\/lh7-rt.googleusercontent.com\/docsz\/AD_4nXdQqarT6or6wUp0G34g5Zlvv6FG5OJDchlSc-Mk6Tf6q0QyrpbfvYdYiFaEez8fJbBxOKeKvEu7HnjT7kRJ8L57Wv_ezu9wKc1yxUT8-k7r2GkqzUV23UpfBZes4JGrId6AEBeBkZgxctAO9PQL-cs?key=cxysKysjv_-m-KJx9Lh9VRqB","datePublished":"2024-12-20T15:43:38+00:00","dateModified":"2025-01-15T16:22:29+00:00","breadcrumb":{"@id":"https:\/\/aesia.pt\/portal\/gam\/#breadcrumb"},"inLanguage":"pt-PT","potentialAction":[{"@type":"ReadAction","target":["https:\/\/aesia.pt\/portal\/gam\/"]}]},{"@type":"ImageObject","inLanguage":"pt-PT","@id":"https:\/\/aesia.pt\/portal\/gam\/#primaryimage","url":"https:\/\/lh7-rt.googleusercontent.com\/docsz\/AD_4nXdQqarT6or6wUp0G34g5Zlvv6FG5OJDchlSc-Mk6Tf6q0QyrpbfvYdYiFaEez8fJbBxOKeKvEu7HnjT7kRJ8L57Wv_ezu9wKc1yxUT8-k7r2GkqzUV23UpfBZes4JGrId6AEBeBkZgxctAO9PQL-cs?key=cxysKysjv_-m-KJx9Lh9VRqB","contentUrl":"https:\/\/lh7-rt.googleusercontent.com\/docsz\/AD_4nXdQqarT6or6wUp0G34g5Zlvv6FG5OJDchlSc-Mk6Tf6q0QyrpbfvYdYiFaEez8fJbBxOKeKvEu7HnjT7kRJ8L57Wv_ezu9wKc1yxUT8-k7r2GkqzUV23UpfBZes4JGrId6AEBeBkZgxctAO9PQL-cs?key=cxysKysjv_-m-KJx9Lh9VRqB"},{"@type":"BreadcrumbList","@id":"https:\/\/aesia.pt\/portal\/gam\/#breadcrumb","itemListElement":[{"@type":"ListItem","position":1,"name":"Home","item":"https:\/\/aesia.pt\/portal\/"},{"@type":"ListItem","position":2,"name":"GAM"}]},{"@type":"WebSite","@id":"https:\/\/aesia.pt\/portal\/#website","url":"https:\/\/aesia.pt\/portal\/","name":"AESIA","description":"Agrupamento de Escolas de Santa Iria de Az\u00f3ia","publisher":{"@id":"https:\/\/aesia.pt\/portal\/#organization"},"alternateName":"Agrupamento de Escolas de Santa Iria de Az\u00f3ia","potentialAction":[{"@type":"SearchAction","target":{"@type":"EntryPoint","urlTemplate":"https:\/\/aesia.pt\/portal\/?s={search_term_string}"},"query-input":{"@type":"PropertyValueSpecification","valueRequired":true,"valueName":"search_term_string"}}],"inLanguage":"pt-PT"},{"@type":"Organization","@id":"https:\/\/aesia.pt\/portal\/#organization","name":"Agrupamento de Escolas de Santa Iria de Az\u00f3ia","alternateName":"AESIA","url":"https:\/\/aesia.pt\/portal\/","logo":{"@type":"ImageObject","inLanguage":"pt-PT","@id":"https:\/\/aesia.pt\/portal\/#\/schema\/logo\/image\/","url":"https:\/\/aesia.pt\/portal\/wp-content\/uploads\/2023\/04\/logo4.png","contentUrl":"https:\/\/aesia.pt\/portal\/wp-content\/uploads\/2023\/04\/logo4.png","width":162,"height":162,"caption":"Agrupamento de Escolas de Santa Iria de Az\u00f3ia"},"image":{"@id":"https:\/\/aesia.pt\/portal\/#\/schema\/logo\/image\/"},"sameAs":["https:\/\/www.facebook.com\/aesia.pt\/"]}]}},"_links":{"self":[{"href":"https:\/\/aesia.pt\/portal\/wp-json\/wp\/v2\/pages\/13949","targetHints":{"allow":["GET"]}}],"collection":[{"href":"https:\/\/aesia.pt\/portal\/wp-json\/wp\/v2\/pages"}],"about":[{"href":"https:\/\/aesia.pt\/portal\/wp-json\/wp\/v2\/types\/page"}],"author":[{"embeddable":true,"href":"https:\/\/aesia.pt\/portal\/wp-json\/wp\/v2\/users\/8"}],"replies":[{"embeddable":true,"href":"https:\/\/aesia.pt\/portal\/wp-json\/wp\/v2\/comments?post=13949"}],"version-history":[{"count":7,"href":"https:\/\/aesia.pt\/portal\/wp-json\/wp\/v2\/pages\/13949\/revisions"}],"predecessor-version":[{"id":14600,"href":"https:\/\/aesia.pt\/portal\/wp-json\/wp\/v2\/pages\/13949\/revisions\/14600"}],"wp:attachment":[{"href":"https:\/\/aesia.pt\/portal\/wp-json\/wp\/v2\/media?parent=13949"}],"curies":[{"name":"wp","href":"https:\/\/api.w.org\/{rel}","templated":true}]}}