{"id":13887,"date":"2024-12-20T09:37:49","date_gmt":"2024-12-20T09:37:49","guid":{"rendered":"https:\/\/aesia.pt\/portal\/?page_id=13887"},"modified":"2025-01-15T21:54:48","modified_gmt":"2025-01-15T21:54:48","slug":"coordenadores-de-departamento","status":"publish","type":"page","link":"https:\/\/aesia.pt\/portal\/orgaos-e-competencias\/coordenadores-de-departamento\/","title":{"rendered":"Coordenador de Departamento"},"content":{"rendered":"\n<p>O Coordenador de Departamento Curricular \u00e9 eleito pelos docentes do respetivo departamento, de entre uma lista de tr\u00eas docentes, propostos pelo Diretor para o exerc\u00edcio do cargo.<\/p>\n\n\n\n<h2 class=\"wp-block-heading has-text-align-center\"><strong>Coordenadores de Departamento Curricular<\/strong><\/h2>\n\n\n\n<figure class=\"wp-block-table\"><table><tbody><tr><td>Departamento da Educa\u00e7\u00e3o Pr\u00e9-escolar&nbsp;(GR 100)<\/td><td><strong>Elisabete Ferreira<\/strong><\/td><\/tr><tr><td>Departamento 1.\u00ba CEB&nbsp;(GR 110)<\/td><td><strong>Cristina Pirralho<\/strong><\/td><\/tr><tr><td>Departamento de Ci\u00eancias Sociais e Humanas (GR 220, 290, 400, 410, 420, 430)<\/td><td><strong>Maria do Carmo Augusto<\/strong><\/td><\/tr><tr><td>Departamento de Express\u00f5es (GR 240, 250, 260, 600, 620)<\/td><td><strong>Ot\u00edlia Dias<\/strong><\/td><\/tr><tr><td>Departamento de Matem\u00e1tica, Ci\u00eancias Experimentais e Tecnologias de Informa\u00e7\u00e3o e Comunica\u00e7\u00e3o (GR 230, 500, 510, 520, 530, 540, 550)<\/td><td><strong>Am\u00e9lia Alves<\/strong><\/td><\/tr><tr><td>Departamento de Portugu\u00eas e L\u00ednguas Estrangeiras&nbsp;(GR 200, 300, 320, 330)<\/td><td><strong>F\u00e1tima Rei<\/strong><\/td><\/tr><tr><td>Departamento Educa\u00e7\u00e3o Especial (GR 910)<\/td><td><strong>Maria Eug\u00e9nia Baptista<\/strong><\/td><\/tr><\/tbody><\/table><\/figure>\n\n\n\n<p><\/p>\n\n\n\n<p><strong>Compete ao Coordenador de Departamento Curricular:<\/strong><\/p>\n\n\n\n<p>a) coordenar a pr\u00e1tica cient\u00edfico-pedag\u00f3gica em colabora\u00e7\u00e3o com os Delegados dos grupos disciplinares dos docentes das disciplinas, atrav\u00e9s:<\/p>\n\n\n\n<ul class=\"wp-block-list\">\n<li>ida promo\u00e7\u00e3o da troca de experi\u00eancias e da coopera\u00e7\u00e3o entre todos os docentes que integram o Conselho de Docentes\/Departamento;<\/li>\n\n\n\n<li>da promo\u00e7\u00e3o da articula\u00e7\u00e3o com outras estruturas ou servi\u00e7os do AESIA com vista ao desenvolvimento de estrat\u00e9gias de diferencia\u00e7\u00e3o pedag\u00f3gica;<\/li>\n\n\n\n<li>da promo\u00e7\u00e3o de atividades de investiga\u00e7\u00e3o, reflex\u00e3o e estudo, visando a melhoria da qualidade das pr\u00e1ticas educativas;<\/li>\n\n\n\n<li>do assegurar a uniformiza\u00e7\u00e3o dos processos e crit\u00e9rios de avalia\u00e7\u00e3o;<\/li>\n\n\n\n<li>do assegurar a coordena\u00e7\u00e3o das orienta\u00e7\u00f5es curriculares e dos programas de estudo promovendo a adequa\u00e7\u00e3o dos seus objetivos e conte\u00fados \u00e0 situa\u00e7\u00e3o concreta da escola.<\/li>\n<\/ul>\n\n\n\n<div class=\"wp-block-group is-vertical is-layout-flex wp-container-core-group-is-layout-8cf370e7 wp-block-group-is-layout-flex\">\n<p>b) acompanhar e orientar a atividade profissional dos professores da disciplina ou \u00e1rea disciplinar, especialmente no per\u00edodo probat\u00f3rio;<\/p>\n\n\n\n<p>c) propor ao Conselho Pedag\u00f3gico o desenvolvimento de componentes curriculares locais e a ado\u00e7\u00e3o de medidas destinadas a melhorar as aprendizagens das crian\u00e7as e dos alunos;<\/p>\n\n\n\n<p>d) cooperar na elabora\u00e7\u00e3o, desenvolvimento e avalia\u00e7\u00e3o dos instrumentos de autonomia do AESIA;<\/p>\n\n\n\n<p>e) intervir no processo de avalia\u00e7\u00e3o do desempenho dos docentes que integram o respetivo Conselho de docentes\/Departamento, de acordo com o disposto no presente regulamento e na Lei;<\/p>\n\n\n\n<p>f) promover, apoiar e supervisionar o trabalho dos grupos disciplinares;<\/p>\n\n\n\n<p>g) convocar reuni\u00f5es de Departamento <\/p>\n\n\n\n<p>i) assegurar a participa\u00e7\u00e3o do Departamento na elabora\u00e7\u00e3o do Projeto Educativo e no Plano Anual de Atividades;<\/p>\n\n\n\n<p>j) apresentar ao Diretor um relat\u00f3rio cr\u00edtico, anual, do trabalho desenvolvido;<\/p>\n\n\n\n<p>k) garantir a articula\u00e7\u00e3o entre os Delegados dos Grupos Disciplinares, o Departamento Curricular, o Conselho Pedag\u00f3gico e o Diretor.<\/p>\n<\/div>\n\n\n\n<p><\/p>\n","protected":false},"excerpt":{"rendered":"<p>O Coordenador de Departamento Curricular \u00e9 eleito pelos docentes do respetivo departamento, de entre uma lista de tr\u00eas docentes, propostos&hellip; <a class=\"continue\" href=\"https:\/\/aesia.pt\/portal\/orgaos-e-competencias\/coordenadores-de-departamento\/\">Ler mais<span> Coordenador de Departamento<\/span><\/a><\/p>\n","protected":false},"author":8,"featured_media":0,"parent":225,"menu_order":0,"comment_status":"closed","ping_status":"closed","template":"p_orgaos_competencias.php","meta":{"_acf_changed":false,"footnotes":""},"class_list":["post-13887","page","type-page","status-publish","hentry"],"acf":[],"yoast_head":"<!-- This site is optimized with the Yoast SEO plugin v27.4 - https:\/\/yoast.com\/product\/yoast-seo-wordpress\/ -->\n<title>Coordenador de Departamento &#8211; AESIA<\/title>\n<meta name=\"robots\" content=\"index, follow, max-snippet:-1, max-image-preview:large, max-video-preview:-1\" \/>\n<link rel=\"canonical\" href=\"https:\/\/aesia.pt\/portal\/orgaos-e-competencias\/coordenadores-de-departamento\/\" \/>\n<meta property=\"og:locale\" content=\"pt_PT\" \/>\n<meta property=\"og:type\" content=\"article\" \/>\n<meta property=\"og:title\" content=\"Coordenador de Departamento &#8211; AESIA\" \/>\n<meta property=\"og:description\" content=\"O Coordenador de Departamento Curricular \u00e9 eleito pelos docentes do respetivo departamento, de entre uma lista de tr\u00eas docentes, propostos&hellip; Ler mais Coordenador de Departamento\" \/>\n<meta property=\"og:url\" content=\"https:\/\/aesia.pt\/portal\/orgaos-e-competencias\/coordenadores-de-departamento\/\" \/>\n<meta property=\"og:site_name\" content=\"AESIA\" \/>\n<meta property=\"article:publisher\" content=\"https:\/\/www.facebook.com\/aesia.pt\/\" \/>\n<meta property=\"article:modified_time\" content=\"2025-01-15T21:54:48+00:00\" \/>\n<meta name=\"twitter:card\" content=\"summary_large_image\" \/>\n<meta name=\"twitter:label1\" content=\"Tempo estimado de leitura\" \/>\n\t<meta name=\"twitter:data1\" content=\"2 minutos\" \/>\n<script type=\"application\/ld+json\" class=\"yoast-schema-graph\">{\"@context\":\"https:\\\/\\\/schema.org\",\"@graph\":[{\"@type\":\"WebPage\",\"@id\":\"https:\\\/\\\/aesia.pt\\\/portal\\\/orgaos-e-competencias\\\/coordenadores-de-departamento\\\/\",\"url\":\"https:\\\/\\\/aesia.pt\\\/portal\\\/orgaos-e-competencias\\\/coordenadores-de-departamento\\\/\",\"name\":\"Coordenador de Departamento &#8211; AESIA\",\"isPartOf\":{\"@id\":\"https:\\\/\\\/aesia.pt\\\/portal\\\/#website\"},\"datePublished\":\"2024-12-20T09:37:49+00:00\",\"dateModified\":\"2025-01-15T21:54:48+00:00\",\"breadcrumb\":{\"@id\":\"https:\\\/\\\/aesia.pt\\\/portal\\\/orgaos-e-competencias\\\/coordenadores-de-departamento\\\/#breadcrumb\"},\"inLanguage\":\"pt-PT\",\"potentialAction\":[{\"@type\":\"ReadAction\",\"target\":[\"https:\\\/\\\/aesia.pt\\\/portal\\\/orgaos-e-competencias\\\/coordenadores-de-departamento\\\/\"]}]},{\"@type\":\"BreadcrumbList\",\"@id\":\"https:\\\/\\\/aesia.pt\\\/portal\\\/orgaos-e-competencias\\\/coordenadores-de-departamento\\\/#breadcrumb\",\"itemListElement\":[{\"@type\":\"ListItem\",\"position\":1,\"name\":\"Home\",\"item\":\"https:\\\/\\\/aesia.pt\\\/portal\\\/\"},{\"@type\":\"ListItem\",\"position\":2,\"name\":\"\u00d3rg\u00e3os e Estruturas\",\"item\":\"https:\\\/\\\/aesia.pt\\\/portal\\\/orgaos-e-competencias\\\/\"},{\"@type\":\"ListItem\",\"position\":3,\"name\":\"Coordenador de Departamento\"}]},{\"@type\":\"WebSite\",\"@id\":\"https:\\\/\\\/aesia.pt\\\/portal\\\/#website\",\"url\":\"https:\\\/\\\/aesia.pt\\\/portal\\\/\",\"name\":\"AESIA\",\"description\":\"Agrupamento de Escolas de Santa Iria de Az\u00f3ia\",\"publisher\":{\"@id\":\"https:\\\/\\\/aesia.pt\\\/portal\\\/#organization\"},\"alternateName\":\"Agrupamento de Escolas de Santa Iria de Az\u00f3ia\",\"potentialAction\":[{\"@type\":\"SearchAction\",\"target\":{\"@type\":\"EntryPoint\",\"urlTemplate\":\"https:\\\/\\\/aesia.pt\\\/portal\\\/?s={search_term_string}\"},\"query-input\":{\"@type\":\"PropertyValueSpecification\",\"valueRequired\":true,\"valueName\":\"search_term_string\"}}],\"inLanguage\":\"pt-PT\"},{\"@type\":\"Organization\",\"@id\":\"https:\\\/\\\/aesia.pt\\\/portal\\\/#organization\",\"name\":\"Agrupamento de Escolas de Santa Iria de Az\u00f3ia\",\"alternateName\":\"AESIA\",\"url\":\"https:\\\/\\\/aesia.pt\\\/portal\\\/\",\"logo\":{\"@type\":\"ImageObject\",\"inLanguage\":\"pt-PT\",\"@id\":\"https:\\\/\\\/aesia.pt\\\/portal\\\/#\\\/schema\\\/logo\\\/image\\\/\",\"url\":\"https:\\\/\\\/aesia.pt\\\/portal\\\/wp-content\\\/uploads\\\/2023\\\/04\\\/logo4.png\",\"contentUrl\":\"https:\\\/\\\/aesia.pt\\\/portal\\\/wp-content\\\/uploads\\\/2023\\\/04\\\/logo4.png\",\"width\":162,\"height\":162,\"caption\":\"Agrupamento de Escolas de Santa Iria de Az\u00f3ia\"},\"image\":{\"@id\":\"https:\\\/\\\/aesia.pt\\\/portal\\\/#\\\/schema\\\/logo\\\/image\\\/\"},\"sameAs\":[\"https:\\\/\\\/www.facebook.com\\\/aesia.pt\\\/\"]}]}<\/script>\n<!-- \/ Yoast SEO plugin. -->","yoast_head_json":{"title":"Coordenador de Departamento &#8211; AESIA","robots":{"index":"index","follow":"follow","max-snippet":"max-snippet:-1","max-image-preview":"max-image-preview:large","max-video-preview":"max-video-preview:-1"},"canonical":"https:\/\/aesia.pt\/portal\/orgaos-e-competencias\/coordenadores-de-departamento\/","og_locale":"pt_PT","og_type":"article","og_title":"Coordenador de Departamento &#8211; AESIA","og_description":"O Coordenador de Departamento Curricular \u00e9 eleito pelos docentes do respetivo departamento, de entre uma lista de tr\u00eas docentes, propostos&hellip; Ler mais Coordenador de Departamento","og_url":"https:\/\/aesia.pt\/portal\/orgaos-e-competencias\/coordenadores-de-departamento\/","og_site_name":"AESIA","article_publisher":"https:\/\/www.facebook.com\/aesia.pt\/","article_modified_time":"2025-01-15T21:54:48+00:00","twitter_card":"summary_large_image","twitter_misc":{"Tempo estimado de leitura":"2 minutos"},"schema":{"@context":"https:\/\/schema.org","@graph":[{"@type":"WebPage","@id":"https:\/\/aesia.pt\/portal\/orgaos-e-competencias\/coordenadores-de-departamento\/","url":"https:\/\/aesia.pt\/portal\/orgaos-e-competencias\/coordenadores-de-departamento\/","name":"Coordenador de Departamento &#8211; AESIA","isPartOf":{"@id":"https:\/\/aesia.pt\/portal\/#website"},"datePublished":"2024-12-20T09:37:49+00:00","dateModified":"2025-01-15T21:54:48+00:00","breadcrumb":{"@id":"https:\/\/aesia.pt\/portal\/orgaos-e-competencias\/coordenadores-de-departamento\/#breadcrumb"},"inLanguage":"pt-PT","potentialAction":[{"@type":"ReadAction","target":["https:\/\/aesia.pt\/portal\/orgaos-e-competencias\/coordenadores-de-departamento\/"]}]},{"@type":"BreadcrumbList","@id":"https:\/\/aesia.pt\/portal\/orgaos-e-competencias\/coordenadores-de-departamento\/#breadcrumb","itemListElement":[{"@type":"ListItem","position":1,"name":"Home","item":"https:\/\/aesia.pt\/portal\/"},{"@type":"ListItem","position":2,"name":"\u00d3rg\u00e3os e Estruturas","item":"https:\/\/aesia.pt\/portal\/orgaos-e-competencias\/"},{"@type":"ListItem","position":3,"name":"Coordenador de Departamento"}]},{"@type":"WebSite","@id":"https:\/\/aesia.pt\/portal\/#website","url":"https:\/\/aesia.pt\/portal\/","name":"AESIA","description":"Agrupamento de Escolas de Santa Iria de Az\u00f3ia","publisher":{"@id":"https:\/\/aesia.pt\/portal\/#organization"},"alternateName":"Agrupamento de Escolas de Santa Iria de Az\u00f3ia","potentialAction":[{"@type":"SearchAction","target":{"@type":"EntryPoint","urlTemplate":"https:\/\/aesia.pt\/portal\/?s={search_term_string}"},"query-input":{"@type":"PropertyValueSpecification","valueRequired":true,"valueName":"search_term_string"}}],"inLanguage":"pt-PT"},{"@type":"Organization","@id":"https:\/\/aesia.pt\/portal\/#organization","name":"Agrupamento de Escolas de Santa Iria de Az\u00f3ia","alternateName":"AESIA","url":"https:\/\/aesia.pt\/portal\/","logo":{"@type":"ImageObject","inLanguage":"pt-PT","@id":"https:\/\/aesia.pt\/portal\/#\/schema\/logo\/image\/","url":"https:\/\/aesia.pt\/portal\/wp-content\/uploads\/2023\/04\/logo4.png","contentUrl":"https:\/\/aesia.pt\/portal\/wp-content\/uploads\/2023\/04\/logo4.png","width":162,"height":162,"caption":"Agrupamento de Escolas de Santa Iria de Az\u00f3ia"},"image":{"@id":"https:\/\/aesia.pt\/portal\/#\/schema\/logo\/image\/"},"sameAs":["https:\/\/www.facebook.com\/aesia.pt\/"]}]}},"_links":{"self":[{"href":"https:\/\/aesia.pt\/portal\/wp-json\/wp\/v2\/pages\/13887","targetHints":{"allow":["GET"]}}],"collection":[{"href":"https:\/\/aesia.pt\/portal\/wp-json\/wp\/v2\/pages"}],"about":[{"href":"https:\/\/aesia.pt\/portal\/wp-json\/wp\/v2\/types\/page"}],"author":[{"embeddable":true,"href":"https:\/\/aesia.pt\/portal\/wp-json\/wp\/v2\/users\/8"}],"replies":[{"embeddable":true,"href":"https:\/\/aesia.pt\/portal\/wp-json\/wp\/v2\/comments?post=13887"}],"version-history":[{"count":21,"href":"https:\/\/aesia.pt\/portal\/wp-json\/wp\/v2\/pages\/13887\/revisions"}],"predecessor-version":[{"id":14609,"href":"https:\/\/aesia.pt\/portal\/wp-json\/wp\/v2\/pages\/13887\/revisions\/14609"}],"up":[{"embeddable":true,"href":"https:\/\/aesia.pt\/portal\/wp-json\/wp\/v2\/pages\/225"}],"wp:attachment":[{"href":"https:\/\/aesia.pt\/portal\/wp-json\/wp\/v2\/media?parent=13887"}],"curies":[{"name":"wp","href":"https:\/\/api.w.org\/{rel}","templated":true}]}}