{"id":1265,"date":"2014-11-21T15:56:33","date_gmt":"2014-11-21T15:56:33","guid":{"rendered":"http:\/\/aesia.pt\/portal\/?page_id=1265"},"modified":"2022-05-03T19:07:47","modified_gmt":"2022-05-03T19:07:47","slug":"renovacao-de-matricula","status":"publish","type":"page","link":"https:\/\/aesia.pt\/portal\/secretaria\/renovacao-de-matricula\/","title":{"rendered":"Renova\u00e7\u00e3o de Matr\u00edcula 2022_2023"},"content":{"rendered":"<p><img loading=\"lazy\" decoding=\"async\" class=\"alignnone size-medium wp-image-5679\" src=\"https:\/\/aesia.pt\/portal\/wp-content\/uploads\/2022\/05\/Renov_1-263x300.jpg\" alt=\"\" width=\"263\" height=\"300\" srcset=\"https:\/\/aesia.pt\/portal\/wp-content\/uploads\/2022\/05\/Renov_1-263x300.jpg 263w, https:\/\/aesia.pt\/portal\/wp-content\/uploads\/2022\/05\/Renov_1-768x877.jpg 768w, https:\/\/aesia.pt\/portal\/wp-content\/uploads\/2022\/05\/Renov_1.jpg 794w\" sizes=\"auto, (max-width: 263px) 100vw, 263px\" \/><\/p>\n<ul type=\"disc\">\n<li><a href=\"https:\/\/drive.google.com\/file\/d\/1YYeTDq-iAdRN3PB2hy5_XjZGVne1jwRc\/view?usp=sharing\">PPT \u2013 Informa\u00e7\u00e3o para os Encarregados de Educa\u00e7\u00e3o sobre matr\u00edculas e renova\u00e7\u00f5es de matr\u00edculas 2022\/2023<\/a><\/li>\n<li><a href=\"https:\/\/drive.google.com\/file\/d\/1QecsAQzrfo2qlEtew8bw4-fA8hokC0DW\/view?usp=sharing\">Flyer informativo sobre matr\u00edculas e renova\u00e7\u00f5es de matr\u00edculas 2022\/2023<\/a><\/li>\n<\/ul>\n<p>&nbsp;<\/p>\n<p>&nbsp;<\/p>\n","protected":false},"excerpt":{"rendered":"<p>PPT \u2013 Informa\u00e7\u00e3o para os Encarregados de Educa\u00e7\u00e3o sobre matr\u00edculas e renova\u00e7\u00f5es de matr\u00edculas 2022\/2023 Flyer informativo sobre matr\u00edculas e&hellip; <a class=\"continue\" href=\"https:\/\/aesia.pt\/portal\/secretaria\/renovacao-de-matricula\/\">Ler mais<span> Renova\u00e7\u00e3o de Matr\u00edcula 2022_2023<\/span><\/a><\/p>\n","protected":false},"author":8,"featured_media":3601,"parent":793,"menu_order":0,"comment_status":"open","ping_status":"open","template":"p_secretaria.php","meta":{"_acf_changed":false,"footnotes":""},"class_list":["post-1265","page","type-page","status-publish","has-post-thumbnail","hentry"],"acf":[],"yoast_head":"<!-- This site is optimized with the Yoast SEO plugin v27.4 - https:\/\/yoast.com\/product\/yoast-seo-wordpress\/ -->\n<title>Renova\u00e7\u00e3o de Matr\u00edcula 2022_2023 &#8211; AESIA<\/title>\n<meta name=\"robots\" content=\"index, follow, max-snippet:-1, max-image-preview:large, max-video-preview:-1\" \/>\n<link rel=\"canonical\" href=\"https:\/\/aesia.pt\/portal\/secretaria\/renovacao-de-matricula\/\" \/>\n<meta property=\"og:locale\" content=\"pt_PT\" \/>\n<meta property=\"og:type\" content=\"article\" \/>\n<meta property=\"og:title\" content=\"Renova\u00e7\u00e3o de Matr\u00edcula 2022_2023 &#8211; AESIA\" \/>\n<meta property=\"og:description\" content=\"PPT \u2013 Informa\u00e7\u00e3o para os Encarregados de Educa\u00e7\u00e3o sobre matr\u00edculas e renova\u00e7\u00f5es de matr\u00edculas 2022\/2023 Flyer informativo sobre matr\u00edculas e&hellip; Ler mais Renova\u00e7\u00e3o de Matr\u00edcula 2022_2023\" \/>\n<meta property=\"og:url\" content=\"https:\/\/aesia.pt\/portal\/secretaria\/renovacao-de-matricula\/\" \/>\n<meta property=\"og:site_name\" content=\"AESIA\" \/>\n<meta property=\"article:publisher\" content=\"https:\/\/www.facebook.com\/aesia.pt\/\" \/>\n<meta property=\"article:modified_time\" content=\"2022-05-03T19:07:47+00:00\" \/>\n<meta property=\"og:image\" content=\"https:\/\/aesia.pt\/portal\/wp-content\/uploads\/2019\/05\/aesia-a7.jpg\" \/>\n\t<meta property=\"og:image:width\" content=\"1387\" \/>\n\t<meta property=\"og:image:height\" content=\"1748\" \/>\n\t<meta property=\"og:image:type\" content=\"image\/jpeg\" \/>\n<meta name=\"twitter:card\" content=\"summary_large_image\" \/>\n<meta name=\"twitter:label1\" content=\"Tempo estimado de leitura\" \/>\n\t<meta name=\"twitter:data1\" content=\"1 minuto\" \/>\n<script type=\"application\/ld+json\" class=\"yoast-schema-graph\">{\"@context\":\"https:\\\/\\\/schema.org\",\"@graph\":[{\"@type\":\"WebPage\",\"@id\":\"https:\\\/\\\/aesia.pt\\\/portal\\\/secretaria\\\/renovacao-de-matricula\\\/\",\"url\":\"https:\\\/\\\/aesia.pt\\\/portal\\\/secretaria\\\/renovacao-de-matricula\\\/\",\"name\":\"Renova\u00e7\u00e3o de Matr\u00edcula 2022_2023 &#8211; AESIA\",\"isPartOf\":{\"@id\":\"https:\\\/\\\/aesia.pt\\\/portal\\\/#website\"},\"primaryImageOfPage\":{\"@id\":\"https:\\\/\\\/aesia.pt\\\/portal\\\/secretaria\\\/renovacao-de-matricula\\\/#primaryimage\"},\"image\":{\"@id\":\"https:\\\/\\\/aesia.pt\\\/portal\\\/secretaria\\\/renovacao-de-matricula\\\/#primaryimage\"},\"thumbnailUrl\":\"https:\\\/\\\/aesia.pt\\\/portal\\\/wp-content\\\/uploads\\\/2019\\\/05\\\/aesia-a7.jpg\",\"datePublished\":\"2014-11-21T15:56:33+00:00\",\"dateModified\":\"2022-05-03T19:07:47+00:00\",\"breadcrumb\":{\"@id\":\"https:\\\/\\\/aesia.pt\\\/portal\\\/secretaria\\\/renovacao-de-matricula\\\/#breadcrumb\"},\"inLanguage\":\"pt-PT\",\"potentialAction\":[{\"@type\":\"ReadAction\",\"target\":[\"https:\\\/\\\/aesia.pt\\\/portal\\\/secretaria\\\/renovacao-de-matricula\\\/\"]}]},{\"@type\":\"ImageObject\",\"inLanguage\":\"pt-PT\",\"@id\":\"https:\\\/\\\/aesia.pt\\\/portal\\\/secretaria\\\/renovacao-de-matricula\\\/#primaryimage\",\"url\":\"https:\\\/\\\/aesia.pt\\\/portal\\\/wp-content\\\/uploads\\\/2019\\\/05\\\/aesia-a7.jpg\",\"contentUrl\":\"https:\\\/\\\/aesia.pt\\\/portal\\\/wp-content\\\/uploads\\\/2019\\\/05\\\/aesia-a7.jpg\",\"width\":1387,\"height\":1748},{\"@type\":\"BreadcrumbList\",\"@id\":\"https:\\\/\\\/aesia.pt\\\/portal\\\/secretaria\\\/renovacao-de-matricula\\\/#breadcrumb\",\"itemListElement\":[{\"@type\":\"ListItem\",\"position\":1,\"name\":\"Home\",\"item\":\"https:\\\/\\\/aesia.pt\\\/portal\\\/\"},{\"@type\":\"ListItem\",\"position\":2,\"name\":\"Secretaria\",\"item\":\"https:\\\/\\\/aesia.pt\\\/portal\\\/secretaria\\\/\"},{\"@type\":\"ListItem\",\"position\":3,\"name\":\"Renova\u00e7\u00e3o de Matr\u00edcula 2022_2023\"}]},{\"@type\":\"WebSite\",\"@id\":\"https:\\\/\\\/aesia.pt\\\/portal\\\/#website\",\"url\":\"https:\\\/\\\/aesia.pt\\\/portal\\\/\",\"name\":\"AESIA\",\"description\":\"Agrupamento de Escolas de Santa Iria de Az\u00f3ia\",\"publisher\":{\"@id\":\"https:\\\/\\\/aesia.pt\\\/portal\\\/#organization\"},\"alternateName\":\"Agrupamento de Escolas de Santa Iria de Az\u00f3ia\",\"potentialAction\":[{\"@type\":\"SearchAction\",\"target\":{\"@type\":\"EntryPoint\",\"urlTemplate\":\"https:\\\/\\\/aesia.pt\\\/portal\\\/?s={search_term_string}\"},\"query-input\":{\"@type\":\"PropertyValueSpecification\",\"valueRequired\":true,\"valueName\":\"search_term_string\"}}],\"inLanguage\":\"pt-PT\"},{\"@type\":\"Organization\",\"@id\":\"https:\\\/\\\/aesia.pt\\\/portal\\\/#organization\",\"name\":\"Agrupamento de Escolas de Santa Iria de Az\u00f3ia\",\"alternateName\":\"AESIA\",\"url\":\"https:\\\/\\\/aesia.pt\\\/portal\\\/\",\"logo\":{\"@type\":\"ImageObject\",\"inLanguage\":\"pt-PT\",\"@id\":\"https:\\\/\\\/aesia.pt\\\/portal\\\/#\\\/schema\\\/logo\\\/image\\\/\",\"url\":\"https:\\\/\\\/aesia.pt\\\/portal\\\/wp-content\\\/uploads\\\/2023\\\/04\\\/logo4.png\",\"contentUrl\":\"https:\\\/\\\/aesia.pt\\\/portal\\\/wp-content\\\/uploads\\\/2023\\\/04\\\/logo4.png\",\"width\":162,\"height\":162,\"caption\":\"Agrupamento de Escolas de Santa Iria de Az\u00f3ia\"},\"image\":{\"@id\":\"https:\\\/\\\/aesia.pt\\\/portal\\\/#\\\/schema\\\/logo\\\/image\\\/\"},\"sameAs\":[\"https:\\\/\\\/www.facebook.com\\\/aesia.pt\\\/\"]}]}<\/script>\n<!-- \/ Yoast SEO plugin. -->","yoast_head_json":{"title":"Renova\u00e7\u00e3o de Matr\u00edcula 2022_2023 &#8211; AESIA","robots":{"index":"index","follow":"follow","max-snippet":"max-snippet:-1","max-image-preview":"max-image-preview:large","max-video-preview":"max-video-preview:-1"},"canonical":"https:\/\/aesia.pt\/portal\/secretaria\/renovacao-de-matricula\/","og_locale":"pt_PT","og_type":"article","og_title":"Renova\u00e7\u00e3o de Matr\u00edcula 2022_2023 &#8211; AESIA","og_description":"PPT \u2013 Informa\u00e7\u00e3o para os Encarregados de Educa\u00e7\u00e3o sobre matr\u00edculas e renova\u00e7\u00f5es de matr\u00edculas 2022\/2023 Flyer informativo sobre matr\u00edculas e&hellip; Ler mais Renova\u00e7\u00e3o de Matr\u00edcula 2022_2023","og_url":"https:\/\/aesia.pt\/portal\/secretaria\/renovacao-de-matricula\/","og_site_name":"AESIA","article_publisher":"https:\/\/www.facebook.com\/aesia.pt\/","article_modified_time":"2022-05-03T19:07:47+00:00","og_image":[{"width":1387,"height":1748,"url":"https:\/\/aesia.pt\/portal\/wp-content\/uploads\/2019\/05\/aesia-a7.jpg","type":"image\/jpeg"}],"twitter_card":"summary_large_image","twitter_misc":{"Tempo estimado de leitura":"1 minuto"},"schema":{"@context":"https:\/\/schema.org","@graph":[{"@type":"WebPage","@id":"https:\/\/aesia.pt\/portal\/secretaria\/renovacao-de-matricula\/","url":"https:\/\/aesia.pt\/portal\/secretaria\/renovacao-de-matricula\/","name":"Renova\u00e7\u00e3o de Matr\u00edcula 2022_2023 &#8211; AESIA","isPartOf":{"@id":"https:\/\/aesia.pt\/portal\/#website"},"primaryImageOfPage":{"@id":"https:\/\/aesia.pt\/portal\/secretaria\/renovacao-de-matricula\/#primaryimage"},"image":{"@id":"https:\/\/aesia.pt\/portal\/secretaria\/renovacao-de-matricula\/#primaryimage"},"thumbnailUrl":"https:\/\/aesia.pt\/portal\/wp-content\/uploads\/2019\/05\/aesia-a7.jpg","datePublished":"2014-11-21T15:56:33+00:00","dateModified":"2022-05-03T19:07:47+00:00","breadcrumb":{"@id":"https:\/\/aesia.pt\/portal\/secretaria\/renovacao-de-matricula\/#breadcrumb"},"inLanguage":"pt-PT","potentialAction":[{"@type":"ReadAction","target":["https:\/\/aesia.pt\/portal\/secretaria\/renovacao-de-matricula\/"]}]},{"@type":"ImageObject","inLanguage":"pt-PT","@id":"https:\/\/aesia.pt\/portal\/secretaria\/renovacao-de-matricula\/#primaryimage","url":"https:\/\/aesia.pt\/portal\/wp-content\/uploads\/2019\/05\/aesia-a7.jpg","contentUrl":"https:\/\/aesia.pt\/portal\/wp-content\/uploads\/2019\/05\/aesia-a7.jpg","width":1387,"height":1748},{"@type":"BreadcrumbList","@id":"https:\/\/aesia.pt\/portal\/secretaria\/renovacao-de-matricula\/#breadcrumb","itemListElement":[{"@type":"ListItem","position":1,"name":"Home","item":"https:\/\/aesia.pt\/portal\/"},{"@type":"ListItem","position":2,"name":"Secretaria","item":"https:\/\/aesia.pt\/portal\/secretaria\/"},{"@type":"ListItem","position":3,"name":"Renova\u00e7\u00e3o de Matr\u00edcula 2022_2023"}]},{"@type":"WebSite","@id":"https:\/\/aesia.pt\/portal\/#website","url":"https:\/\/aesia.pt\/portal\/","name":"AESIA","description":"Agrupamento de Escolas de Santa Iria de Az\u00f3ia","publisher":{"@id":"https:\/\/aesia.pt\/portal\/#organization"},"alternateName":"Agrupamento de Escolas de Santa Iria de Az\u00f3ia","potentialAction":[{"@type":"SearchAction","target":{"@type":"EntryPoint","urlTemplate":"https:\/\/aesia.pt\/portal\/?s={search_term_string}"},"query-input":{"@type":"PropertyValueSpecification","valueRequired":true,"valueName":"search_term_string"}}],"inLanguage":"pt-PT"},{"@type":"Organization","@id":"https:\/\/aesia.pt\/portal\/#organization","name":"Agrupamento de Escolas de Santa Iria de Az\u00f3ia","alternateName":"AESIA","url":"https:\/\/aesia.pt\/portal\/","logo":{"@type":"ImageObject","inLanguage":"pt-PT","@id":"https:\/\/aesia.pt\/portal\/#\/schema\/logo\/image\/","url":"https:\/\/aesia.pt\/portal\/wp-content\/uploads\/2023\/04\/logo4.png","contentUrl":"https:\/\/aesia.pt\/portal\/wp-content\/uploads\/2023\/04\/logo4.png","width":162,"height":162,"caption":"Agrupamento de Escolas de Santa Iria de Az\u00f3ia"},"image":{"@id":"https:\/\/aesia.pt\/portal\/#\/schema\/logo\/image\/"},"sameAs":["https:\/\/www.facebook.com\/aesia.pt\/"]}]}},"_links":{"self":[{"href":"https:\/\/aesia.pt\/portal\/wp-json\/wp\/v2\/pages\/1265","targetHints":{"allow":["GET"]}}],"collection":[{"href":"https:\/\/aesia.pt\/portal\/wp-json\/wp\/v2\/pages"}],"about":[{"href":"https:\/\/aesia.pt\/portal\/wp-json\/wp\/v2\/types\/page"}],"author":[{"embeddable":true,"href":"https:\/\/aesia.pt\/portal\/wp-json\/wp\/v2\/users\/8"}],"replies":[{"embeddable":true,"href":"https:\/\/aesia.pt\/portal\/wp-json\/wp\/v2\/comments?post=1265"}],"version-history":[{"count":35,"href":"https:\/\/aesia.pt\/portal\/wp-json\/wp\/v2\/pages\/1265\/revisions"}],"predecessor-version":[{"id":5678,"href":"https:\/\/aesia.pt\/portal\/wp-json\/wp\/v2\/pages\/1265\/revisions\/5678"}],"up":[{"embeddable":true,"href":"https:\/\/aesia.pt\/portal\/wp-json\/wp\/v2\/pages\/793"}],"wp:featuredmedia":[{"embeddable":true,"href":"https:\/\/aesia.pt\/portal\/wp-json\/wp\/v2\/media\/3601"}],"wp:attachment":[{"href":"https:\/\/aesia.pt\/portal\/wp-json\/wp\/v2\/media?parent=1265"}],"curies":[{"name":"wp","href":"https:\/\/api.w.org\/{rel}","templated":true}]}}