{"id":1082,"date":"2014-11-14T17:46:03","date_gmt":"2014-11-14T17:46:03","guid":{"rendered":"http:\/\/aesia.pt\/portal\/?page_id=1082"},"modified":"2024-02-03T11:55:26","modified_gmt":"2024-02-03T11:55:26","slug":"quadros-de-merito","status":"publish","type":"page","link":"https:\/\/aesia.pt\/portal\/quadros-de-merito\/","title":{"rendered":"Quadros de M\u00e9rito"},"content":{"rendered":"<p>A Lei de Bases do Sistema Educativo pretende garantir o desenvolvimento pleno e harmonioso da personalidade do indiv\u00edduo e criar condi\u00e7\u00f5es de promo\u00e7\u00e3o do sucesso escolar e educativo, valorizando a dimens\u00e3o humana do trabalho escolar.<\/p>\n<p>Nesta conformidade a <b>Lei n.\u00ba 51\/2012 de 5 de Setembro que Aprova o Estatuto do Aluno e \u00c9tica Escolar,<\/b> confere o direito ao aluno de ver reconhecidos e valorizados o m\u00e9rito, a dedica\u00e7\u00e3o, a assiduidade e o esfor\u00e7o no trabalho e no desempenho escolar. Este normativo considera ainda ser de reconhecer o empenhamento em a\u00e7\u00f5es merit\u00f3rias, designadamente o voluntariado em favor das comunidades em que o aluno se insere, praticadas na escola ou fora dela.<\/p>\n<p>Assim, o Regulamento Interno do Agrupamento de Escolas de Santa Iria de Az\u00f3ia institui os Quadros de Valor e de Excel\u00eancia com o objetivo de estimular e promover o sucesso educativo e tornar patente o reconhecimento de aptid\u00f5es e atitudes dos alunos ou grupos de alunos que tenham evidenciado valor, excel\u00eancia e empenho nos dom\u00ednios cognitivo, cultural, pessoal ou social.<\/p>\n<p><a href=\"https:\/\/drive.google.com\/file\/d\/1158ySwp19piR4I8o_N3G4nns3k9GC3jX\/view?usp=sharing\">Regulamento &#8211; Quadros de M\u00e9rito<\/a><\/p>\n","protected":false},"excerpt":{"rendered":"<p>A Lei de Bases do Sistema Educativo pretende garantir o desenvolvimento pleno e harmonioso da personalidade do indiv\u00edduo e criar&hellip; <a class=\"continue\" href=\"https:\/\/aesia.pt\/portal\/quadros-de-merito\/\">Ler mais<span> Quadros de M\u00e9rito<\/span><\/a><\/p>\n","protected":false},"author":8,"featured_media":0,"parent":0,"menu_order":0,"comment_status":"open","ping_status":"open","template":"p_alunos.php","meta":{"_acf_changed":false,"footnotes":""},"class_list":["post-1082","page","type-page","status-publish","hentry"],"acf":[],"yoast_head":"<!-- This site is optimized with the Yoast SEO plugin v27.3 - https:\/\/yoast.com\/product\/yoast-seo-wordpress\/ -->\n<title>Quadros de M\u00e9rito &#8211; AESIA<\/title>\n<meta name=\"robots\" content=\"index, follow, max-snippet:-1, max-image-preview:large, max-video-preview:-1\" \/>\n<link rel=\"canonical\" href=\"https:\/\/aesia.pt\/portal\/quadros-de-merito\/\" \/>\n<meta property=\"og:locale\" content=\"pt_PT\" \/>\n<meta property=\"og:type\" content=\"article\" \/>\n<meta property=\"og:title\" content=\"Quadros de M\u00e9rito &#8211; AESIA\" \/>\n<meta property=\"og:description\" content=\"A Lei de Bases do Sistema Educativo pretende garantir o desenvolvimento pleno e harmonioso da personalidade do indiv\u00edduo e criar&hellip; Ler mais Quadros de M\u00e9rito\" \/>\n<meta property=\"og:url\" content=\"https:\/\/aesia.pt\/portal\/quadros-de-merito\/\" \/>\n<meta property=\"og:site_name\" content=\"AESIA\" \/>\n<meta property=\"article:publisher\" content=\"https:\/\/www.facebook.com\/aesia.pt\/\" \/>\n<meta property=\"article:modified_time\" content=\"2024-02-03T11:55:26+00:00\" \/>\n<meta name=\"twitter:card\" content=\"summary_large_image\" \/>\n<meta name=\"twitter:label1\" content=\"Tempo estimado de leitura\" \/>\n\t<meta name=\"twitter:data1\" content=\"1 minuto\" \/>\n<script type=\"application\/ld+json\" class=\"yoast-schema-graph\">{\"@context\":\"https:\\\/\\\/schema.org\",\"@graph\":[{\"@type\":\"WebPage\",\"@id\":\"https:\\\/\\\/aesia.pt\\\/portal\\\/quadros-de-merito\\\/\",\"url\":\"https:\\\/\\\/aesia.pt\\\/portal\\\/quadros-de-merito\\\/\",\"name\":\"Quadros de M\u00e9rito &#8211; AESIA\",\"isPartOf\":{\"@id\":\"https:\\\/\\\/aesia.pt\\\/portal\\\/#website\"},\"datePublished\":\"2014-11-14T17:46:03+00:00\",\"dateModified\":\"2024-02-03T11:55:26+00:00\",\"breadcrumb\":{\"@id\":\"https:\\\/\\\/aesia.pt\\\/portal\\\/quadros-de-merito\\\/#breadcrumb\"},\"inLanguage\":\"pt-PT\",\"potentialAction\":[{\"@type\":\"ReadAction\",\"target\":[\"https:\\\/\\\/aesia.pt\\\/portal\\\/quadros-de-merito\\\/\"]}]},{\"@type\":\"BreadcrumbList\",\"@id\":\"https:\\\/\\\/aesia.pt\\\/portal\\\/quadros-de-merito\\\/#breadcrumb\",\"itemListElement\":[{\"@type\":\"ListItem\",\"position\":1,\"name\":\"Home\",\"item\":\"https:\\\/\\\/aesia.pt\\\/portal\\\/\"},{\"@type\":\"ListItem\",\"position\":2,\"name\":\"Quadros de M\u00e9rito\"}]},{\"@type\":\"WebSite\",\"@id\":\"https:\\\/\\\/aesia.pt\\\/portal\\\/#website\",\"url\":\"https:\\\/\\\/aesia.pt\\\/portal\\\/\",\"name\":\"AESIA\",\"description\":\"Agrupamento de Escolas de Santa Iria de Az\u00f3ia\",\"publisher\":{\"@id\":\"https:\\\/\\\/aesia.pt\\\/portal\\\/#organization\"},\"alternateName\":\"Agrupamento de Escolas de Santa Iria de Az\u00f3ia\",\"potentialAction\":[{\"@type\":\"SearchAction\",\"target\":{\"@type\":\"EntryPoint\",\"urlTemplate\":\"https:\\\/\\\/aesia.pt\\\/portal\\\/?s={search_term_string}\"},\"query-input\":{\"@type\":\"PropertyValueSpecification\",\"valueRequired\":true,\"valueName\":\"search_term_string\"}}],\"inLanguage\":\"pt-PT\"},{\"@type\":\"Organization\",\"@id\":\"https:\\\/\\\/aesia.pt\\\/portal\\\/#organization\",\"name\":\"Agrupamento de Escolas de Santa Iria de Az\u00f3ia\",\"alternateName\":\"AESIA\",\"url\":\"https:\\\/\\\/aesia.pt\\\/portal\\\/\",\"logo\":{\"@type\":\"ImageObject\",\"inLanguage\":\"pt-PT\",\"@id\":\"https:\\\/\\\/aesia.pt\\\/portal\\\/#\\\/schema\\\/logo\\\/image\\\/\",\"url\":\"https:\\\/\\\/aesia.pt\\\/portal\\\/wp-content\\\/uploads\\\/2023\\\/04\\\/logo4.png\",\"contentUrl\":\"https:\\\/\\\/aesia.pt\\\/portal\\\/wp-content\\\/uploads\\\/2023\\\/04\\\/logo4.png\",\"width\":162,\"height\":162,\"caption\":\"Agrupamento de Escolas de Santa Iria de Az\u00f3ia\"},\"image\":{\"@id\":\"https:\\\/\\\/aesia.pt\\\/portal\\\/#\\\/schema\\\/logo\\\/image\\\/\"},\"sameAs\":[\"https:\\\/\\\/www.facebook.com\\\/aesia.pt\\\/\"]}]}<\/script>\n<!-- \/ Yoast SEO plugin. -->","yoast_head_json":{"title":"Quadros de M\u00e9rito &#8211; AESIA","robots":{"index":"index","follow":"follow","max-snippet":"max-snippet:-1","max-image-preview":"max-image-preview:large","max-video-preview":"max-video-preview:-1"},"canonical":"https:\/\/aesia.pt\/portal\/quadros-de-merito\/","og_locale":"pt_PT","og_type":"article","og_title":"Quadros de M\u00e9rito &#8211; AESIA","og_description":"A Lei de Bases do Sistema Educativo pretende garantir o desenvolvimento pleno e harmonioso da personalidade do indiv\u00edduo e criar&hellip; Ler mais Quadros de M\u00e9rito","og_url":"https:\/\/aesia.pt\/portal\/quadros-de-merito\/","og_site_name":"AESIA","article_publisher":"https:\/\/www.facebook.com\/aesia.pt\/","article_modified_time":"2024-02-03T11:55:26+00:00","twitter_card":"summary_large_image","twitter_misc":{"Tempo estimado de leitura":"1 minuto"},"schema":{"@context":"https:\/\/schema.org","@graph":[{"@type":"WebPage","@id":"https:\/\/aesia.pt\/portal\/quadros-de-merito\/","url":"https:\/\/aesia.pt\/portal\/quadros-de-merito\/","name":"Quadros de M\u00e9rito &#8211; AESIA","isPartOf":{"@id":"https:\/\/aesia.pt\/portal\/#website"},"datePublished":"2014-11-14T17:46:03+00:00","dateModified":"2024-02-03T11:55:26+00:00","breadcrumb":{"@id":"https:\/\/aesia.pt\/portal\/quadros-de-merito\/#breadcrumb"},"inLanguage":"pt-PT","potentialAction":[{"@type":"ReadAction","target":["https:\/\/aesia.pt\/portal\/quadros-de-merito\/"]}]},{"@type":"BreadcrumbList","@id":"https:\/\/aesia.pt\/portal\/quadros-de-merito\/#breadcrumb","itemListElement":[{"@type":"ListItem","position":1,"name":"Home","item":"https:\/\/aesia.pt\/portal\/"},{"@type":"ListItem","position":2,"name":"Quadros de M\u00e9rito"}]},{"@type":"WebSite","@id":"https:\/\/aesia.pt\/portal\/#website","url":"https:\/\/aesia.pt\/portal\/","name":"AESIA","description":"Agrupamento de Escolas de Santa Iria de Az\u00f3ia","publisher":{"@id":"https:\/\/aesia.pt\/portal\/#organization"},"alternateName":"Agrupamento de Escolas de Santa Iria de Az\u00f3ia","potentialAction":[{"@type":"SearchAction","target":{"@type":"EntryPoint","urlTemplate":"https:\/\/aesia.pt\/portal\/?s={search_term_string}"},"query-input":{"@type":"PropertyValueSpecification","valueRequired":true,"valueName":"search_term_string"}}],"inLanguage":"pt-PT"},{"@type":"Organization","@id":"https:\/\/aesia.pt\/portal\/#organization","name":"Agrupamento de Escolas de Santa Iria de Az\u00f3ia","alternateName":"AESIA","url":"https:\/\/aesia.pt\/portal\/","logo":{"@type":"ImageObject","inLanguage":"pt-PT","@id":"https:\/\/aesia.pt\/portal\/#\/schema\/logo\/image\/","url":"https:\/\/aesia.pt\/portal\/wp-content\/uploads\/2023\/04\/logo4.png","contentUrl":"https:\/\/aesia.pt\/portal\/wp-content\/uploads\/2023\/04\/logo4.png","width":162,"height":162,"caption":"Agrupamento de Escolas de Santa Iria de Az\u00f3ia"},"image":{"@id":"https:\/\/aesia.pt\/portal\/#\/schema\/logo\/image\/"},"sameAs":["https:\/\/www.facebook.com\/aesia.pt\/"]}]}},"_links":{"self":[{"href":"https:\/\/aesia.pt\/portal\/wp-json\/wp\/v2\/pages\/1082","targetHints":{"allow":["GET"]}}],"collection":[{"href":"https:\/\/aesia.pt\/portal\/wp-json\/wp\/v2\/pages"}],"about":[{"href":"https:\/\/aesia.pt\/portal\/wp-json\/wp\/v2\/types\/page"}],"author":[{"embeddable":true,"href":"https:\/\/aesia.pt\/portal\/wp-json\/wp\/v2\/users\/8"}],"replies":[{"embeddable":true,"href":"https:\/\/aesia.pt\/portal\/wp-json\/wp\/v2\/comments?post=1082"}],"version-history":[{"count":35,"href":"https:\/\/aesia.pt\/portal\/wp-json\/wp\/v2\/pages\/1082\/revisions"}],"predecessor-version":[{"id":10408,"href":"https:\/\/aesia.pt\/portal\/wp-json\/wp\/v2\/pages\/1082\/revisions\/10408"}],"wp:attachment":[{"href":"https:\/\/aesia.pt\/portal\/wp-json\/wp\/v2\/media?parent=1082"}],"curies":[{"name":"wp","href":"https:\/\/api.w.org\/{rel}","templated":true}]}}